{"id":3400,"date":"2018-09-13T11:33:26","date_gmt":"2018-09-13T09:33:26","guid":{"rendered":"http:\/\/semmelweis.hu\/fszoi\/?page_id=3400"},"modified":"2018-11-22T14:19:22","modified_gmt":"2018-11-22T13:19:22","slug":"dr-dongolo-flora-eszter-szakmai-oneletrajz","status":"publish","type":"page","link":"https:\/\/semmelweis.hu\/fszoi\/munkatarsak\/dr-dongolo-flora-eszter-szakmai-oneletrajz\/","title":{"rendered":"Dr. D\u00f6ng\u00f6l\u0151 Fl\u00f3ra Eszter &#8211; szakmai \u00f6n\u00e9letrajz"},"content":{"rendered":"<p><strong>Szem\u00e9lyi adatok<\/strong><\/p>\n<p>N\u00e9v: dr. D\u00f6ng\u00f6l\u0151 Fl\u00f3ra Eszter<a href=\"https:\/\/semmelweis.hu\/fszoi\/files\/2018\/09\/D\u00f6ng\u00f6l\u0151-Fl\u00f3ra_ok.jpg\"><img loading=\"lazy\" decoding=\"async\" class=\"wp-image-3397 alignright\" src=\"https:\/\/semmelweis.hu\/fszoi\/files\/2018\/09\/D\u00f6ng\u00f6l\u0151-Fl\u00f3ra_ok-201x300.jpg\" alt=\"\" width=\"134\" height=\"200\" srcset=\"https:\/\/semmelweis.hu\/fszoi\/files\/2018\/09\/D\u00f6ng\u00f6l\u0151-Fl\u00f3ra_ok-201x300.jpg 201w, https:\/\/semmelweis.hu\/fszoi\/files\/2018\/09\/D\u00f6ng\u00f6l\u0151-Fl\u00f3ra_ok.jpg 369w\" sizes=\"auto, (max-width: 134px) 100vw, 134px\" \/><\/a><\/p>\n<p>Sz\u00fclet\u00e9si hely \u00e9s id\u0151: Budapest, 1991.09.13.<\/p>\n<p><strong>Tanulm\u00e1nyok<\/strong><\/p>\n<p>2011-2017: Semmelweis Egyetem Fogorvostudom\u00e1nyi Kar<\/p>\n<p>2004-2010: M\u00f3ricz Zsigmond Gimn\u00e1zium<\/p>\n<p><strong>Szakmai tapasztalat<\/strong><\/p>\n<p>2017: Semmelweis Egyetem Fog\u00e1szati \u00e9s Sz\u00e1jseb\u00e9szeti Oktat\u00f3 Int\u00e9zet<\/p>\n<p>Rezidens orvos: gyermekfog\u00e1szat szakir\u00e1ny<\/p>\n<p>2016: Semmelweis Egyetem Fog\u00e1szati \u00e9s Sz\u00e1jseb\u00e9szeti Oktat\u00f3 Int\u00e9zet<\/p>\n<p>Szakmai gyakorlat<\/p>\n<p>2015: Semmelweis Egyetem Arc- \u00c1llcsont- Sz\u00e1jseb\u00e9sz\u00e9ti \u00e9s Fog\u00e1szati Klinika<\/p>\n<p>Extrakci\u00f3s szakmai gyakorlat<\/p>\n<p>2012: Semmelweis Egyetem Fogp\u00f3tl\u00e1stani Klinika<\/p>\n<p>Odontotechnol\u00f3gia szakmai gyakorlat<\/p>\n<p>Semmelweis Egyetem I. sz. Seb\u00e9sz\u00e9ti Klinika<\/p>\n<p>\u00c1pol\u00e1stani szakmai gyakorlat<\/p>\n<p><strong>Nyelvismeret<\/strong><\/p>\n<p>Angol- fels\u0151fok\/t\u00e1rgyal\u00f3k\u00e9pes szint<\/p>\n<p>N\u00e9met- alapfok\/t\u00e1rsalg\u00e1si szint<\/p>\n","protected":false},"excerpt":{"rendered":"<p>Szem\u00e9lyi adatok N\u00e9v: dr. D\u00f6ng\u00f6l\u0151 Fl\u00f3ra Eszter <a href=\"https:\/\/semmelweis.hu\/fszoi\/files\/2018\/09\/D\u00f6ng\u00f6l\u0151-Fl\u00f3ra_ok.jpg\"><\/a> Sz\u00fclet\u00e9si hely \u00e9s id\u0151: Budapest, 1991.09.13. Tanulm\u00e1nyok 2011-2017: Semmelweis Egyetem Fogorvostudom\u00e1nyi Kar 2004-2010: M\u00f3ricz Zsigmond Gimn\u00e1zium Szakmai tapasztalat 2017: Semmelweis Egyetem Fog\u00e1szati \u00e9s Sz\u00e1jseb\u00e9szeti Oktat\u00f3 Int\u00e9zet Rezidens orvos: gyermekfog\u00e1szat szakir\u00e1ny 2016: Semmelweis Egyetem Fog\u00e1szati \u00e9s Sz\u00e1jseb\u00e9szeti Oktat\u00f3 Int\u00e9zet Szakmai gyakorlat 2015: Semmelweis Egyetem Arc- \u00c1llcsont- Sz\u00e1jseb\u00e9sz\u00e9ti \u00e9s Fog\u00e1szati &hellip;<\/p>\n","protected":false},"author":101228,"featured_media":0,"parent":78,"menu_order":0,"comment_status":"closed","ping_status":"closed","template":"","meta":{"_acf_changed":false,"footnotes":""},"categories":[],"tags":[],"class_list":["post-3400","page","type-page","status-publish","hentry"],"acf":[],"_links":{"self":[{"href":"https:\/\/semmelweis.hu\/fszoi\/wp-json\/wp\/v2\/pages\/3400","targetHints":{"allow":["GET"]}}],"collection":[{"href":"https:\/\/semmelweis.hu\/fszoi\/wp-json\/wp\/v2\/pages"}],"about":[{"href":"https:\/\/semmelweis.hu\/fszoi\/wp-json\/wp\/v2\/types\/page"}],"author":[{"embeddable":true,"href":"https:\/\/semmelweis.hu\/fszoi\/wp-json\/wp\/v2\/users\/101228"}],"replies":[{"embeddable":true,"href":"https:\/\/semmelweis.hu\/fszoi\/wp-json\/wp\/v2\/comments?post=3400"}],"version-history":[{"count":1,"href":"https:\/\/semmelweis.hu\/fszoi\/wp-json\/wp\/v2\/pages\/3400\/revisions"}],"predecessor-version":[{"id":3401,"href":"https:\/\/semmelweis.hu\/fszoi\/wp-json\/wp\/v2\/pages\/3400\/revisions\/3401"}],"up":[{"embeddable":true,"href":"https:\/\/semmelweis.hu\/fszoi\/wp-json\/wp\/v2\/pages\/78"}],"wp:attachment":[{"href":"https:\/\/semmelweis.hu\/fszoi\/wp-json\/wp\/v2\/media?parent=3400"}],"wp:term":[{"taxonomy":"category","embeddable":true,"href":"https:\/\/semmelweis.hu\/fszoi\/wp-json\/wp\/v2\/categories?post=3400"},{"taxonomy":"post_tag","embeddable":true,"href":"https:\/\/semmelweis.hu\/fszoi\/wp-json\/wp\/v2\/tags?post=3400"}],"curies":[{"name":"wp","href":"https:\/\/api.w.org\/{rel}","templated":true}]}}

Dr. Döngölő Flóra Eszter &#8211; szakmai önéletrajz

<p><strong>Személyi adatok</strong></p>
<p>Név: dr. Döngölő Flóra Eszter<a href="https://semmelweis.hu/fszoi/files/2018/09/Döngölő-Flóra_ok.jpg"><img loading="lazy" decoding="async" class="wp-image-3397 alignright" src="https://semmelweis.hu/fszoi/files/2018/09/Döngölő-Flóra_ok-201x300.jpg" alt="" width="134" height="200" srcset="https://semmelweis.hu/fszoi/files/2018/09/Döngölő-Flóra_ok-201x300.jpg 201w, https://semmelweis.hu/fszoi/files/2018/09/Döngölő-Flóra_ok.jpg 369w" sizes="auto, (max-width: 134px) 100vw, 134px" /></a></p>
<p>Születési hely és idő: Budapest, 1991.09.13.</p>
<p><strong>Tanulmányok</strong></p>
<p>2011-2017: Semmelweis Egyetem Fogorvostudományi Kar</p>
<p>2004-2010: Móricz Zsigmond Gimnázium</p>
<p><strong>Szakmai tapasztalat</strong></p>
<p>2017: Semmelweis Egyetem Fogászati és Szájsebészeti Oktató Intézet</p>
<p>Rezidens orvos: gyermekfogászat szakirány</p>
<p>2016: Semmelweis Egyetem Fogászati és Szájsebészeti Oktató Intézet</p>
<p>Szakmai gyakorlat</p>
<p>2015: Semmelweis Egyetem Arc- Állcsont- Szájsebészéti és Fogászati Klinika</p>
<p>Extrakciós szakmai gyakorlat</p>
<p>2012: Semmelweis Egyetem Fogpótlástani Klinika</p>
<p>Odontotechnológia szakmai gyakorlat</p>
<p>Semmelweis Egyetem I. sz. Sebészéti Klinika</p>
<p>Ápolástani szakmai gyakorlat</p>
<p><strong>Nyelvismeret</strong></p>
<p>Angol- felsőfok/tárgyalóképes szint</p>
<p>Német- alapfok/társalgási szint</p>

<p>Személyi adatok Név: dr. Döngölő Flóra Eszter <a href="https://semmelweis.hu/fszoi/files/2018/09/Döngölő-Flóra_ok.jpg"></a> Születési hely és idő: Budapest, 1991.09.13. Tanulmányok 2011-2017: Semmelweis Egyetem Fogorvostudományi Kar 2004-2010: Móricz Zsigmond Gimnázium Szakmai tapasztalat 2017: Semmelweis Egyetem Fogászati és Szájsebészeti Oktató Intézet Rezidens orvos: gyermekfogászat szakirány 2016: Semmelweis Egyetem Fogászati és Szájsebészeti Oktató Intézet Szakmai gyakorlat 2015: Semmelweis Egyetem Arc- Állcsont- Szájsebészéti és Fogászati &hellip;</p>
