{"id":2018,"date":"2015-09-21T11:49:16","date_gmt":"2015-09-21T09:49:16","guid":{"rendered":"http:\/\/semmelweis.hu\/fszoi\/?page_id=2018"},"modified":"2017-06-26T15:16:19","modified_gmt":"2017-06-26T13:16:19","slug":"dr-lesztak-eszter-szakmai-oneletrajz","status":"publish","type":"page","link":"https:\/\/semmelweis.hu\/fszoi\/munkatarsak\/dr-lesztak-eszter-szakmai-oneletrajz\/","title":{"rendered":"dr. Leszt\u00e1k Eszter &#8211; szakmai \u00f6n\u00e9letrajz"},"content":{"rendered":"<p><strong>Szem\u00e9lyi adatok<\/strong><br \/>\n<em><strong>N\u00e9v<\/strong><\/em>: dr. Leszt\u00e1k Eszter Fl\u00f3ra<\/p>\n<p><strong>Tanulm\u00e1nyok<\/strong><br \/>\n<em><strong>2010-2015.<\/strong><\/em> Semmelweis Egyetem Fogorvostudom\u00e1nyi Kar<\/p>\n<p><strong>Szakmai tapasztalat<\/strong><br \/>\n<em><strong>2013<\/strong> <\/em>\u00f3ta j\u00e1rok egy mag\u00e1nrendel\u0151be assziszt\u00e1lni, ahol elm\u00e9leti \u00e9s gyakorlati tud\u00e1somat is magasabb szintre fejleszthettem. (Irmes fog\u00e1szat)<\/p>\n<p>Az egyetemi tanulm\u00e1nyaim sor\u00e1n a sz\u00e1jseb\u00e9szet keltette fel a figyelmemet. J\u00f3 tanulm\u00e1nyi eredm\u00e9nyeimnek k\u00f6sz\u00f6nhet\u0151en t\u00f6bbsz\u00f6r is beker\u00fcltem a Klinikai Tehets\u00e9ggondoz\u00f3 Program seg\u00edts\u00e9g\u00e9vel a Fog\u00e1szati \u00e9s Sz\u00e1jseb\u00e9szeti Oktat\u00f3 Int\u00e9zetbe, ahova hetente 2-3 alkalommal is j\u00e1rtam az \u00f3rarend keretein k\u00edv\u00fcli gyakorlatra. Itt sz\u00e1mos fog extracti\u00f3t hajtottam v\u00e9gre \u00e9s k\u00fcl\u00f6nb\u00f6z\u0151 sz\u00e1jseb\u00e9szeti m\u0171t\u00e9tekhez is assziszt\u00e1ltam. Szakdolgozatomat az autol\u00f3g csontp\u00f3tl\u00e1s lehet\u0151s\u00e9gei intraor\u00e1lis v\u00e9teli ter\u00fcletr\u0151l \u00edrtam. Els\u0151dlegesen kit\u0171z\u00f6tt c\u00e9lom a Dentoalveol\u00e1ris seb\u00e9szet szakvizsga megszerz\u00e9se.<\/p>\n<p><strong>Nyelvismeret<\/strong><br \/>\n<em><strong>Angol<\/strong><\/em>&#8211; k\u00f6z\u00e9pfok\u00fa B2 nyelvvizsga\/fels\u0151fok\u00fa C1 nyelvvizsga<br \/>\n<em><strong>N\u00e9met<\/strong> <\/em>&#8211; k\u00f6z\u00e9pfok\u00fa B2 nyelvvizsga<\/p>\n","protected":false},"excerpt":{"rendered":"<p>Szem\u00e9lyi adatok N\u00e9v: dr. Leszt\u00e1k Eszter Fl\u00f3ra Tanulm\u00e1nyok 2010-2015. Semmelweis Egyetem Fogorvostudom\u00e1nyi Kar Szakmai tapasztalat 2013 \u00f3ta j\u00e1rok egy mag\u00e1nrendel\u0151be assziszt\u00e1lni, ahol elm\u00e9leti \u00e9s gyakorlati tud\u00e1somat is magasabb szintre fejleszthettem. (Irmes fog\u00e1szat) Az egyetemi tanulm\u00e1nyaim sor\u00e1n a sz\u00e1jseb\u00e9szet keltette fel a figyelmemet. J\u00f3 tanulm\u00e1nyi eredm\u00e9nyeimnek k\u00f6sz\u00f6nhet\u0151en t\u00f6bbsz\u00f6r is beker\u00fcltem a Klinikai Tehets\u00e9ggondoz\u00f3 Program seg\u00edts\u00e9g\u00e9vel a &hellip;<\/p>\n","protected":false},"author":188,"featured_media":0,"parent":78,"menu_order":0,"comment_status":"closed","ping_status":"closed","template":"","meta":{"_acf_changed":false,"footnotes":""},"categories":[],"tags":[],"class_list":["post-2018","page","type-page","status-publish","hentry"],"acf":[],"_links":{"self":[{"href":"https:\/\/semmelweis.hu\/fszoi\/wp-json\/wp\/v2\/pages\/2018","targetHints":{"allow":["GET"]}}],"collection":[{"href":"https:\/\/semmelweis.hu\/fszoi\/wp-json\/wp\/v2\/pages"}],"about":[{"href":"https:\/\/semmelweis.hu\/fszoi\/wp-json\/wp\/v2\/types\/page"}],"author":[{"embeddable":true,"href":"https:\/\/semmelweis.hu\/fszoi\/wp-json\/wp\/v2\/users\/188"}],"replies":[{"embeddable":true,"href":"https:\/\/semmelweis.hu\/fszoi\/wp-json\/wp\/v2\/comments?post=2018"}],"version-history":[{"count":1,"href":"https:\/\/semmelweis.hu\/fszoi\/wp-json\/wp\/v2\/pages\/2018\/revisions"}],"predecessor-version":[{"id":2019,"href":"https:\/\/semmelweis.hu\/fszoi\/wp-json\/wp\/v2\/pages\/2018\/revisions\/2019"}],"up":[{"embeddable":true,"href":"https:\/\/semmelweis.hu\/fszoi\/wp-json\/wp\/v2\/pages\/78"}],"wp:attachment":[{"href":"https:\/\/semmelweis.hu\/fszoi\/wp-json\/wp\/v2\/media?parent=2018"}],"wp:term":[{"taxonomy":"category","embeddable":true,"href":"https:\/\/semmelweis.hu\/fszoi\/wp-json\/wp\/v2\/categories?post=2018"},{"taxonomy":"post_tag","embeddable":true,"href":"https:\/\/semmelweis.hu\/fszoi\/wp-json\/wp\/v2\/tags?post=2018"}],"curies":[{"name":"wp","href":"https:\/\/api.w.org\/{rel}","templated":true}]}}