{"id":2015,"date":"2015-09-21T11:42:20","date_gmt":"2015-09-21T09:42:20","guid":{"rendered":"http:\/\/semmelweis.hu\/fszoi\/?page_id=2015"},"modified":"2017-06-26T15:16:19","modified_gmt":"2017-06-26T13:16:19","slug":"dr-lesko-zsuzsanna-szakmai-oneletrajz","status":"publish","type":"page","link":"https:\/\/semmelweis.hu\/fszoi\/munkatarsak\/dr-lesko-zsuzsanna-szakmai-oneletrajz\/","title":{"rendered":"dr. Lesk\u00f3 Zsuzsanna &#8211; szakmai \u00f6n\u00e9letrajz"},"content":{"rendered":"<p><strong>Szem\u00e9lyi adatok<\/strong><br \/>\n<em><strong>N\u00e9v<\/strong><\/em>: dr. Lesk\u00f3 Zsuzsanna<br \/>\n<em><strong>Sz\u00fclet\u00e9si hely \u00e9s id\u0151:<\/strong><\/em> 1991. December 21.<\/p>\n<p><strong>Tanulm\u00e1nyok<\/strong><br \/>\n<em><strong>2010-2015:<\/strong><\/em>Semmelweis Egyetem Fogorvostudom\u00e1nyi Kar<\/p>\n<p><strong>Tudom\u00e1nyos tev\u00e9kenys\u00e9g<\/strong><br \/>\n<em><strong>TDK-munka c\u00edme<\/strong><\/em>: F\u00e9ny- \u00e9s hang sorozatimpulzusok hat\u00e1sa a ny\u00e1l Na+-koncentr\u00e1ci\u00f3j\u00e1ra (Dr. F\u00e1bi\u00e1n G\u00e1bor)<\/p>\n<p><strong>Szakmai tapasztalat<\/strong><br \/>\nAz egyetem \u00e1ltal biztos\u00edtott gyakorlati lehet\u0151s\u00e9geken t\u00fal egy fogszab\u00e1lyoz\u00e1ssal is foglalkoz\u00f3 mag\u00e1nrendel\u0151ben szereztem tapasztalatokat, ahol h\u00e1rom \u00e9vig asszisztensk\u00e9nt dolgoztam.<\/p>\n<p><strong>Nyelvismeret<\/strong><br \/>\n<em><strong>Angol<\/strong> <\/em>-k\u00f6z\u00e9pfok\/Kommunik\u00e1ci\u00f3k\u00e9pes szint<br \/>\n<em><strong>N\u00e9met<\/strong> <\/em>-Alapfok\/T\u00e1rsalg\u00e1si szint<\/p>\n<p><strong>Szervezeti tags\u00e1gok<\/strong><br \/>\n<em><strong>MFHE<\/strong><\/em>-tagk\u00e9nt r\u00e9szt vettem iskolai prevenci\u00f3s programban<\/p>\n","protected":false},"excerpt":{"rendered":"<p>Szem\u00e9lyi adatok N\u00e9v: dr. Lesk\u00f3 Zsuzsanna Sz\u00fclet\u00e9si hely \u00e9s id\u0151: 1991. December 21. Tanulm\u00e1nyok 2010-2015:Semmelweis Egyetem Fogorvostudom\u00e1nyi Kar Tudom\u00e1nyos tev\u00e9kenys\u00e9g TDK-munka c\u00edme: F\u00e9ny- \u00e9s hang sorozatimpulzusok hat\u00e1sa a ny\u00e1l Na+-koncentr\u00e1ci\u00f3j\u00e1ra (Dr. F\u00e1bi\u00e1n G\u00e1bor) Szakmai tapasztalat Az egyetem \u00e1ltal biztos\u00edtott gyakorlati lehet\u0151s\u00e9geken t\u00fal egy fogszab\u00e1lyoz\u00e1ssal is foglalkoz\u00f3 mag\u00e1nrendel\u0151ben szereztem tapasztalatokat, ahol h\u00e1rom \u00e9vig asszisztensk\u00e9nt dolgoztam. Nyelvismeret &hellip;<\/p>\n","protected":false},"author":188,"featured_media":0,"parent":78,"menu_order":0,"comment_status":"closed","ping_status":"closed","template":"","meta":{"_acf_changed":false,"footnotes":""},"categories":[],"tags":[],"class_list":["post-2015","page","type-page","status-publish","hentry"],"acf":[],"_links":{"self":[{"href":"https:\/\/semmelweis.hu\/fszoi\/wp-json\/wp\/v2\/pages\/2015","targetHints":{"allow":["GET"]}}],"collection":[{"href":"https:\/\/semmelweis.hu\/fszoi\/wp-json\/wp\/v2\/pages"}],"about":[{"href":"https:\/\/semmelweis.hu\/fszoi\/wp-json\/wp\/v2\/types\/page"}],"author":[{"embeddable":true,"href":"https:\/\/semmelweis.hu\/fszoi\/wp-json\/wp\/v2\/users\/188"}],"replies":[{"embeddable":true,"href":"https:\/\/semmelweis.hu\/fszoi\/wp-json\/wp\/v2\/comments?post=2015"}],"version-history":[{"count":1,"href":"https:\/\/semmelweis.hu\/fszoi\/wp-json\/wp\/v2\/pages\/2015\/revisions"}],"predecessor-version":[{"id":2016,"href":"https:\/\/semmelweis.hu\/fszoi\/wp-json\/wp\/v2\/pages\/2015\/revisions\/2016"}],"up":[{"embeddable":true,"href":"https:\/\/semmelweis.hu\/fszoi\/wp-json\/wp\/v2\/pages\/78"}],"wp:attachment":[{"href":"https:\/\/semmelweis.hu\/fszoi\/wp-json\/wp\/v2\/media?parent=2015"}],"wp:term":[{"taxonomy":"category","embeddable":true,"href":"https:\/\/semmelweis.hu\/fszoi\/wp-json\/wp\/v2\/categories?post=2015"},{"taxonomy":"post_tag","embeddable":true,"href":"https:\/\/semmelweis.hu\/fszoi\/wp-json\/wp\/v2\/tags?post=2015"}],"curies":[{"name":"wp","href":"https:\/\/api.w.org\/{rel}","templated":true}]}}

dr. Leskó Zsuzsanna &#8211; szakmai önéletrajz

<p><strong>Személyi adatok</strong><br />
<em><strong>Név</strong></em>: dr. Leskó Zsuzsanna<br />
<em><strong>Születési hely és idő:</strong></em> 1991. December 21.</p>
<p><strong>Tanulmányok</strong><br />
<em><strong>2010-2015:</strong></em>Semmelweis Egyetem Fogorvostudományi Kar</p>
<p><strong>Tudományos tevékenység</strong><br />
<em><strong>TDK-munka címe</strong></em>: Fény- és hang sorozatimpulzusok hatása a nyál Na+-koncentrációjára (Dr. Fábián Gábor)</p>
<p><strong>Szakmai tapasztalat</strong><br />
Az egyetem által biztosított gyakorlati lehetőségeken túl egy fogszabályozással is foglalkozó magánrendelőben szereztem tapasztalatokat, ahol három évig asszisztensként dolgoztam.</p>
<p><strong>Nyelvismeret</strong><br />
<em><strong>Angol</strong> </em>-középfok/Kommunikációképes szint<br />
<em><strong>Német</strong> </em>-Alapfok/Társalgási szint</p>
<p><strong>Szervezeti tagságok</strong><br />
<em><strong>MFHE</strong></em>-tagként részt vettem iskolai prevenciós programban</p>

<p>Személyi adatok Név: dr. Leskó Zsuzsanna Születési hely és idő: 1991. December 21. Tanulmányok 2010-2015:Semmelweis Egyetem Fogorvostudományi Kar Tudományos tevékenység TDK-munka címe: Fény- és hang sorozatimpulzusok hatása a nyál Na+-koncentrációjára (Dr. Fábián Gábor) Szakmai tapasztalat Az egyetem által biztosított gyakorlati lehetőségeken túl egy fogszabályozással is foglalkozó magánrendelőben szereztem tapasztalatokat, ahol három évig asszisztensként dolgoztam. Nyelvismeret &hellip;</p>
