{"id":1996,"date":"2015-09-17T15:13:53","date_gmt":"2015-09-17T13:13:53","guid":{"rendered":"http:\/\/semmelweis.hu\/fszoi\/?page_id=1996"},"modified":"2019-10-21T13:21:25","modified_gmt":"2019-10-21T11:21:25","slug":"dr-gallatz-katalin-szakmai-oneletrajz","status":"publish","type":"page","link":"https:\/\/semmelweis.hu\/fszoi\/munkatarsak\/dr-gallatz-katalin-szakmai-oneletrajz\/","title":{"rendered":"dr. Gallatz Katalin &#8211; szakmai \u00f6n\u00e9letrajz"},"content":{"rendered":"<p><strong>Szem\u00e9lyi adatok<\/strong><br \/>\n<em><strong>N\u00e9v<\/strong><\/em>: dr. Gallatz Katalin<\/p>\n<p><strong>Tanulm\u00e1nyok<\/strong><br \/>\nSemmelweis Egyetem Fogorvostudom\u00e1nyi Kar, Budapest fogorvos szak<br \/>\nV\u00e9gzetts\u00e9g: fogorvosi diploma, summa cum laude<\/p>\n<p><strong>Tudom\u00e1nyos tev\u00e9kenys\u00e9g<\/strong><br \/>\n<strong><em>2015. m\u00e1jus<\/em><\/strong> Rekori P\u00e1lyamunka (egyszerz\u0151s), t\u00e9m\u00e1ja: Sz\u00e1ler\u0151s\u00edt\u00e9s\u0171 csapok<br \/>\n<strong><em>2014. szeptember \u2013 2015 j\u00fanius<\/em><\/strong> TDK tags\u00e1g, Fogp\u00f3tl\u00e1stan Klinika,<br \/>\nt\u00e9mavezet\u0151: Dr. Kisp\u00e9lyi Barbara<br \/>\nT\u00e9ma: Gy\u00f6k\u00e9rcsapos fogm\u0171vek vizsg\u00e1lata intraor\u00e1lis r\u00f6ntgenfelv\u00e9telek alapj\u00e1n<br \/>\nBetegfelv\u00e9tel \u00e9s vizsg\u00e1lat az \u00fcgyeletes orvos mellett.<br \/>\n<em><strong>2013 szeptember \u2013 2014 szeptember<\/strong> <\/em>TDK tags\u00e1g, Propedeutika Tansz\u00e9k, t\u00e9mavezet\u0151: Dr. M\u00e1rton Krisztina<br \/>\nT\u00e9ma:Doh\u00e1nyz\u00e1s hat\u00e1sa a ny\u00e1lszekr\u00e9ci\u00f3ra: doh\u00e1nyz\u00f3 \u00e9s kontroll csoport nyugalmi ny\u00e1lszekr\u00e9ci\u00f3j\u00e1nak m\u00e9r\u00e9se periotron \u00e9s digit\u00e1lis m\u00e9rleg seg\u00edts\u00e9g\u00e9vel<\/p>\n<p><strong>Szakmai tapasztalat<\/strong><br \/>\n<em><strong>2015. szeptember:<\/strong><\/em> SE FOK Fog\u00e1szati \u00e9s Sz\u00e1jseb\u00e9szeti Oktat\u00f3 Int\u00e9zet \u2013 Konzerv\u00e1l\u00f3 fog\u00e1szat fogp\u00f3tl\u00e1stan rezidens<br \/>\n<em><strong>2014\/2015 tan\u00e9v tavaszi szemeszter: <\/strong><\/em>Klinikai Tehets\u00e9ggondoz\u00f3 Program: Or\u00e1lis Diagnosztikai Tansz\u00e9k, Radiol\u00f3giai r\u00e9szleg. Az intraor\u00e1lis, panor\u00e1ma \u00e9s teler\u00f6ntgen felv\u00e9telek gyakorlat\u00e1nak elsaj\u00e1t\u00edt\u00e1sa, radiol\u00f3gi\u00e1ra \u00e9rkez\u0151 betegek ell\u00e1t\u00e1sa<br \/>\n<strong><em>2014\/2015 tan\u00e9v \u0151szi szemeszter:<\/em><\/strong> Klinikai Tehets\u00e9ggondoz\u00f3 Program: Fogp\u00f3tl\u00e1stani Klinika; tematikus foglalkoz\u00e1sok (Digit\u00e1lis intraor\u00e1lis szkennel\u00e9s Iteroval, portr\u00e9fot\u00f3z\u00e1s, intror\u00e1lis fot\u00f3z\u00e1s, korona -\u00e9s h\u00e9jprepr\u00e1ci\u00f3 mul\u00e1zson)<br \/>\n<em><strong>2014. j\u00fanius:<\/strong><\/em> Fogp\u00f3tl\u00e1stani Klinika \u00e1ltal\u00e1nos fog\u00e1szat ny\u00e1ri gyakorlat<br \/>\n<em><strong>2013\/2014 tan\u00e9v \u0151szi szemeszter:<\/strong><\/em> Klinikai Tehets\u00e9ggondoz\u00f3 Program: Fogp\u00f3tl\u00e1stani Klinika, r\u00e9szv\u00e9tel a ViDiCo Study-ban<br \/>\n(Comparison of two shade guides for visual and one digital device for electronic shade matching in dentistry)<br \/>\n<em><strong>2013. j\u00falius:<\/strong><\/em> Or\u00e1lis Diagnosztikai Tansz\u00e9k, Dento-alveol\u00e1ris Seb\u00e9szeti R\u00e9szleg extracti\u00f3s ny\u00e1ri gyakorlat<br \/>\n<em><strong>2011. j\u00fanius:<\/strong> <\/em>Arc- \u00c1llcsont- Sz\u00e1jseb\u00e9szeti \u00e9s Fog\u00e1szati Klinika \u00e1pol\u00e1stan ny\u00e1ri gyakorlat<\/p>\n<p><strong>Nyelvismeret<\/strong><br \/>\n<strong><em>N\u00c9MET<\/em><\/strong>: k\u00f6z\u00e9pfok\u00fa nyelvvizsga<br \/>\n<strong><em>ANGOL, OLASZ<\/em><\/strong>: t\u00e1rsalg\u00e1si szint<\/p>\n<p><strong>Szervezeti tags\u00e1gok<\/strong><br \/>\n<strong><em>2013 szeptember<\/em><\/strong> -Tudom\u00e1nyos Di\u00e1kk\u00f6r tags\u00e1g<br \/>\n<strong><em>2012 okt\u00f3ber<\/em><\/strong> -Magyar Fogorvostanhallgat\u00f3k Egyes\u00fclete; akt\u00edv tag<br \/>\nR\u00e9szv\u00e9tel a budapesti Orsz\u00e1gos Tal\u00e1lkoz\u00f3n (2013 okt\u00f3ber) \u00e9s a p\u00e9csi Orsz\u00e1gos Tal\u00e1lkoz\u00f3n (2014 okt\u00f3ber)<\/p>\n<p><strong>El\u0151ad\u00e1sok<\/strong><br \/>\n<strong><em>2015 febru\u00e1r<\/em><\/strong> Els\u0151szerz\u0151s el\u0151ad\u00e1s a Semmelweis Egyetem TDK Konferencia 2015 Fogorvostudom\u00e1nyok szekci\u00f3j\u00e1ban (Gy\u00f6k\u00e9rcsapos fogm\u0171vek vizsg\u00e1lata intraor\u00e1lis r\u00f6ntgenfelv\u00e9telek alapj\u00e1n)<\/p>\n","protected":false},"excerpt":{"rendered":"<p>Szem\u00e9lyi adatok N\u00e9v: dr. Gallatz Katalin Tanulm\u00e1nyok Semmelweis Egyetem Fogorvostudom\u00e1nyi Kar, Budapest fogorvos szak V\u00e9gzetts\u00e9g: fogorvosi diploma, summa cum laude Tudom\u00e1nyos tev\u00e9kenys\u00e9g 2015. m\u00e1jus Rekori P\u00e1lyamunka (egyszerz\u0151s), t\u00e9m\u00e1ja: Sz\u00e1ler\u0151s\u00edt\u00e9s\u0171 csapok 2014. szeptember \u2013 2015 j\u00fanius TDK tags\u00e1g, Fogp\u00f3tl\u00e1stan Klinika, t\u00e9mavezet\u0151: Dr. Kisp\u00e9lyi Barbara T\u00e9ma: Gy\u00f6k\u00e9rcsapos fogm\u0171vek vizsg\u00e1lata intraor\u00e1lis r\u00f6ntgenfelv\u00e9telek alapj\u00e1n Betegfelv\u00e9tel \u00e9s vizsg\u00e1lat az \u00fcgyeletes &hellip;<\/p>\n","protected":false},"author":188,"featured_media":0,"parent":78,"menu_order":0,"comment_status":"closed","ping_status":"closed","template":"","meta":{"_acf_changed":false,"footnotes":""},"categories":[],"tags":[],"class_list":["post-1996","page","type-page","status-publish","hentry"],"acf":[],"_links":{"self":[{"href":"https:\/\/semmelweis.hu\/fszoi\/wp-json\/wp\/v2\/pages\/1996","targetHints":{"allow":["GET"]}}],"collection":[{"href":"https:\/\/semmelweis.hu\/fszoi\/wp-json\/wp\/v2\/pages"}],"about":[{"href":"https:\/\/semmelweis.hu\/fszoi\/wp-json\/wp\/v2\/types\/page"}],"author":[{"embeddable":true,"href":"https:\/\/semmelweis.hu\/fszoi\/wp-json\/wp\/v2\/users\/188"}],"replies":[{"embeddable":true,"href":"https:\/\/semmelweis.hu\/fszoi\/wp-json\/wp\/v2\/comments?post=1996"}],"version-history":[{"count":2,"href":"https:\/\/semmelweis.hu\/fszoi\/wp-json\/wp\/v2\/pages\/1996\/revisions"}],"predecessor-version":[{"id":3937,"href":"https:\/\/semmelweis.hu\/fszoi\/wp-json\/wp\/v2\/pages\/1996\/revisions\/3937"}],"up":[{"embeddable":true,"href":"https:\/\/semmelweis.hu\/fszoi\/wp-json\/wp\/v2\/pages\/78"}],"wp:attachment":[{"href":"https:\/\/semmelweis.hu\/fszoi\/wp-json\/wp\/v2\/media?parent=1996"}],"wp:term":[{"taxonomy":"category","embeddable":true,"href":"https:\/\/semmelweis.hu\/fszoi\/wp-json\/wp\/v2\/categories?post=1996"},{"taxonomy":"post_tag","embeddable":true,"href":"https:\/\/semmelweis.hu\/fszoi\/wp-json\/wp\/v2\/tags?post=1996"}],"curies":[{"name":"wp","href":"https:\/\/api.w.org\/{rel}","templated":true}]}}