{"id":749,"date":"2015-01-27T09:25:35","date_gmt":"2015-01-27T08:25:35","guid":{"rendered":"http:\/\/semmelweis.hu\/fok\/?page_id=749"},"modified":"2018-09-17T12:13:06","modified_gmt":"2018-09-17T10:13:06","slug":"tdk-temak","status":"publish","type":"page","link":"https:\/\/semmelweis.hu\/fok\/kutatas\/tdk\/tdk-temak\/","title":{"rendered":"TDK t\u00e9m\u00e1k"},"content":{"rendered":"<p>A Fogorvostudom\u00e1nyi Kar v\u00e1laszthat\u00f3 t\u00e9m\u00e1i:<br \/>\n<a href=\"http:\/\/tdk.semmelweis.hu\/altalanos-informaciok\/a-meghirdetett-tdk-temak-listaja-hogyan-lesz-valaki-tagja-a-tudomanyos\">http:\/\/tdk.semmelweis.hu\/altalanos-informaciok\/a-meghirdetett-tdk-temak-listaja-hogyan-lesz-valaki-tagja-a-tudomanyos<\/a><\/p>\n<p>Arc- \u00c1llcsont- Sz\u00e1jseb\u00e9szeti \u00e9s Fog\u00e1szati Klinika<br \/>\n<a href=\"http:\/\/tdk.semmelweis.hu\/hu\/arc-allcsont-szajsebeszeti-es-fogaszati-klinika-141106142249\">http:\/\/tdk.semmelweis.hu\/hu\/arc-allcsont-szajsebeszeti-es-fogaszati-klinika-141106142249<\/a><\/p>\n<p>Fogp\u00f3tl\u00e1stani Klinika<br \/>\n<a href=\"http:\/\/tdk.semmelweis.hu\/hu\/fogpotlastani-klinika-141106142307\">http:\/\/tdk.semmelweis.hu\/hu\/fogpotlastani-klinika-141106142307<\/a><\/p>\n<p>Gyermekfog\u00e1szati \u00e9s Fogszab\u00e1lyoz\u00e1si Klinika<br \/>\n<a href=\"http:\/\/tdk.semmelweis.hu\/hu\/gyermekfogaszati-es-fogszabalyozasi-klinika-141106142412\">http:\/\/tdk.semmelweis.hu\/hu\/gyermekfogaszati-es-fogszabalyozasi-klinika-141106142412<\/a><\/p>\n<p>Konzerv\u00e1l\u00f3 Fog\u00e1szati Klinika<br \/>\n<a href=\"http:\/\/tdk.semmelweis.hu\/hu\/konzervalo-fogaszati-klinika-141106142403\">http:\/\/tdk.semmelweis.hu\/hu\/konzervalo-fogaszati-klinika-141106142403<\/a><\/p>\n<p>Or\u00e1lbiol\u00f3giai Tansz\u00e9k<br \/>\n<a href=\"http:\/\/tdk.semmelweis.hu\/hu\/oralbiologiai-tanszek-141106142356\">http:\/\/tdk.semmelweis.hu\/hu\/oralbiologiai-tanszek-141106142356<\/a><\/p>\n<p>Or\u00e1lis Diagnosztikai Tansz\u00e9k<br \/>\n<a href=\"http:\/\/tdk.semmelweis.hu\/hu\/oralis-diagnosztikai-tanszek-141107120815\">http:\/\/tdk.semmelweis.hu\/hu\/oralis-diagnosztikai-tanszek-141107120815<\/a><\/p>\n<p>Parodontol\u00f3giai Klinika<br \/>\n<a href=\"http:\/\/tdk.semmelweis.hu\/hu\/parodontologiai-klinika-141106142327\">http:\/\/tdk.semmelweis.hu\/hu\/parodontologiai-klinika-141106142327<\/a><\/p>\n<p>Propedeutikai Tansz\u00e9k<br \/>\n<a href=\"http:\/\/tdk.semmelweis.hu\/hu\/propedeutikai-tanszek-141204120646\">http:\/\/tdk.semmelweis.hu\/hu\/propedeutikai-tanszek-141204120646<\/a><\/p>\n<p><a href=\"\/\/semmelweis.hu\/fok\/dijazottak\/\">D\u00edjazottak<\/a><\/p>\n","protected":false},"excerpt":{"rendered":"<p>A Fogorvostudom\u00e1nyi Kar v\u00e1laszthat\u00f3 t\u00e9m\u00e1i:<br \/>\n<a href=\"http:\/\/tdk.semmelweis.hu\/altalanos-informaciok\/a-meghirdetett-tdk-temak-listaja-hogyan-lesz-valaki-tagja-a-tudomanyos\">http:\/\/tdk.semmelweis.hu\/altalanos-informaciok\/a-meghirdetett-tdk-temak-listaja-hogyan-lesz-valaki-tagja-a-tudomanyos<\/a><br \/>\nArc- \u00c1llcsont- Sz\u00e1jseb\u00e9szeti \u00e9s Fog\u00e1szati Klinika<br \/>\n<a href=\"http:\/\/tdk.semmelweis.hu\/hu\/arc-allcsont-szajsebeszeti-es-fogaszati-klinika-141106142249\">http:\/\/tdk.semmelweis.hu\/hu\/arc-allcsont-szajsebeszeti-es-fogaszati-klinika-141106142249<\/a><br \/>\nFogp\u00f3tl\u00e1stani Klinika<br \/>\n<a href=\"http:\/\/tdk.semmelweis.hu\/hu\/fogpotlastani-klinika-141106142307\">http:\/\/tdk.semmelweis.hu\/hu\/fogpotlastani-klinika-141106142307<\/a><br \/>\nGyermekfog\u00e1szati \u00e9s Fogszab\u00e1lyoz\u00e1si Klinika<br \/>\n<a href=\"http:\/\/tdk.semmelweis.hu\/hu\/gyermekfogaszati-es-fogszabalyozasi-klinika-141106142412\">http:\/\/tdk.semmelweis.hu\/hu\/gyermekfogaszati-es-fogszabalyozasi-klinika-141106142412<\/a><br \/>\nKonzerv\u00e1l\u00f3 Fog\u00e1szati Klinika<br \/>\n<a href=\"http:\/\/tdk.semmelweis.hu\/hu\/konzervalo-fogaszati-klinika-141106142403\">http:\/\/tdk.semmelweis.hu\/hu\/konzervalo-fogaszati-klinika-141106142403<\/a><br \/>\nOr\u00e1lbiol\u00f3giai Tansz\u00e9k<br \/>\n<a href=\"http:\/\/tdk.semmelweis.hu\/hu\/oralbiologiai-tanszek-141106142356\">http:\/\/tdk.semmelweis.hu\/hu\/oralbiologiai-tanszek-141106142356<\/a><br \/>\nOr\u00e1lis Diagnosztikai Tansz\u00e9k<br \/>\n<a href=\"http:\/\/tdk.semmelweis.hu\/hu\/oralis-diagnosztikai-tanszek-141107120815\">http:\/\/tdk.semmelweis.hu\/hu\/oralis-diagnosztikai-tanszek-141107120815<\/a><br \/>\nParodontol\u00f3giai Klinika<br \/>\n<a href=\"http:\/\/tdk.semmelweis.hu\/hu\/parodontologiai-klinika-141106142327\">http:\/\/tdk.semmelweis.hu\/hu\/parodontologiai-klinika-141106142327<\/a><br \/>\nPropedeutikai Tansz\u00e9k<br \/>\n<a href=\"http:\/\/tdk.semmelweis.hu\/hu\/propedeutikai-tanszek-141204120646\">http:\/\/tdk.semmelweis.hu\/hu\/propedeutikai-tanszek-141204120646<\/a><br \/>\n<a href=\"\/\/semmelweis.hu\/fok\/dijazottak\/\">D\u00edjazottak<\/a><\/p>\n","protected":false},"author":38,"featured_media":0,"parent":729,"menu_order":0,"comment_status":"open","ping_status":"closed","template":"","meta":{"_acf_changed":false,"footnotes":""},"categories":[],"tags":[],"class_list":["post-749","page","type-page","status-publish","hentry"],"acf":[],"_links":{"self":[{"href":"https:\/\/semmelweis.hu\/fok\/wp-json\/wp\/v2\/pages\/749","targetHints":{"allow":["GET"]}}],"collection":[{"href":"https:\/\/semmelweis.hu\/fok\/wp-json\/wp\/v2\/pages"}],"about":[{"href":"https:\/\/semmelweis.hu\/fok\/wp-json\/wp\/v2\/types\/page"}],"author":[{"embeddable":true,"href":"https:\/\/semmelweis.hu\/fok\/wp-json\/wp\/v2\/users\/38"}],"replies":[{"embeddable":true,"href":"https:\/\/semmelweis.hu\/fok\/wp-json\/wp\/v2\/comments?post=749"}],"version-history":[{"count":5,"href":"https:\/\/semmelweis.hu\/fok\/wp-json\/wp\/v2\/pages\/749\/revisions"}],"predecessor-version":[{"id":3361,"href":"https:\/\/semmelweis.hu\/fok\/wp-json\/wp\/v2\/pages\/749\/revisions\/3361"}],"up":[{"embeddable":true,"href":"https:\/\/semmelweis.hu\/fok\/wp-json\/wp\/v2\/pages\/729"}],"wp:attachment":[{"href":"https:\/\/semmelweis.hu\/fok\/wp-json\/wp\/v2\/media?parent=749"}],"wp:term":[{"taxonomy":"category","embeddable":true,"href":"https:\/\/semmelweis.hu\/fok\/wp-json\/wp\/v2\/categories?post=749"},{"taxonomy":"post_tag","embeddable":true,"href":"https:\/\/semmelweis.hu\/fok\/wp-json\/wp\/v2\/tags?post=749"}],"curies":[{"name":"wp","href":"https:\/\/api.w.org\/{rel}","templated":true}]}}