{"id":733,"date":"2015-01-27T09:14:53","date_gmt":"2015-01-27T08:14:53","guid":{"rendered":"http:\/\/semmelweis.hu\/fok\/?page_id=733"},"modified":"2026-03-03T12:31:12","modified_gmt":"2026-03-03T11:31:12","slug":"kari-kutatasi-palyazat","status":"publish","type":"page","link":"https:\/\/semmelweis.hu\/fok\/kutatas\/kari-kutatasi-palyazat\/","title":{"rendered":"Kari Kutat\u00e1si p\u00e1ly\u00e1zat"},"content":{"rendered":"<div class=\"keretes w-100\">\n<h6 style=\"text-align: justify\"><span style=\"font-size: 18pt\"><strong>Fogorvostudom\u00e1nyi Kar<\/strong><\/span><\/h6>\n<h6 style=\"text-align: justify\"><a href=\"https:\/\/semmelweis.hu\/fok\/files\/2026\/03\/Nyertesek-2012-2026-Kari-Kutatasi-Palyazat.pdf\"><strong><em>Nyertesek 2012-t\u0151l<\/em><\/strong><\/a><\/h6>\n<\/div>\n<div class=\"fontos_div w-100 keretes\"><strong><span style=\"font-size: 18pt\">FOK Kari Kutat\u00e1si P\u00e1ly\u00e1zat \u2013 2026<\/span><\/strong><\/div>\n<p>A Semmelweis Egyetem Fogorvostudom\u00e1nyi Kar bels\u0151 p\u00e1ly\u00e1zatot hirdet a kari kutat\u00f3munka t\u00e1mogat\u00e1s\u00e1ra a 2026. \u00e9vre. <br \/>\nI. P\u00e1ly\u00e1zatot ny\u00fajthatnak be:<br \/>\n&#8211; <strong>a Kar oktat\u00f3i \u00e9s kutat\u00f3i,<\/strong> bele\u00e9rtve a <strong>Fogorvostudom\u00e1nyi Ph.D. program hallgat\u00f3it<\/strong> is,<br \/>\n&#8211; az elm\u00falt \u00e9vi p\u00e1ly\u00e1zatban t\u00e1mogat\u00e1st nyert r\u00e9sztvev\u0151k k\u00f6z\u00fcl csak azok p\u00e1ly\u00e1zhatnak \u00fajra, akik a megadott hat\u00e1rid\u0151re mind szakmai, mind p\u00e9nz\u00fcgyi besz\u00e1mol\u00f3t beny\u00fajtottak.<\/p>\n<p><strong>II. P\u00e1ly\u00e1zat elb\u00edr\u00e1l\u00e1sa:<\/strong><br \/>\nA p\u00e1ly\u00e1zatok b\u00edr\u00e1lata tudom\u00e1nyos \u00e9rt\u00e9k\u00fck meg\u00edt\u00e9l\u00e9se szerint t\u00f6rt\u00e9nik. Emellett <strong>priorit\u00e1st \u00e9lveznek<\/strong> azok a p\u00e1ly\u00e1zatok, amelyekben a k\u00f6vetkez\u0151 szempontok k\u00f6z\u00fcl egy vagy t\u00f6bb, de k\u00fcl\u00f6n\u00f6sen <strong>az els\u0151 kett\u0151 pont valamelyike \u00e9rv\u00e9nyes\u00fcl,<\/strong> azaz a Ph.D. fokozatok megszerz\u00e9s\u00e9nek el\u0151seg\u00edt\u00e9se a Karon:<br \/>\n1. <strong>Ph.D. hallgat\u00f3k kutat\u00f3munk\u00e1j\u00e1t, impakt faktoros k\u00f6zlem\u00e9nyek k\u00e9sz\u00edt\u00e9s\u00e9t megalapoz\u00f3 vizsg\u00e1latok.<\/strong><br \/>\n2. <strong>Ph.D. k\u00e9pz\u00e9shez m\u00e9g nem csatlakozottak eset\u00e9ben olyan kutat\u00f3munka, amely a Ph.D. fokozat publik\u00e1ci\u00f3s k\u00f6vetelm\u00e9nyeinek teljes\u00edt\u00e9s\u00e9hez vezethet.<\/strong><br \/>\n3. Azok a fogorvostudom\u00e1nyhoz \u00e9s hat\u00e1rter\u00fcleteihez kapcsol\u00f3d\u00f3 origin\u00e1lis vizsg\u00e1latok, amelyek alapj\u00e1n v\u00e1rhat\u00f3an impakt faktorral rendelkez\u0151 foly\u00f3iratban k\u00f6z\u00f6lhet\u0151 eredm\u00e9nyeket sz\u00fclnek.<br \/>\n4. A p\u00e1ly\u00e1z\u00f3 nem rendelkezik jelent\u0151s kutat\u00e1si t\u00e1mogat\u00e1ssal k\u00fcls\u0151 forr\u00e1sb\u00f3l.<br \/>\n5. Elm\u00e9leti int\u00e9zetek \u00e9s a Kar klinik\u00e1i k\u00f6z\u00f6tti egy\u00fcttm\u0171k\u00f6d\u00e9s keret\u00e9ben tervezett munk\u00e1k.<br \/>\n6. Karon bel\u00fcli int\u00e9zetek k\u00f6z\u00f6tti egy\u00fcttm\u0171k\u00f6d\u00e9sek.<br \/>\n7. Nemzetk\u00f6zi egy\u00fcttm\u0171k\u00f6d\u00e9sek.<br \/>\n\u2003<br \/>\n<strong>III. A p\u00e1ly\u00e1zat beny\u00fajt\u00e1s\u00e1hoz az al\u00e1bbi dokumentumok sz\u00fcks\u00e9gesek:<\/strong><br \/>\n&#8211;<strong> a mell\u00e9kelt adatlapon szerepl\u0151 adatok megad\u00e1sa<\/strong> (A p\u00e1ly\u00e1zatot az \u00f6sszes r\u00e9sztvev\u0151\/t\u00e1rsp\u00e1ly\u00e1z\u00f3 adatainak felt\u00fcntet\u00e9s\u00e9vel sz\u00fcks\u00e9ges beny\u00fajtani), <br \/>\n&#8211; <strong>maximum 3 oldalas szakmai \u00f6sszefoglal\u00f3<\/strong> (A szakmai \u00f6sszefoglal\u00f3 bemutatja a h\u00e1tteret, a kutat\u00e1si hipot\u00e9zist, k\u00e9rd\u00e9st, a m\u00f3dszertant, a tervezett k\u00eds\u00e9rletek r\u00f6vid le\u00edr\u00e1s\u00e1t \u00e9s a v\u00e1rhat\u00f3 eredm\u00e9nyeket), <br \/>\n&#8211; <strong>szakmai \u00f6n\u00e9letrajz,<\/strong> <br \/>\n&#8211; <strong>valamint egyoldalas k\u00f6lts\u00e9gterv beny\u00fajt\u00e1sa<\/strong> (A t\u00e9teles k\u00f6lts\u00e9gterv indokl\u00e1st is tartalmazzon).<\/p>\n<p><strong>IV. Tov\u00e1bbi tudnival\u00f3k:<\/strong><br \/>\n&#8211; E<strong>gy p\u00e1ly\u00e1z\u00f3 els\u0151 szerz\u0151k\u00e9nt csak egy p\u00e1ly\u00e1zatban vehet r\u00e9szt.<\/strong> Egy szem\u00e9ly csak egy p\u00e1ly\u00e1zatban vehet r\u00e9szt.<br \/>\n&#8211; Hi\u00e1nyp\u00f3tl\u00e1sra egyszeri alkalommal van lehet\u0151s\u00e9g, a lead\u00e1st k\u00f6vet\u0151 48 \u00f3r\u00e1n bel\u00fcl. <strong>Hi\u00e1nyos p\u00e1ly\u00e1zat lead\u00e1sa vagy a hat\u00e1rid\u0151 t\u00fall\u00e9p\u00e9se kiz\u00e1r\u00e1ssal j\u00e1r.<\/strong><br \/>\n&#8211; A p\u00e1ly\u00e1zatokat <strong>2026. janu\u00e1r 16-ig<\/strong> k\u00e9rj\u00fck bek\u00fcldeni elektronikusan, <strong>PDF form\u00e1tumban<\/strong> a k\u00f6vetkez\u0151 e-mail c\u00edmre: fok.kutatasipalyazat@semmelweis.hu <br \/>\n&#8211; Azon p\u00e1ly\u00e1z\u00f3k eset\u00e9ben, akik kor\u00e1bban ebb\u0151l a p\u00e1ly\u00e1zati forr\u00e1sb\u00f3l t\u00e1mogat\u00e1st nyertek, p\u00e1ly\u00e1zatuk elb\u00edr\u00e1l\u00e1sa sor\u00e1n kiemelt szempont, hogy kor\u00e1bbi p\u00e1ly\u00e1zatukat sikeresen teljes\u00edtett\u00e9k, megfelel\u0151 szakmai \u00e9s p\u00e9nz\u00fcgyi besz\u00e1mol\u00f3t ny\u00fajtottak be \u00e9s az elfogad\u00e1sra ker\u00fclt.<br \/>\n&#8211; A p\u00e1ly\u00e1zatok anyag\u00e1t az els\u0151 szerz\u0151s p\u00e1ly\u00e1z\u00f3nak <strong>2026. janu\u00e1r 28-\u00e1n megrendezend\u0151 Fogorvostudom\u00e1nyi minikonferenci\u00e1n is ismertetni kell, a programf\u00fczethez el\u0151ad\u00e1s kivonatot is k\u00e9sz\u00edteni kell<\/strong>, amelyet a p\u00e1ly\u00e1zathoz csatoltan k\u00e9r\u00fcnk bek\u00fcldeni. A d\u00f6nt\u00e9s \u00e9s a forr\u00e1sok megny\u00edl\u00e1sa ezt k\u00f6vet\u0151en t\u00f6rt\u00e9nik.<br \/>\n&#8211; A Kari Kutat\u00e1si P\u00e1ly\u00e1zatot a nyertesek egy \u00e9v id\u0151tartamra nyerik el. A sikeres p\u00e1ly\u00e1z\u00f3knak<strong> t\u00e1rgy\u00e9v november 30-ig kell elk\u00e9sz\u00edteni a szakmai besz\u00e1mol\u00f3t<\/strong> \u00e9s a p\u00e9nz\u00fcgyi elsz\u00e1mol\u00e1st (melyhez csatolni sz\u00fcks\u00e9ges az \u00e1raj\u00e1nlatokat, illetve sz\u00e1ml\u00e1kat). A t\u00e1rgy\u00e9v november 30-ig fel nem haszn\u00e1lt \u00f6sszegek visszak\u00f6nyvel\u00e9sre ker\u00fclnek a Karhoz.<\/p>\n<p><strong>V. Elnyerhet\u0151 p\u00e1ly\u00e1zatok<\/strong><br \/>\n<em><strong><span style=\"text-decoration: underline\">1. Alap P\u00e1ly\u00e1zat<\/span><\/strong><\/em><br \/>\nA p\u00e1ly\u00e1z\u00f3 \u00e1ltal elnyerhet\u0151 maxim\u00e1lis \u00f6sszeg legfeljebb 500 ezer Ft lehet, els\u0151sorban dologi k\u00f6lts\u00e9gek fedezet\u00e9re.<\/p>\n<p><em><span style=\"text-decoration: underline\"><strong>II. Kiemelt P\u00e1ly\u00e1zat<\/strong><\/span><\/em><br \/>\nA rendelkez\u00e9sre \u00e1ll\u00f3 \u00f6sszeg 3 milli\u00f3 Ft, melyet egy \u00f6sszegben kap meg a nyertes p\u00e1ly\u00e1z\u00f3 (vagy \u00e9venk\u00e9nt 1 milli\u00f3 Ft-ot).<br \/>\nA Kiemelt P\u00e1ly\u00e1zatot elnyer\u0151 p\u00e1ly\u00e1z\u00f3nak \u00e9s p\u00e1ly\u00e1zat\u00e1nak az el\u0151z\u0151ekben felsorolt felt\u00e9teleken t\u00fal az al\u00e1bbi krit\u00e9riumoknak kell megfelelni:<br \/>\n&#8211; a p\u00e1ly\u00e1z\u00f3nak minimum 1 teljes\u00edtett kari kutat\u00e1si p\u00e1ly\u00e1zata \u00e9s els\u0151 szerz\u0151s IF, Q1 k\u00f6zlem\u00e9nye van a t\u00e9m\u00e1ban, az elm\u00falt \u00f6t \u00e9vben,<br \/>\n&#8211; Ph.D. fokozattal rendelkez\u0151 t\u00e1rsp\u00e1ly\u00e1z\u00f3,<br \/>\n&#8211; tansz\u00e9kvezet\u0151i t\u00e1mogat\u00f3 nyilatkozat,<br \/>\n&#8211; \u00e9venk\u00e9nti szakmai \u00e9s p\u00e9nz\u00fcgyi besz\u00e1mol\u00f3 bek\u00fcld\u00e9se,<br \/>\n&#8211; a harmadik \u00e9v v\u00e9g\u00e9re elfogadott Q1-Q2 publik\u00e1ci\u00f3 nemzetk\u00f6zi fogorvosi szaklapban.<\/p>\n<p>Budapest, 2025. december 9.<\/p>\n<p>Prof. Dr. Gerber G\u00e1bor s.k.<br \/>\negyetemi tan\u00e1r, d\u00e9k\u00e1n<\/p>\n<p><strong><a href=\"https:\/\/semmelweis.hu\/fok\/files\/2026\/01\/Minikonferencia_absztrakt-fuzet-2026_vegl.pdf\"><em><span style=\"font-size: 18pt\">Minikonferencia absztrakt f\u00fczet-2026.<\/span><\/em><\/a><\/strong><br \/>\n<a href=\"https:\/\/semmelweis.hu\/fok\/files\/2025\/12\/2026-Minikonferencia-absztrakt-formai-kovetelmeny.pdf\"><span style=\"font-size: 18pt\"><em><strong>Minikonferencia &#8211; absztrakt formai k\u00f6vetelm\u00e9ny_2026<\/strong><\/em><\/span><\/a><br \/>\n<a href=\"https:\/\/semmelweis.hu\/fok\/files\/2025\/12\/Felhivas_Kari-Kutatasi-Palyazat_2026.pdf\"><span style=\"font-size: 18pt\"><strong><em>Felh\u00edv\u00e1s_Kari Kutat\u00e1si P\u00e1ly\u00e1zat_2026<\/em><\/strong><\/span><\/a><br \/>\n<a href=\"https:\/\/semmelweis.hu\/fok\/files\/2025\/12\/Adatlap_Kari-Kutatasi-Palyazat_2026.docx\"><span style=\"font-size: 18pt\"><strong><em>Adatlap_Kari Kutat\u00e1si P\u00e1ly\u00e1zat_2026_szerkeszthet\u0151<\/em><\/strong><\/span><\/a><br \/>\n<a href=\"https:\/\/semmelweis.hu\/fok\/files\/2025\/12\/Beszamolo_Kari-Kutatasi-Palyazat.docx\"><strong><em><span style=\"font-size: 18pt\">Besza\u0301molo\u0301_Kari Kutat\u00e1si P\u00e1ly\u00e1zat_2026_szerkeszthet\u0151<\/span><\/em><\/strong><\/a><\/p>\n<h3><a href=\"https:\/\/semmelweis.hu\/fok\/files\/2025\/02\/Nyertesek-2012-2025-Kari-Kutatasi-Palyazat.pdf\"><span style=\"font-size: 14pt\">Nyertesek: 2012-2025 (pdf)<\/span><\/a><\/h3>\n","protected":false},"excerpt":{"rendered":"<p>Fogorvostudom\u00e1nyi Kar <a href=\"https:\/\/semmelweis.hu\/fok\/files\/2026\/03\/Nyertesek-2012-2026-Kari-Kutatasi-Palyazat.pdf\">Nyertesek 2012-t\u0151l<\/a> FOK Kari Kutat\u00e1si P\u00e1ly\u00e1zat \u2013 2026 A Semmelweis Egyetem Fogorvostudom\u00e1nyi Kar bels\u0151 p\u00e1ly\u00e1zatot hirdet a kari kutat\u00f3munka t\u00e1mogat\u00e1s\u00e1ra a 2026. \u00e9vre. I. P\u00e1ly\u00e1zatot ny\u00fajthatnak be: &#8211; a Kar oktat\u00f3i \u00e9s kutat\u00f3i, bele\u00e9rtve a Fogorvostudom\u00e1nyi Ph.D. program hallgat\u00f3it is, &#8211; az elm\u00falt \u00e9vi p\u00e1ly\u00e1zatban t\u00e1mogat\u00e1st nyert r\u00e9sztvev\u0151k k\u00f6z\u00fcl csak azok p\u00e1ly\u00e1zhatnak \u00fajra, akik a &hellip;<\/p>\n","protected":false},"author":38,"featured_media":0,"parent":3391,"menu_order":5,"comment_status":"open","ping_status":"closed","template":"","meta":{"_acf_changed":false,"footnotes":""},"categories":[],"tags":[],"class_list":["post-733","page","type-page","status-publish","hentry"],"acf":[],"_links":{"self":[{"href":"https:\/\/semmelweis.hu\/fok\/wp-json\/wp\/v2\/pages\/733","targetHints":{"allow":["GET"]}}],"collection":[{"href":"https:\/\/semmelweis.hu\/fok\/wp-json\/wp\/v2\/pages"}],"about":[{"href":"https:\/\/semmelweis.hu\/fok\/wp-json\/wp\/v2\/types\/page"}],"author":[{"embeddable":true,"href":"https:\/\/semmelweis.hu\/fok\/wp-json\/wp\/v2\/users\/38"}],"replies":[{"embeddable":true,"href":"https:\/\/semmelweis.hu\/fok\/wp-json\/wp\/v2\/comments?post=733"}],"version-history":[{"count":10,"href":"https:\/\/semmelweis.hu\/fok\/wp-json\/wp\/v2\/pages\/733\/revisions"}],"predecessor-version":[{"id":11657,"href":"https:\/\/semmelweis.hu\/fok\/wp-json\/wp\/v2\/pages\/733\/revisions\/11657"}],"up":[{"embeddable":true,"href":"https:\/\/semmelweis.hu\/fok\/wp-json\/wp\/v2\/pages\/3391"}],"wp:attachment":[{"href":"https:\/\/semmelweis.hu\/fok\/wp-json\/wp\/v2\/media?parent=733"}],"wp:term":[{"taxonomy":"category","embeddable":true,"href":"https:\/\/semmelweis.hu\/fok\/wp-json\/wp\/v2\/categories?post=733"},{"taxonomy":"post_tag","embeddable":true,"href":"https:\/\/semmelweis.hu\/fok\/wp-json\/wp\/v2\/tags?post=733"}],"curies":[{"name":"wp","href":"https:\/\/api.w.org\/{rel}","templated":true}]}}