{"id":65,"date":"2012-02-09T08:27:37","date_gmt":"2012-02-09T07:27:37","guid":{"rendered":"http:\/\/semmelweis-egyetem.hu\/fok\/?page_id=65"},"modified":"2025-06-24T09:36:49","modified_gmt":"2025-06-24T07:36:49","slug":"kreditek-szemeszterenkenti-bontasban","status":"publish","type":"page","link":"https:\/\/semmelweis.hu\/fok\/oktatas\/altalanos-informaciok-a-hallgatok-reszere\/kreditek-szemeszterenkenti-bontasban\/","title":{"rendered":"Kredit rendszer\u0171 mintatanterv \u00e9s ekvivalencia"},"content":{"rendered":"<style>\n           #page-grid .card-body > .line-clamp-box.excerpt{\n        width: inherit;\n        max-width: inherit;\n        display:flex;\n        min-height: 2.4em;\n        flex-direction: column;\n        justify-content: space-around;\n        background-color: #D6E4EA;\n        min-height: 3.4rem;\n        font-family: \"Montserrat\", sans-serif;\n    }\n\n    #page-grid a:hover .card-body > .line-clamp-box.excerpt {\n        background-color: #fff;\n        color: #313B40;\n    }\n\n    #page-grid .card-body .line-clamp-box.excerpt section{\n        max-width: inherit;\n        display: -webkit-box;\n        -webkit-line-clamp: 2;\n        -webkit-box-orient: vertical;\n        overflow: hidden;\n        text-overflow: ellipsis;\n        hyphens: auto;\n        margin: auto;\n        \n    }\n    .line-clamp-box.excerpt section, .line-clamp-box.excerpt section p{\n        font-size:0.8em;\n    }\n    \n<\/style>\n    <section id=\"page-grid\">\n        <section class=\"d-block d-md-flex title-row my-3 ml-0 ml-md-1\">\n<div class=\"section-title  mb-1 \">\n<h2>\n    Kredit rendszer\u0171 mintatanterv \u00e9s ekvivalencia\n<\/h2>\n<\/div>\n<\/section>\n        <div class=\"row row-cols-1 row-cols-md-2 row-cols-lg-4 no-gutters mx-0 \">    <div class =\"col  mb-2 card-wrapper\">\n        <a class=\"d-flex flex-fill card-link-warapper m-md-1\" href=\"https:\/\/semmelweis.hu\/fok\/oktatas\/altalanos-informaciok-a-hallgatok-reszere\/kreditek-szemeszterenkenti-bontasban\/kurrikulumok-2023-elott\/\">\n            <div class=\"card border border-secondary se-border flex-fill\">\n                <div class=\"row no-gutters mx-0 d-flex flex-nowrap flex-md-wrap align-items-center\">\n                    <div class =\"  col-5 col-md-12  d-none  d-md-none d-md-none  bg-image  card-image justify-content-center\">\n                        <img class='wp-post-image img-fluid landscape' src='https:\/\/semmelweis.hu\/fok\/wp-content\/themes\/se18\/dist\/images\/svg\/bg-image.svg' \/>\n                    <\/div>\n                    <div class=\"card-body  col flex-column  col-md-12 p-0\">\n                        <div class=\"line-clamp-box p-3\">\n                            <h5 class=\"ml-0 ml-sm-1 mt-2 align-items-center\"  >Kurrikulumok-2023 el\u0151tt<\/h5>\n                        <\/div>\n                            <div class= \"line-clamp-box excerpt m-0 p-2 pl-3\">\n        <section>\n            2023\/2024-es tan\u00e9v\nA nyelvi k\u00f6vetelm\u00e9nyek a mintatantervek alj\u00e1n felt\u00fcntetve!\n\nFOK-Kurrikulum-2023-24. tan\u00e9v I.-II. \u00e9vfolyam kurrikuluma (2023-as kurrikulum \u2013 \u00faj nyelvi k\u00f6vetelm\u00e9ny)\nFOK-Kurrikulum-2023-24. tan\u00e9v III.-IV. \u00e9vfolyam kurrikuluma (2023-as kurrikulum \u2013 r\u00e9gi nyelvi k\u00f6vetelm\u00e9ny)\nFOK-Kurrikulum-2023-24. tan\u00e9v V. \u00e9vfolyam kurrikuluma \u2013 (2021\/22-es kurrikulum)\nAktu\u00e1lis kurrikulumok nyelvi k\u00f6vetelm\u00e9nyekkel \u00e9vfolyamok szerint\u00a0 a 2023\/2024-es tan\u00e9vben \u2013 magyar\u00e1z\u00f3 t\u00e1bl\u00e1zat\nSzabadon v\u00e1laszthat\u00f3 tant\u00e1rgyak\n        <\/section>\n    <\/div>\n                    <\/div>\n                <\/div>\n\n            <\/div>\n        <\/a>\n    <\/div>    <div class =\"col  mb-2 card-wrapper\">\n        <a class=\"d-flex flex-fill card-link-warapper m-md-1\" href=\"https:\/\/semmelweis.hu\/fok\/oktatas\/altalanos-informaciok-a-hallgatok-reszere\/kreditek-szemeszterenkenti-bontasban\/mintatantervek\/\">\n            <div class=\"card border border-secondary se-border flex-fill\">\n                <div class=\"row no-gutters mx-0 d-flex flex-nowrap flex-md-wrap align-items-center\">\n                    <div class =\"  col-5 col-md-12  d-none  d-md-none d-md-none  bg-image  card-image justify-content-center\">\n                        <img class='wp-post-image img-fluid landscape' src='https:\/\/semmelweis.hu\/fok\/wp-content\/themes\/se18\/dist\/images\/svg\/bg-image.svg' \/>\n                    <\/div>\n                    <div class=\"card-body  col flex-column  col-md-12 p-0\">\n                        <div class=\"line-clamp-box p-3\">\n                            <h5 class=\"ml-0 ml-sm-1 mt-2 align-items-center\"  >Mintatantervek        (aktu\u00e1lis)<\/h5>\n                        <\/div>\n                            <div class= \"line-clamp-box excerpt m-0 p-2 pl-3\">\n        <section>\n            Fogorvostan-hallgat\u00f3k mintatanterve\n\n2025\/2026-os tan\u00e9v\u00a0\nFOK_Kurrikulum_2.0_2025-26_I_II_III_IV.-evfolyam\nFOK_Kurrikulum_2.0_2024-25 V. \u00e9vfolyam\n\u00c1OK-\u00e1t v\u00e9gzett hallgat\u00f3k kurrikuluma\nSzabadon v\u00e1laszthat\u00f3 tant\u00e1rgyak list\u00e1ja\nFOK_szabadon v\u00e1laszthat\u00f3 tant\u00e1rgyak\nSzaknyelvi Int\u00e9zet szabadon v\u00e1laszthat\u00f3 tant\u00e1rgyai \n&nbsp;\n\u00a02024\/2025-\u00f6s tan\u00e9v\nFOK_Kurrikulum_2.0_2024-25 I.-II.-III. \u00e9vfolyam\nFOK_Kurrikulum_2.0_2024-25 IV. \u00e9vfolyam\nFOK_Kurrikulum_2.0_2024-25_V.-\u00e9vfolyam\nKurrikulumok-2023 el\u0151tt \u2192\n\n        <\/section>\n    <\/div>\n                    <\/div>\n                <\/div>\n\n            <\/div>\n        <\/a>\n    <\/div>    <div class =\"col  mb-2 card-wrapper\">\n        <a class=\"d-flex flex-fill card-link-warapper m-md-1\" href=\"https:\/\/semmelweis.hu\/fok\/oktatas\/altalanos-informaciok-a-hallgatok-reszere\/kreditek-szemeszterenkenti-bontasban\/ekvivalencia-tablazatok\/\">\n            <div class=\"card border border-secondary se-border flex-fill\">\n                <div class=\"row no-gutters mx-0 d-flex flex-nowrap flex-md-wrap align-items-center\">\n                    <div class =\"  col-5 col-md-12  d-none  d-md-none d-md-none  bg-image  card-image justify-content-center\">\n                        <img class='wp-post-image img-fluid landscape' src='https:\/\/semmelweis.hu\/fok\/wp-content\/themes\/se18\/dist\/images\/svg\/bg-image.svg' \/>\n                    <\/div>\n                    <div class=\"card-body  col flex-column  col-md-12 p-0\">\n                        <div class=\"line-clamp-box p-3\">\n                            <h5 class=\"ml-0 ml-sm-1 mt-2 align-items-center\"  >Ekvivalencia t\u00e1bl\u00e1zatok<\/h5>\n                        <\/div>\n                            <div class= \"line-clamp-box excerpt m-0 p-2 pl-3\">\n        <section>\n            Ekvivalencia t\u00e1bl\u00e1zat &#8211; 2025.\nKredit\u00e1tviteli Bizotts\u00e1g hat\u00e1rozata-2025\n&nbsp;\n\n        <\/section>\n    <\/div>\n                    <\/div>\n                <\/div>\n\n            <\/div>\n        <\/a>\n    <\/div>        <\/div>\n    <\/section>\n","protected":false},"excerpt":{"rendered":"","protected":false},"author":38,"featured_media":0,"parent":6071,"menu_order":1,"comment_status":"closed","ping_status":"closed","template":"template-fullwidth.php","meta":{"_acf_changed":false,"footnotes":""},"categories":[],"tags":[],"class_list":["post-65","page","type-page","status-publish","hentry"],"acf":[],"_links":{"self":[{"href":"https:\/\/semmelweis.hu\/fok\/wp-json\/wp\/v2\/pages\/65","targetHints":{"allow":["GET"]}}],"collection":[{"href":"https:\/\/semmelweis.hu\/fok\/wp-json\/wp\/v2\/pages"}],"about":[{"href":"https:\/\/semmelweis.hu\/fok\/wp-json\/wp\/v2\/types\/page"}],"author":[{"embeddable":true,"href":"https:\/\/semmelweis.hu\/fok\/wp-json\/wp\/v2\/users\/38"}],"replies":[{"embeddable":true,"href":"https:\/\/semmelweis.hu\/fok\/wp-json\/wp\/v2\/comments?post=65"}],"version-history":[{"count":11,"href":"https:\/\/semmelweis.hu\/fok\/wp-json\/wp\/v2\/pages\/65\/revisions"}],"predecessor-version":[{"id":11013,"href":"https:\/\/semmelweis.hu\/fok\/wp-json\/wp\/v2\/pages\/65\/revisions\/11013"}],"up":[{"embeddable":true,"href":"https:\/\/semmelweis.hu\/fok\/wp-json\/wp\/v2\/pages\/6071"}],"wp:attachment":[{"href":"https:\/\/semmelweis.hu\/fok\/wp-json\/wp\/v2\/media?parent=65"}],"wp:term":[{"taxonomy":"category","embeddable":true,"href":"https:\/\/semmelweis.hu\/fok\/wp-json\/wp\/v2\/categories?post=65"},{"taxonomy":"post_tag","embeddable":true,"href":"https:\/\/semmelweis.hu\/fok\/wp-json\/wp\/v2\/tags?post=65"}],"curies":[{"name":"wp","href":"https:\/\/api.w.org\/{rel}","templated":true}]}}