{"id":636,"date":"2014-08-28T13:47:26","date_gmt":"2014-08-28T11:47:26","guid":{"rendered":"http:\/\/semmelweis.hu\/fok\/?page_id=636"},"modified":"2026-01-28T14:24:23","modified_gmt":"2026-01-28T13:24:23","slug":"szabalyzatok","status":"publish","type":"page","link":"https:\/\/semmelweis.hu\/fok\/oktatas\/szabalyzatok\/","title":{"rendered":"Szab\u00e1lyzatok"},"content":{"rendered":"<h1 class=\"lead keretes w-100\">Szab\u00e1lyzatok<\/h1>\n<ul>\n<li>\n<h6><a href=\"https:\/\/semmelweis.hu\/rektori-hivatal\/irattar\/szabalyzattar\/\" target=\"_blank\" rel=\"noopener noreferrer\">Egyetemi szab\u00e1lyzat\u00e1r<\/a><\/h6>\n<\/li>\n<li>\n<h6><a href=\"https:\/\/semmelweis.hu\/jogigfoig\/dokumentumtar\/szabalyzattar\/szervezeti-es-mukodesi-szabalyzat\/\">Az Egyetem Szervezeti \u00e9s M\u0171k\u00f6d\u00e9si Szab\u00e1lyzata<\/a><\/h6>\n<\/li>\n<li>\n<h6><a href=\"https:\/\/semmelweis.hu\/jogigfoig\/dokumentumtar\/szabalyzattar\/szervezeti-es-mukodesi-szabalyzat\/iii-konyv-hkr\/\">Hallgat\u00f3i k\u00f6vetelm\u00e9nyrendszer szab\u00e1lyzatai<\/a><\/h6>\n<\/li>\n<li>\n<h6><a href=\"https:\/\/semmelweis.hu\/jogigfoig\/dokumentumtar\/szabalyzattar\/szervezeti-es-mukodesi-szabalyzat\/iii-konyv-hkr\/\">Felv\u00e9teli Szab\u00e1lyzat\u00a0<\/a><\/h6>\n<\/li>\n<li>\n<h6><a href=\"https:\/\/semmelweis.hu\/jogigfoig\/dokumentumtar\/szabalyzattar\/szervezeti-es-mukodesi-szabalyzat\/iii-konyv-hkr\/\">Tanulm\u00e1nyi \u00e9s Vizsgaszab\u00e1lyzat<\/a><\/h6>\n<\/li>\n<li>\n<h6><a href=\"https:\/\/semmelweis.hu\/jogigfoig\/dokumentumtar\/szabalyzattar\/szervezeti-es-mukodesi-szabalyzat\/iii-konyv-hkr\/\">Fegyelmi Szab\u00e1lyzat<\/a><\/h6>\n<\/li>\n<li>\n<h6><a href=\"https:\/\/semmelweis.hu\/jogigfoig\/dokumentumtar\/szabalyzattar\/szervezeti-es-mukodesi-szabalyzat\/iii-konyv-hkr\/\">Egyetemi T\u00e9r\u00edt\u00e9si \u00e9s Juttat\u00e1si Szab\u00e1lyzat<\/a><\/h6>\n<\/li>\n<\/ul>\n<h3>A Fogorvostudom\u00e1nyi Kar szab\u00e1lyzatai, szab\u00e1lyoz\u00f3i<\/h3>\n<h4><span style=\"font-size: 12pt\"><strong><a href=\"https:\/\/semmelweis.hu\/fok\/files\/2023\/05\/Csoportbeosztas-Eljarasi-Rend-2023..pdf\">Csoportbeoszt\u00e1ssal kapcsolatos Elj\u00e1r\u00e1si Rend &#8211; D\u00e9k\u00e1ni Utas\u00edt\u00e1s<\/a><\/strong><\/span><\/h4>\n<table style=\"height: 873px;width: 100%;border-collapse: collapse\">\n<thead>\n<tr style=\"height: 173px\">\n<td style=\"width: 21%;height: 173px\" width=\"21%\">\n<p><span style=\"font-size: 12pt\"><strong>Szab\u00e1lyzat, szab\u00e1lyoz\u00f3 dokumentum egys\u00e9ges szerkezet\u0171 hat\u00e1lyos sz\u00f6vege<\/strong><\/span><\/p>\n<\/td>\n<td style=\"width: 18.0287%;height: 173px\" width=\"12%\">\n<p><span style=\"font-size: 12pt\"><strong>Elfogad\u00e1sr\u00f3l rendelkez\u0151 hat\u00e1rozat<\/strong><\/span><\/p>\n<\/td>\n<td style=\"width: 13.1483%;height: 173px\" width=\"12%\">\n<p><span style=\"font-size: 12pt\"><strong>T\u00edpusa<\/strong><\/span><\/p>\n<p><span style=\"font-size: 12pt\">{Kari Tan\u00e1csi hat\u00e1rozat (KT); d\u00e9k\u00e1ni utas\u00edt\u00e1s (D)}<\/span><\/p>\n<\/td>\n<td style=\"width: 9.03347%;height: 173px\" width=\"12%\">\n<p><span style=\"font-size: 12pt\"><strong>Hat\u00e1ly<\/strong><\/span><\/p>\n<\/td>\n<td style=\"width: 7.59808%;height: 173px\" width=\"12%\">\n<p><span style=\"font-size: 12pt\"><strong>Hat\u00e1lyon k\u00edv\u00fcl helyezett hat\u00e1rozat(ok), utas\u00edt\u00e1sok<\/strong><\/span><\/p>\n<\/td>\n<td style=\"width: 12.1914%;height: 173px\" width=\"12%\">\n<p><span style=\"font-size: 12pt\"><strong>M\u00f3dos\u00edt\u00f3 hat\u00e1rozat(ok), utas\u00edt\u00e1sok<\/strong><\/span><\/p>\n<\/td>\n<td style=\"width: 12%;height: 173px\" width=\"12%\">\n<p><span style=\"font-size: 12pt\"><strong>Fel\u00fclvizsg\u00e1lat hat\u00e1rideje<\/strong> (elfogad\u00e1s hat\u00e1rideje)<\/span><\/p>\n<\/td>\n<\/tr>\n<\/thead>\n<tbody>\n<tr style=\"height: 82px\">\n<td style=\"width: 21%;height: 82px\" width=\"21%\">\n<p><a href=\"https:\/\/semmelweis.hu\/fok\/files\/2020\/05\/T\u00e9r\u00edt\u00e9si-\u00e9s-Juttat\u00e1si-Rend-2017_m\u00f3dos\u00edt\u00e1s4_elfogadott_2020.pdf\"><span style=\"font-size: 14pt\">FOK T\u00e9r\u00edt\u00e9si \u00e9s Juttat\u00e1si Rend<\/span><\/a><\/p>\n<\/td>\n<td style=\"width: 18.0287%;height: 82px\" width=\"12%\">\n<p>31\/2018.(XII.6.) sz.<\/p>\n<\/td>\n<td style=\"width: 13.1483%;height: 82px\" width=\"12%\">\n<p>Kari Tan\u00e1cs<\/p>\n<\/td>\n<td style=\"width: 9.03347%;height: 82px\" width=\"12%\">\n<p>2018.12.06.<\/p>\n<\/td>\n<td style=\"width: 7.59808%;height: 82px\" width=\"12%\">\n<p><span style=\"font-size: 14pt\">27\/2020.(X.09.)<\/span><\/p>\n<\/td>\n<td style=\"width: 12.1914%;height: 82px\" width=\"12%\">\n<p>&nbsp;<\/p>\n<\/td>\n<td style=\"width: 12%;height: 82px\" width=\"12%\">\n<p>&nbsp;<\/p>\n<\/td>\n<\/tr>\n<tr style=\"height: 102px\">\n<td style=\"width: 21%;height: 102px\" width=\"21%\">\n<p><span style=\"font-size: 14pt\"><a href=\"https:\/\/semmelweis.hu\/fok\/files\/2025\/05\/HATALYOS-OMHV-Szabalyzat-2025.05.09.-vegleges-honlapra.pdf\">FOK OMHV Szab\u00e1lyzat<\/a><\/span><\/p>\n<\/td>\n<td style=\"width: 18.0287%;height: 102px\" width=\"12%\">\n<p>6\/2020. (III.12.)<\/p>\n<p>&nbsp;<\/p>\n<\/td>\n<td style=\"width: 13.1483%;height: 102px\" width=\"12%\">\n<p>Kari Tan\u00e1cs<\/p>\n<\/td>\n<td style=\"width: 9.03347%;height: 102px\" width=\"12%\">\n<p>2020.03.12.<\/p>\n<\/td>\n<td style=\"width: 7.59808%;height: 102px\" width=\"12%\">\u00a0<\/td>\n<td style=\"width: 12.1914%;height: 102px\" width=\"12%\">\n<p><span style=\"font-size: 14pt\">26\/2020 (X.09.)<br \/>\n32\/2024 (XI.6.)<br \/>\n17\/2025 (V.09.\u00d6<\/span><\/p>\n<\/td>\n<td style=\"width: 12%;height: 102px\" width=\"12%\">\n<p>&nbsp;<\/p>\n<\/td>\n<\/tr>\n<tr style=\"height: 52px\">\n<td style=\"width: 21%;height: 52px\" width=\"21%\">\n<p><a href=\"https:\/\/semmelweis.hu\/fok\/files\/2021\/12\/Merit-dij-szabalyzat_modositasokkal-egyseges-szerkezetben_2021-december-ADATVEDELEM.pdf\"><span style=\"font-size: 14pt\">FOK Merit D\u00edj Szab\u00e1lyzat<\/span><\/a><\/p>\n<\/td>\n<td style=\"width: 18.0287%;height: 52px\" width=\"12%\">\n<p>5\/2020. (III. 12.)<\/p>\n<\/td>\n<td style=\"width: 13.1483%;height: 52px\" width=\"12%\">\n<p>Kari Tan\u00e1cs<\/p>\n<\/td>\n<td style=\"width: 9.03347%;height: 52px\" width=\"12%\">\n<p>2020.03.12.<\/p>\n<\/td>\n<td style=\"width: 7.59808%;height: 52px\" width=\"12%\">\n<p>&nbsp;<\/p>\n<\/td>\n<td style=\"width: 12.1914%;height: 52px\" width=\"12%\">\n<p>34\/2021. (X.15.)<\/p>\n<\/td>\n<td style=\"width: 12%;height: 52px\" width=\"12%\">\n<p>&nbsp;<\/p>\n<\/td>\n<\/tr>\n<tr style=\"height: 82px\">\n<td style=\"width: 21%;height: 82px\" width=\"21%\">\n<p><a href=\"https:\/\/semmelweis.hu\/fok\/files\/2025\/12\/FOK_Szakdolgozat_Eljarasrend_2025_december_5_V2.pdf\"><span style=\"font-size: 14pt\">Szakdolgozat elj\u00e1r\u00e1si rend\u00a0 (<\/span><strong><span style=\"font-size: 14pt\"><span style=\"font-size: 12pt\"><span style=\"font-size: 14pt\">A diplomamunka (szakdolgozat) elk\u00e9sz\u00edt\u00e9s\u00e9nek rendje \u00e9s k\u00f6vetelm\u00e9nyei a Fogorvostudom\u00e1nyi Karon)<\/span><\/span><\/span><\/strong><\/a><\/p>\n<\/td>\n<td style=\"width: 18.0287%;height: 82px\" width=\"12%\">\n<p>39\/2025. (XII.05.)<\/p>\n<\/td>\n<td style=\"width: 13.1483%;height: 82px\" width=\"12%\">\n<p>Kari Tan\u00e1cs<\/p>\n<\/td>\n<td style=\"width: 9.03347%;height: 82px\" width=\"12%\">\n<p>2025.12.05<\/p>\n<\/td>\n<td style=\"width: 7.59808%;height: 82px\" width=\"12%\">\n<p>&nbsp;<\/p>\n<\/td>\n<td style=\"width: 12.1914%;height: 82px\" width=\"12%\">\n<p>30\/2022 (XII.09.)<br \/>\n33\/2023 (XII.08.)<br \/>\n35\/2024 (XII.13.)<br \/>\n39\/2025 (XII.05.)<\/p>\n<\/td>\n<td style=\"width: 12%;height: 82px\" width=\"12%\">\n<p>&nbsp;<\/p>\n<\/td>\n<\/tr>\n<tr style=\"height: 48px\">\n<td style=\"width: 21%;height: 48px\">\n<p><span style=\"font-size: 14pt\"><a href=\"https:\/\/semmelweis.hu\/fok\/files\/2024\/11\/onkoltseg-2025-2026.pdf\">\u00d6nk\u00f6lts\u00e9ges k\u00e9pz\u00e9s d\u00edja a Fogorvostudom\u00e1nyi Karon<\/a><\/span><strong><br \/>\n<\/strong><\/p>\n<\/td>\n<td style=\"width: 18.0287%;height: 48px\">33\/2024 (XI.06.)<\/td>\n<td style=\"width: 13.1483%;height: 48px\">Kari Tan\u00e1cs<\/td>\n<td style=\"width: 9.03347%;height: 48px\">2024.11.06<\/td>\n<td style=\"width: 7.59808%;height: 48px\">\u00a0<\/td>\n<td style=\"width: 12.1914%;height: 48px\">\u00a0<\/td>\n<td style=\"width: 12%;height: 48px\">\u00a0<\/td>\n<\/tr>\n<tr style=\"height: 143px\">\n<td style=\"width: 21%;height: 143px\">\n<p><a href=\"https:\/\/semmelweis.hu\/fok\/files\/2022\/11\/FOK_hivatasetikai_alapok_kari_eljarasrend_2022.oktober-5.-Vegleges.pdf\"><span style=\"font-size: 14pt\">A hallgat\u00f3i jogviszony hivat\u00e1sbeli alapjainak meger\u0151s\u00edt\u00e9se\u201d krit\u00e9riumk\u00f6vetelm\u00e9nyek Kari teljes\u00edt\u00e9s\u00e9nek rendje<\/span><\/a><\/p>\n<\/td>\n<td style=\"width: 18.0287%;height: 143px\">19\/2020.(VI.29) sz.<\/td>\n<td style=\"width: 13.1483%;height: 143px\">Kari Tan\u00e1cs<\/td>\n<td style=\"width: 9.03347%;height: 143px\">2021.10.15.<\/td>\n<td style=\"width: 7.59808%;height: 143px\">\u00a0<\/td>\n<td style=\"width: 12.1914%;height: 143px\">\n<p>33\/2021. (X.15.), 22\/2022. (X.5.)<\/p>\n<\/td>\n<td style=\"width: 12%;height: 143px\">\u00a0<\/td>\n<\/tr>\n<tr style=\"height: 138px\">\n<td style=\"width: 21%;height: 138px\">\n<p><span style=\"font-size: 10pt\">3\/2017. sz. D\u00e9k\u00e1ni utas\u00edt\u00e1s A Fogorvostudom\u00e1nyi Kar v\u00e9gz\u0151s hallgat\u00f3i sz\u00e1m\u00e1ra szervezett <br \/>\n<strong>Z\u00e1r\u00f3vizsga elj\u00e1r\u00e1si rendj\u00e9r\u0151l\u00a0<\/strong><\/span><\/p>\n<p><a href=\"https:\/\/semmelweis.hu\/fok\/files\/2024\/11\/HATALYOS-FOK_Zarovizsga-eljarasi-rend_vegleges-2023-javitott-FOGORVOS.pdf\"><span style=\"font-size: 14pt\">Z\u00e1r\u00f3vizsga elj\u00e1r\u00e1si rend<\/span><\/a><\/p>\n<p>&nbsp;<\/p>\n<p>&nbsp;<\/p>\n<p><a href=\"https:\/\/semmelweis.hu\/fok\/files\/2025\/05\/2025.-evi-online-Zarovizsga-eljarasrend-FOK.pdf\"><span style=\"font-size: 14pt\">2025. \u00e9vi online Z\u00e1r\u00f3vizsga elj\u00e1r\u00e1srend FOK<\/span><\/a><\/p>\n<\/td>\n<td style=\"width: 18.0287%;height: 138px\">\n<p>&nbsp;<\/p>\n<p>2017. VIII. 25.<\/p>\n<p>&nbsp;<\/p>\n<p><strong>11\/2022.(V.12.) sz.<\/strong><\/p>\n<\/td>\n<td style=\"width: 13.1483%;height: 138px\">\n<p>D\u00e9k\u00e1ni Utas\u00edt\u00e1s<\/p>\n<p>&nbsp;<\/p>\n<p>&nbsp;<\/p>\n<p>Kari Tan\u00e1cs<\/p>\n<\/td>\n<td style=\"width: 9.03347%;height: 138px\">\n<p>&nbsp;<\/p>\n<p>&nbsp;<\/p>\n<p>&nbsp;<\/p>\n<p>2022.05.12.<\/p>\n<\/td>\n<td style=\"width: 7.59808%;height: 138px\">\n<p><span style=\"font-size: 10pt\"><strong>11\/2022.(V.12.) sz.<\/strong><\/span><\/p>\n<p>&nbsp;<\/p>\n<p>&nbsp;<\/p>\n<p><strong>\u00a0<\/strong><\/p>\n<\/td>\n<td style=\"width: 12.1914%;height: 138px\">\n<p>&nbsp;<\/p>\n<p>&nbsp;<\/p>\n<p>&nbsp;<\/p>\n<p><strong>11\/2022.(V.12.) sz.<\/strong><\/p>\n<\/td>\n<td style=\"width: 12%;height: 138px\">\n<p>&nbsp;<\/p>\n<p>&nbsp;<\/p>\n<p>&nbsp;<\/p>\n<p>&nbsp;<\/p>\n<\/td>\n<\/tr>\n<tr style=\"height: 53px\">\n<td style=\"width: 21%;height: 53px\">\n<p><a href=\"https:\/\/semmelweis.hu\/fok\/files\/2024\/12\/HATALYOS-FOK_Nyari_gyakorlatok_eljarasrend_2024_12_13.pdf\"><span style=\"font-size: 10pt\"><span style=\"font-size: 14pt\">Ny\u00e1ri szakmai gyakorlatok elj\u00e1r\u00e1srend_2024_12_13<\/span><\/span><\/a><\/p>\n<\/td>\n<td style=\"width: 18.0287%;height: 53px\">\n<p>41\/2024 (XII.13.)<\/p>\n<\/td>\n<td style=\"width: 13.1483%;height: 53px\">\n<p>Kari Tan\u00e1cs<\/p>\n<\/td>\n<td style=\"width: 9.03347%;height: 53px\">\n<p>2024.12.13.<\/p>\n<\/td>\n<td style=\"width: 7.59808%;height: 53px\">\n<p><span style=\"font-size: 10pt\"><strong>\u00a0<\/strong><\/span><\/p>\n<\/td>\n<td style=\"width: 12.1914%;height: 53px\">\n<p>&nbsp;<\/p>\n<\/td>\n<td style=\"width: 12%;height: 53px\">\n<p>&nbsp;<\/p>\n<\/td>\n<\/tr>\n<tr>\n<td style=\"width: 21%\">\n<p><a href=\"https:\/\/semmelweis.hu\/fok\/files\/2025\/12\/FOK_Mesterseges_Intelligencia_Szabalyzat.pdf\"><span style=\"font-size: 14pt\">Fogorvostudom\u00e1nyi Kar szab\u00e1lyoz\u00e1sa a\u00a0Mesters\u00e9ges Intelligencia rendszerek \u00e9s eszk\u00f6z\u00f6k oktat\u00e1sban t\u00f6rt\u00e9n\u0151 haszn\u00e1lat\u00e1r\u00f3l<\/span><\/a><\/p>\n<p><span style=\"font-size: 10pt\"><span style=\"font-size: 14pt\">\u00a0<\/span><\/span><\/p>\n<\/td>\n<td style=\"width: 18.0287%\">\n<p>38\/2025 (XII.05.)<\/p>\n<\/td>\n<td style=\"width: 13.1483%\">\n<p>Kari Tan\u00e1cs<\/p>\n<\/td>\n<td style=\"width: 9.03347%\">\n<p>2025.12.05.<\/p>\n<\/td>\n<td style=\"width: 7.59808%\">\n<p><span style=\"font-size: 10pt\"><strong>\u00a0<\/strong><\/span><\/p>\n<\/td>\n<td style=\"width: 12.1914%\">\n<p>38\/2025 (XII.05.)<\/p>\n<\/td>\n<td style=\"width: 12%\">\n<p>&nbsp;<\/p>\n<p>&nbsp;<\/p>\n<\/td>\n<\/tr>\n<\/tbody>\n<\/table>\n<table style=\"border-collapse: collapse;width: 100%\">\n<tbody>\n<tr>\n<td style=\"width: 22.6133%\">\n<p><a href=\"https:\/\/semmelweis.hu\/fok\/files\/2026\/01\/HATALYOS-FOK-PhD-hallgato-oktatoi-tevekenyseg-engedelyeztetese-Eljarasrend.pdf\">Semmelweis Egyetem Fogorvostudom\u00e1nyi Kar szab\u00e1lyoz\u00e1sa a PhD hallgat\u00f3k oktat\u00f3i tev\u00e9kenys\u00e9g\u00e9nek enged\u00e9lyez\u00e9s\u00e9r\u0151l<\/a><\/p>\n<\/td>\n<td style=\"width: 19.3786%\">\n<p>5\/2024.(III.21.) sz.<\/p>\n<\/td>\n<td style=\"width: 14.2168%\">Kari Tan\u00e1cs<\/td>\n<td style=\"width: 9.60571%\">2024.03.21.<\/td>\n<td style=\"width: 8.16039%\">\u00a0<\/td>\n<td style=\"width: 13.0469%\">5\/2024.(III.21.) sz.<\/td>\n<td style=\"width: 12.9781%\">\u00a0<\/td>\n<\/tr>\n<\/tbody>\n<\/table>\n<p>&nbsp;<\/p>\n<p>&nbsp;<\/p>\n<p>&nbsp;<\/p>\n<p>&nbsp;<\/p>\n<p>&nbsp;<\/p>\n<p>&nbsp;<\/p>\n<p>&nbsp;<\/p>\n<p>&nbsp;<\/p>\n<p>&nbsp;<\/p>\n<p>&nbsp;<\/p>\n","protected":false},"excerpt":{"rendered":"<p>Szab\u00e1lyzatok <a href=\"https:\/\/semmelweis.hu\/rektori-hivatal\/irattar\/szabalyzattar\/\" target=\"_blank\" rel=\"noopener noreferrer\">Egyetemi szab\u00e1lyzat\u00e1r<\/a> <a href=\"https:\/\/semmelweis.hu\/jogigfoig\/dokumentumtar\/szabalyzattar\/szervezeti-es-mukodesi-szabalyzat\/\">Az Egyetem Szervezeti \u00e9s M\u0171k\u00f6d\u00e9si Szab\u00e1lyzata<\/a> <a href=\"https:\/\/semmelweis.hu\/jogigfoig\/dokumentumtar\/szabalyzattar\/szervezeti-es-mukodesi-szabalyzat\/iii-konyv-hkr\/\">Hallgat\u00f3i k\u00f6vetelm\u00e9nyrendszer szab\u00e1lyzatai<\/a> <a href=\"https:\/\/semmelweis.hu\/jogigfoig\/dokumentumtar\/szabalyzattar\/szervezeti-es-mukodesi-szabalyzat\/iii-konyv-hkr\/\">Felv\u00e9teli Szab\u00e1lyzat\u00a0<\/a> <a href=\"https:\/\/semmelweis.hu\/jogigfoig\/dokumentumtar\/szabalyzattar\/szervezeti-es-mukodesi-szabalyzat\/iii-konyv-hkr\/\">Tanulm\u00e1nyi \u00e9s Vizsgaszab\u00e1lyzat<\/a> <a href=\"https:\/\/semmelweis.hu\/jogigfoig\/dokumentumtar\/szabalyzattar\/szervezeti-es-mukodesi-szabalyzat\/iii-konyv-hkr\/\">Fegyelmi Szab\u00e1lyzat<\/a> <a href=\"https:\/\/semmelweis.hu\/jogigfoig\/dokumentumtar\/szabalyzattar\/szervezeti-es-mukodesi-szabalyzat\/iii-konyv-hkr\/\">Egyetemi T\u00e9r\u00edt\u00e9si \u00e9s Juttat\u00e1si Szab\u00e1lyzat<\/a> A Fogorvostudom\u00e1nyi Kar szab\u00e1lyzatai, szab\u00e1lyoz\u00f3i <a href=\"https:\/\/semmelweis.hu\/fok\/files\/2023\/05\/Csoportbeosztas-Eljarasi-Rend-2023..pdf\">Csoportbeoszt\u00e1ssal kapcsolatos Elj\u00e1r\u00e1si Rend &#8211; D\u00e9k\u00e1ni Utas\u00edt\u00e1s<\/a> Szab\u00e1lyzat, szab\u00e1lyoz\u00f3 dokumentum egys\u00e9ges szerkezet\u0171 hat\u00e1lyos sz\u00f6vege Elfogad\u00e1sr\u00f3l rendelkez\u0151 hat\u00e1rozat T\u00edpusa {Kari Tan\u00e1csi hat\u00e1rozat (KT); d\u00e9k\u00e1ni utas\u00edt\u00e1s (D)} Hat\u00e1ly Hat\u00e1lyon k\u00edv\u00fcl helyezett hat\u00e1rozat(ok), utas\u00edt\u00e1sok M\u00f3dos\u00edt\u00f3 hat\u00e1rozat(ok), utas\u00edt\u00e1sok Fel\u00fclvizsg\u00e1lat hat\u00e1rideje (elfogad\u00e1s hat\u00e1rideje) <a href=\"https:\/\/semmelweis.hu\/fok\/files\/2020\/05\/T\u00e9r\u00edt\u00e9si-\u00e9s-Juttat\u00e1si-Rend-2017_m\u00f3dos\u00edt\u00e1s4_elfogadott_2020.pdf\">FOK T\u00e9r\u00edt\u00e9si \u00e9s Juttat\u00e1si Rend<\/a> 31\/2018.(XII.6.) sz. Kari Tan\u00e1cs 2018.12.06. 27\/2020.(X.09.) &nbsp; &nbsp; <a href=\"https:\/\/semmelweis.hu\/fok\/files\/2025\/05\/HATALYOS-OMHV-Szabalyzat-2025.05.09.-vegleges-honlapra.pdf\">FOK OMHV Szab\u00e1lyzat<\/a> 6\/2020. (III.12.) &nbsp; Kari Tan\u00e1cs 2020.03.12. \u00a0 26\/2020 (X.09.) 32\/2024 &hellip;<\/p>\n","protected":false},"author":38,"featured_media":0,"parent":3384,"menu_order":4,"comment_status":"closed","ping_status":"closed","template":"template-fullwidth.php","meta":{"_acf_changed":false,"footnotes":""},"categories":[],"tags":[],"class_list":["post-636","page","type-page","status-publish","hentry"],"acf":[],"_links":{"self":[{"href":"https:\/\/semmelweis.hu\/fok\/wp-json\/wp\/v2\/pages\/636","targetHints":{"allow":["GET"]}}],"collection":[{"href":"https:\/\/semmelweis.hu\/fok\/wp-json\/wp\/v2\/pages"}],"about":[{"href":"https:\/\/semmelweis.hu\/fok\/wp-json\/wp\/v2\/types\/page"}],"author":[{"embeddable":true,"href":"https:\/\/semmelweis.hu\/fok\/wp-json\/wp\/v2\/users\/38"}],"replies":[{"embeddable":true,"href":"https:\/\/semmelweis.hu\/fok\/wp-json\/wp\/v2\/comments?post=636"}],"version-history":[{"count":10,"href":"https:\/\/semmelweis.hu\/fok\/wp-json\/wp\/v2\/pages\/636\/revisions"}],"predecessor-version":[{"id":10747,"href":"https:\/\/semmelweis.hu\/fok\/wp-json\/wp\/v2\/pages\/636\/revisions\/10747"}],"up":[{"embeddable":true,"href":"https:\/\/semmelweis.hu\/fok\/wp-json\/wp\/v2\/pages\/3384"}],"wp:attachment":[{"href":"https:\/\/semmelweis.hu\/fok\/wp-json\/wp\/v2\/media?parent=636"}],"wp:term":[{"taxonomy":"category","embeddable":true,"href":"https:\/\/semmelweis.hu\/fok\/wp-json\/wp\/v2\/categories?post=636"},{"taxonomy":"post_tag","embeddable":true,"href":"https:\/\/semmelweis.hu\/fok\/wp-json\/wp\/v2\/tags?post=636"}],"curies":[{"name":"wp","href":"https:\/\/api.w.org\/{rel}","templated":true}]}}