{"id":5183,"date":"2020-09-04T11:02:35","date_gmt":"2020-09-04T09:02:35","guid":{"rendered":"https:\/\/semmelweis.hu\/fok\/?page_id=5183"},"modified":"2025-12-17T10:02:58","modified_gmt":"2025-12-17T09:02:58","slug":"szakdolgozat-2","status":"publish","type":"page","link":"https:\/\/semmelweis.hu\/fok\/oktatas\/altalanos-informaciok-a-hallgatok-reszere\/szakdolgozat-2\/","title":{"rendered":"Szakdolgozat"},"content":{"rendered":"<div>Tisztelt Hallgat\u00f3!<\/div>\n<div>\u00a0<\/div>\n<div>A Fogorvostudom\u00e1nyi Kar 2020. m\u00e1jus 15-\u00e9n hat\u00e1lyba l\u00e9pett, \u00e9s a\u00a0 30\/2022 sz. KT (2022.12.09.), 33\/2023 (2023.12.08.), 41\/2024 (2024.12.13.), <strong>39\/2025 (2025.12.05.)<\/strong> sz.\u00a0 hat\u00e1rozatok alapj\u00e1n, m\u00f3dos\u00edtott\u00a0 Szakdolgozat <span style=\"color: #000000\">elj\u00e1r\u00e1srendj\u00e9t <strong><a href=\"https:\/\/semmelweis.hu\/fok\/files\/2025\/12\/FOK_Szakdolgozat_Eljarasrend_2025_december_5_V2.pdf\"><span style=\"font-size: 18pt\">itt \u2192 <\/span><\/a>\u00a0 <\/strong>tal\u00e1lj\u00e1k<\/span>. K\u00e9rj\u00fck, sz\u00edveskedjenek alaposan \u00e1ttanulm\u00e1nyozni.<\/div>\n<div>Seg\u00edts\u00e9g\u00fcl k\u00e9sz\u00edtett\u00fcnk id\u0151rendi \u00fatmutat\u00f3t &#8211; <span style=\"color: #ff0000\"><strong><a href=\"https:\/\/semmelweis.hu\/fok\/files\/2025\/12\/10.-sz.-melleklet.docx\">fogorvos hallgat\u00f3k r\u00e9sz\u00e9re: 10. sz. mell\u00e9klet, <\/a><\/strong><a href=\"https:\/\/semmelweis.hu\/fok\/files\/2025\/12\/11.-sz.-melleklet.docx\"><strong>DFT hallgat\u00f3k sz\u00e1m\u00e1ra: 11. sz mell\u00e9klet\u00a0<\/strong><\/a> <span style=\"color: #000000\">.<\/span><\/span> Az abban tal\u00e1lhat\u00f3 id\u0151pontokat vegy\u00e9k figyelembe a szakdolgozat k\u00e9sz\u00edt\u00e9se sor\u00e1n.<\/div>\n<div>\u00a0<\/div>\n<div>A Szakdolgozat elj\u00e1r\u00e1srend mell\u00e9kletei:<\/div>\n<div>\u00a0<\/div>\n<div>\n<p><span style=\"color: #000080\"><span style=\"color: #000080\"><strong>Szakdolgozat Elj\u00e1r\u00e1si Rend mell\u00e9kletei:<br \/>\n<\/strong><\/span><\/span><\/p>\n<ol>\n<li><a href=\"https:\/\/semmelweis.hu\/fok\/files\/2025\/12\/1.-sz.-melleklet.docx\"><strong><em> sz. mell\u00e9klet<\/em><\/strong> \u2013 Szakdolgozat tartalmi \u00e9s formai k\u00f6vetelm\u00e9nyek (FOK)<\/a><\/li>\n<li><a href=\"https:\/\/semmelweis.hu\/fok\/files\/2025\/12\/2.-sz.-melleklet.docx\"><strong><em> sz. mell\u00e9klet<\/em><\/strong> \u2013 Szakdolgozat b\u00edr\u00e1lati szempontok (FOK)<\/a><\/li>\n<li><a href=\"https:\/\/semmelweis.hu\/fok\/files\/2025\/12\/3.-sz.-melleklet.docx\"><strong><em> sz. mell\u00e9klet<\/em><\/strong> \u2013 Szakdolgozatb\u00edr\u00e1lati lap<\/a><\/li>\n<li><a href=\"https:\/\/semmelweis.hu\/fok\/files\/2025\/12\/4.-sz.-melleklet.docx\"><strong><em> sz. mell\u00e9klet<\/em><\/strong> &#8211; Pl\u00e1giumnyilatkozat<\/a><\/li>\n<li><a href=\"https:\/\/semmelweis.hu\/fok\/files\/2025\/12\/5.-sz.-melleklet.docx\"><strong><em> sz. mell\u00e9klet<\/em><\/strong> \u2013 Bejelent\u0151-lap szakdolgozat-t\u00e9mav\u00e1laszt\u00e1sr\u00f3l<\/a><\/li>\n<li><a href=\"https:\/\/semmelweis.hu\/fok\/files\/2025\/12\/6.-sz.-melleklet.docx\"><strong><em> sz. mell\u00e9klet<\/em><\/strong> \u2013 K\u00e9relem szakdolgozatc\u00edm, \u00e9s\/vagy t\u00e9mavezet\u0151\/konzulens szem\u00e9ly\u00e9nek m\u00f3dos\u00edt\u00e1s\u00e1r\u00f3l (FOK)<\/a><\/li>\n<li><a href=\"https:\/\/semmelweis.hu\/fok\/files\/2025\/12\/7.-sz.-melleklet.docx\"><strong><em> sz. mell\u00e9klet<\/em><\/strong> \u2013 K\u00e9relem rektori p\u00e1lyamunka vagy tudom\u00e1nyos k\u00f6zlem\u00e9ny szakdolgozatk\u00e9nt t\u00f6rt\u00e9n\u0151 elfogad\u00e1s\u00e1hoz<\/a><\/li>\n<li><a href=\"https:\/\/semmelweis.hu\/fok\/files\/2025\/12\/8.-sz.-melleklet.docx\"><strong><em> sz. mell\u00e9klet<\/em><\/strong> \u2013 Konzult\u00e1ci\u00f3s adatlap (FOK)<\/a><\/li>\n<li><a href=\"https:\/\/semmelweis.hu\/fok\/files\/2025\/12\/9.-sz.-melleklet.docx\"><strong><em> sz. mell\u00e9klet<\/em><\/strong> \u2013 Szakdolgozatv\u00e9d\u00e9si jegyz\u0151k\u00f6nyv<\/a><\/li>\n<li><a href=\"https:\/\/semmelweis.hu\/fok\/files\/2025\/12\/10.-sz.-melleklet.docx\"><strong><em> sz. mell\u00e9klet<\/em><\/strong> &#8211; A diplomamunka (szakdolgozat) elk\u00e9sz\u00edt\u00e9s\u00e9nek rendje \u00e9s k\u00f6vetelm\u00e9nyei a Fogorvostudom\u00e1nyi Karon &#8211; fogorvostan-hallgat\u00f3k sz\u00e1m\u00e1ra \u2013 Id\u0151rendi mutat\u00f3<\/a><\/li>\n<li><a href=\"https:\/\/semmelweis.hu\/fok\/files\/2025\/12\/11.-sz.-melleklet.docx\"><strong><em> sz. mell\u00e9klet<\/em><\/strong> &#8211; A diplomamunka (szakdolgozat) elk\u00e9sz\u00edt\u00e9s\u00e9nek rendje \u00e9s k\u00f6vetelm\u00e9nyei a Fogorvostudom\u00e1nyi Karon &#8211; DFT hallgat\u00f3k sz\u00e1m\u00e1ra \u2013 Id\u0151rendi mutat\u00f3<\/a><\/li>\n<\/ol>\n<\/div>\n<div><strong><br \/>\n<\/strong><a href=\"https:\/\/semmelweis.hu\/fok\/files\/2025\/11\/A-2025-26-os_tanevre_valasztott_szakdolgozat_cimek_FOGORVOS_VEDENDO.pdf\"><strong>Szakdolgozat c\u00edmek (fogorvos) &#8211; 2025-2026 tan\u00e9vre v\u00e1lasztott szakdolgozat c\u00edmek<\/strong><\/a><\/div>\n<div><strong><a href=\"https:\/\/semmelweis.hu\/fok\/files\/2025\/11\/2025-26-os-tanevre-meghirdetett-szakdolgozat-cimek-DFT_Aktualis.pdf\" target=\"_blank\" rel=\"noopener\">V\u00e1laszthat\u00f3 szakdolgozat c\u00edmek (digit\u00e1lis fog\u00e1szati tervez\u00e9s) 2025-2026<\/a><br \/>\n<\/strong><strong><a href=\"https:\/\/semmelweis.hu\/fok\/files\/2024\/11\/Szakdolgozati-cimek-\u2013-2024-25-tanevben-valasztott.pdf\">Szakdolgozat c\u00edmek &#8211; 2026-ban v\u00e9dend\u0151 <\/a><br \/>\n<a href=\"https:\/\/semmelweis.hu\/fok\/files\/2024\/11\/Szakdolgozati-cimek-\u2013-2025-ben-vedendo.pdf\">Szakdolgozat c\u00edmek &#8211; 2025-ben v\u00e9dett<\/a><br \/>\n<a href=\"https:\/\/semmelweis.hu\/fok\/files\/2024\/11\/Szakdolgozati-cimek-\u2013-2024-ben-vedett.pdf\">Szakdolgozat c\u00edmek &#8211; 2024-ben v\u00e9dett<\/a><br \/>\n<a href=\"https:\/\/semmelweis.hu\/fok\/files\/2024\/11\/Szakdolgozati-cimek-\u2013-2023-ban-vedett.pdf\">Szakdolgozat c\u00edmek &#8211; 2023-ban v\u00e9dett<\/a><br \/>\n<a href=\"https:\/\/semmelweis.hu\/fok\/files\/2024\/11\/Szakdolgozati-cimek-\u2013-2022-ben-vedett.pdf\">Szakdolgozat c\u00edmek &#8211; 2022-ben v\u00e9dett<\/a><br \/>\n<a href=\"https:\/\/semmelweis.hu\/fok\/files\/2024\/11\/Szakdolgozati-cimek-\u2013-2021-ben-vedett.pdf\">Szakdolgozat c\u00edmek &#8211; 2021-ben v\u00e9dett<\/a><br \/>\n<a href=\"https:\/\/semmelweis.hu\/fok\/files\/2024\/11\/Szakdolgozat-cimek_2020-ban-vedve.pdf\">Szakdolgozat c\u00edmek &#8211; 2020-ban v\u00e9dett<\/a><\/strong><\/div>\n<div>\u00a0<\/div>\n<div><a href=\"https:\/\/semmelweis.hu\/fok\/files\/2020\/07\/elm\u00falt-h\u00e1rom-\u00e9v.zip\"><strong>Szakdolgozat c\u00edmek (2017-2019) + \u00f6sszes\u00edtett lista<\/strong><\/a><\/div>\n<div>\u00a0<\/div>\n<div><a href=\"https:\/\/semmelweis.hu\/fok\/files\/2025\/12\/FOK_Szakdolgozat_Eljarasrend_2025_december_5_V2.pdf\"><span style=\"font-size: 18pt\"><strong>Szakdolgozat elj\u00e1r\u00e1si rend<\/strong><\/span><\/a><\/div>\n","protected":false},"excerpt":{"rendered":"<p>Tisztelt Hallgat\u00f3! \u00a0 A Fogorvostudom\u00e1nyi Kar 2020. m\u00e1jus 15-\u00e9n hat\u00e1lyba l\u00e9pett, \u00e9s a\u00a0 30\/2022 sz. KT (2022.12.09.), 33\/2023 (2023.12.08.), 41\/2024 (2024.12.13.), 39\/2025 (2025.12.05.) sz.\u00a0 hat\u00e1rozatok alapj\u00e1n, m\u00f3dos\u00edtott\u00a0 Szakdolgozat elj\u00e1r\u00e1srendj\u00e9t <a href=\"https:\/\/semmelweis.hu\/fok\/files\/2025\/12\/FOK_Szakdolgozat_Eljarasrend_2025_december_5_V2.pdf\">itt \u2192 <\/a> \u00a0 tal\u00e1lj\u00e1k. K\u00e9rj\u00fck, sz\u00edveskedjenek alaposan \u00e1ttanulm\u00e1nyozni. Seg\u00edts\u00e9g\u00fcl k\u00e9sz\u00edtett\u00fcnk id\u0151rendi \u00fatmutat\u00f3t &#8211; <a href=\"https:\/\/semmelweis.hu\/fok\/files\/2025\/12\/10.-sz.-melleklet.docx\">fogorvos hallgat\u00f3k r\u00e9sz\u00e9re: 10. sz. mell\u00e9klet, <\/a> <a href=\"https:\/\/semmelweis.hu\/fok\/files\/2025\/12\/11.-sz.-melleklet.docx\">DFT hallgat\u00f3k sz\u00e1m\u00e1ra: 11. sz mell\u00e9klet\u00a0<\/a> . Az abban tal\u00e1lhat\u00f3 id\u0151pontokat vegy\u00e9k figyelembe a szakdolgozat k\u00e9sz\u00edt\u00e9se sor\u00e1n. \u00a0 A Szakdolgozat elj\u00e1r\u00e1srend &hellip;<\/p>\n","protected":false},"author":101171,"featured_media":0,"parent":6071,"menu_order":7,"comment_status":"closed","ping_status":"closed","template":"template-fullwidth.php","meta":{"_acf_changed":false,"footnotes":""},"categories":[],"tags":[],"class_list":["post-5183","page","type-page","status-publish","hentry"],"acf":[],"_links":{"self":[{"href":"https:\/\/semmelweis.hu\/fok\/wp-json\/wp\/v2\/pages\/5183","targetHints":{"allow":["GET"]}}],"collection":[{"href":"https:\/\/semmelweis.hu\/fok\/wp-json\/wp\/v2\/pages"}],"about":[{"href":"https:\/\/semmelweis.hu\/fok\/wp-json\/wp\/v2\/types\/page"}],"author":[{"embeddable":true,"href":"https:\/\/semmelweis.hu\/fok\/wp-json\/wp\/v2\/users\/101171"}],"replies":[{"embeddable":true,"href":"https:\/\/semmelweis.hu\/fok\/wp-json\/wp\/v2\/comments?post=5183"}],"version-history":[{"count":11,"href":"https:\/\/semmelweis.hu\/fok\/wp-json\/wp\/v2\/pages\/5183\/revisions"}],"predecessor-version":[{"id":11611,"href":"https:\/\/semmelweis.hu\/fok\/wp-json\/wp\/v2\/pages\/5183\/revisions\/11611"}],"up":[{"embeddable":true,"href":"https:\/\/semmelweis.hu\/fok\/wp-json\/wp\/v2\/pages\/6071"}],"wp:attachment":[{"href":"https:\/\/semmelweis.hu\/fok\/wp-json\/wp\/v2\/media?parent=5183"}],"wp:term":[{"taxonomy":"category","embeddable":true,"href":"https:\/\/semmelweis.hu\/fok\/wp-json\/wp\/v2\/categories?post=5183"},{"taxonomy":"post_tag","embeddable":true,"href":"https:\/\/semmelweis.hu\/fok\/wp-json\/wp\/v2\/tags?post=5183"}],"curies":[{"name":"wp","href":"https:\/\/api.w.org\/{rel}","templated":true}]}}