{"id":3984,"date":"2019-06-20T15:49:58","date_gmt":"2019-06-20T13:49:58","guid":{"rendered":"http:\/\/semmelweis.hu\/fok\/?page_id=3984"},"modified":"2024-07-03T07:33:17","modified_gmt":"2024-07-03T05:33:17","slug":"tajekoztato-fogorvosok-reszere-a-magyarorszagon-torteno-egeszsegugyi-tevekenyseg-megkezdese-elotti-teendokrol","status":"publish","type":"page","link":"https:\/\/semmelweis.hu\/fok\/hallgatoi-hirek\/tudnivalok-2\/tajekoztato-fogorvosok-reszere-a-magyarorszagon-torteno-egeszsegugyi-tevekenyseg-megkezdese-elotti-teendokrol\/","title":{"rendered":"T\u00e1j\u00e9koztat\u00f3 fogorvosi diplom\u00e1val rendelkez\u0151k r\u00e9sz\u00e9re a Magyarorsz\u00e1gon t\u00f6rt\u00e9n\u0151 eg\u00e9szs\u00e9g\u00fcgyi tev\u00e9kenys\u00e9g megkezd\u00e9se el\u0151tti teend\u0151kr\u0151l"},"content":{"rendered":"<p><a href=\"https:\/\/www.enkk.hu\/index.php\/hun\/nyilvantartasi-es-tovabbkepzesi-foosztaly-mukodesi-kartya-tovabbkepzesi-programok\/orvosok-fogorvosok-gyogyszereszek-klinikai-vegzettseguek\/altalanos-tudnivalok\">Orsz\u00e1gos K\u00f3rh\u00e1zi F\u0151igazgat\u00f3s\u00e1g T\u00e1j\u00e9koztat\u00e1sa<\/a><\/p>\n<p><a href=\"https:\/\/www.kamara.fogorvos.hu\/?module=news&amp;action=show&amp;nid=231117\"><strong>T\u00c1J\u00c9KOZTAT\u00d3 FOGORVOSOK R\u00c9SZ\u00c9RE A MAGYARORSZ\u00c1GON T\u00d6RT\u00c9N\u0150 EG\u00c9SZS\u00c9G\u00dcGYI TEV\u00c9KENYS\u00c9G MEGKEZD\u00c9SE EL\u0150TTI TEEND\u0150KR\u0150L<\/strong><\/a><\/p>\n<p><a href=\"https:\/\/kereso.enkk.hu\/index.php#\">Alap- \u00e9s M\u0171k\u00f6d\u00e9si keres\u0151<\/a><\/p>\n<p>&nbsp;<\/p>\n<p>&nbsp;<\/p>\n","protected":false},"excerpt":{"rendered":"<p><a href=\"https:\/\/www.enkk.hu\/index.php\/hun\/nyilvantartasi-es-tovabbkepzesi-foosztaly-mukodesi-kartya-tovabbkepzesi-programok\/orvosok-fogorvosok-gyogyszereszek-klinikai-vegzettseguek\/altalanos-tudnivalok\">Orsz\u00e1gos K\u00f3rh\u00e1zi F\u0151igazgat\u00f3s\u00e1g T\u00e1j\u00e9koztat\u00e1sa<\/a><br \/>\n<a href=\"https:\/\/www.kamara.fogorvos.hu\/?module=news&amp;action=show&amp;nid=231117\">T\u00c1J\u00c9KOZTAT\u00d3 FOGORVOSOK R\u00c9SZ\u00c9RE A MAGYARORSZ\u00c1GON T\u00d6RT\u00c9N\u0150 EG\u00c9SZS\u00c9G\u00dcGYI TEV\u00c9KENYS\u00c9G MEGKEZD\u00c9SE EL\u0150TTI TEEND\u0150KR\u0150L<\/a><br \/>\n<a href=\"https:\/\/kereso.enkk.hu\/index.php#\">Alap- \u00e9s M\u0171k\u00f6d\u00e9si keres\u0151<\/a><br \/>\n&nbsp;<br \/>\n&nbsp;<\/p>\n","protected":false},"author":101171,"featured_media":0,"parent":1109,"menu_order":0,"comment_status":"closed","ping_status":"closed","template":"","meta":{"_acf_changed":false,"footnotes":""},"categories":[],"tags":[],"class_list":["post-3984","page","type-page","status-publish","hentry"],"acf":[],"_links":{"self":[{"href":"https:\/\/semmelweis.hu\/fok\/wp-json\/wp\/v2\/pages\/3984","targetHints":{"allow":["GET"]}}],"collection":[{"href":"https:\/\/semmelweis.hu\/fok\/wp-json\/wp\/v2\/pages"}],"about":[{"href":"https:\/\/semmelweis.hu\/fok\/wp-json\/wp\/v2\/types\/page"}],"author":[{"embeddable":true,"href":"https:\/\/semmelweis.hu\/fok\/wp-json\/wp\/v2\/users\/101171"}],"replies":[{"embeddable":true,"href":"https:\/\/semmelweis.hu\/fok\/wp-json\/wp\/v2\/comments?post=3984"}],"version-history":[{"count":11,"href":"https:\/\/semmelweis.hu\/fok\/wp-json\/wp\/v2\/pages\/3984\/revisions"}],"predecessor-version":[{"id":9818,"href":"https:\/\/semmelweis.hu\/fok\/wp-json\/wp\/v2\/pages\/3984\/revisions\/9818"}],"up":[{"embeddable":true,"href":"https:\/\/semmelweis.hu\/fok\/wp-json\/wp\/v2\/pages\/1109"}],"wp:attachment":[{"href":"https:\/\/semmelweis.hu\/fok\/wp-json\/wp\/v2\/media?parent=3984"}],"wp:term":[{"taxonomy":"category","embeddable":true,"href":"https:\/\/semmelweis.hu\/fok\/wp-json\/wp\/v2\/categories?post=3984"},{"taxonomy":"post_tag","embeddable":true,"href":"https:\/\/semmelweis.hu\/fok\/wp-json\/wp\/v2\/tags?post=3984"}],"curies":[{"name":"wp","href":"https:\/\/api.w.org\/{rel}","templated":true}]}}