{"id":3636,"date":"2019-01-10T09:06:42","date_gmt":"2019-01-10T08:06:42","guid":{"rendered":"http:\/\/semmelweis.hu\/fok\/?page_id=3636"},"modified":"2025-04-29T12:25:15","modified_gmt":"2025-04-29T10:25:15","slug":"unkp-palyazat","status":"publish","type":"page","link":"https:\/\/semmelweis.hu\/fok\/hallgatoi-hirek\/palyazati-felhivasok-hallgatoknak\/unkp-palyazat\/","title":{"rendered":"\u00c9v Fogorvostan-hallgat\u00f3ja &#8211; 2025"},"content":{"rendered":"<p>P\u00c1LY\u00c1ZATI FELH\u00cdV\u00c1S &#8211; <strong>Az \u00e9v Fogorvoshallgat\u00f3ja<\/strong><\/p>\n<p>A Magyar Eg\u00e9szs\u00e9g\u00fcgyi Menedzsment T\u00e1rsas\u00e1g p\u00e1ly\u00e1zatot \u00edr ki az \u201e\u00c9v fogorvoshallgat\u00f3ja\u201d c\u00edmmel.<\/p>\n<p>Az 500.000 forintos p\u00e9nzjutalommal j\u00e1r\u00f3 d\u00edj c\u00e9lja elismerni a sikeres egyetemi tanulm\u00e1nyaik mellett kiemelked\u0151 k\u00f6z\u00e9leti teljes\u00edtm\u00e9nyt ny\u00fajt\u00f3 fogorvoshallgat\u00f3kat, akik legt\u00f6bbet tesznek az emberek\u00e9rt, a k\u00f6z\u00f6ss\u00e9g\u00e9rt, \u00e9s a j\u00f6v\u0151 eg\u00e9szs\u00e9g\u00fcgyi szakemberei lehetnek.<\/p>\n<blockquote class=\"wp-embedded-content\" data-secret=\"orji98LqrZ\"><p><a href=\"https:\/\/memt.hu\/dijaink-palyazataink\/ev-fogorvostan-hallgatoja\/\">\u00c9v Fogorvostan-hallgat\u00f3ja D\u00edj 2025<\/a><\/p><\/blockquote>\n<p><iframe loading=\"lazy\" class=\"wp-embedded-content\" sandbox=\"allow-scripts\" security=\"restricted\" style=\"position: absolute; visibility: hidden;\" title=\"&#8220;\u00c9v Fogorvostan-hallgat\u00f3ja D\u00edj 2025&#8221; &#8212; Magyar Eg\u00e9szs\u00e9g\u00fcgyi Menedzsment T\u00e1rsas\u00e1g\" src=\"https:\/\/memt.hu\/dijaink-palyazataink\/ev-fogorvostan-hallgatoja\/embed\/#?secret=66Bo0XG61l#?secret=orji98LqrZ\" data-secret=\"orji98LqrZ\" width=\"600\" height=\"338\" frameborder=\"0\" marginwidth=\"0\" marginheight=\"0\" scrolling=\"no\"><\/iframe><\/p>\n<p>&nbsp;<\/p>\n<p>&nbsp;<\/p>\n","protected":false},"excerpt":{"rendered":"<p>P\u00c1LY\u00c1ZATI FELH\u00cdV\u00c1S &#8211; Az \u00e9v Fogorvoshallgat\u00f3ja<br \/>\nA Magyar Eg\u00e9szs\u00e9g\u00fcgyi Menedzsment T\u00e1rsas\u00e1g p\u00e1ly\u00e1zatot \u00edr ki az \u201e\u00c9v fogorvoshallgat\u00f3ja\u201d c\u00edmmel.<br \/>\nAz 500.000 forintos p\u00e9nzjutalommal j\u00e1r\u00f3 d\u00edj c\u00e9lja elismerni a sikeres egyetemi tanulm\u00e1nyaik mellett kiemelked\u0151 k\u00f6z\u00e9leti teljes\u00edtm\u00e9nyt ny\u00fajt\u00f3 fogorvoshallgat\u00f3kat, akik legt\u00f6bbet tesznek az emberek\u00e9rt, a k\u00f6z\u00f6ss\u00e9g\u00e9rt, \u00e9s a j\u00f6v\u0151 eg\u00e9szs\u00e9g\u00fcgyi szakemberei lehetnek.<br \/>\n<a href=\"https:\/\/memt.hu\/dijaink-palyazataink\/ev-fogorvostan-hallgatoja\/\">\u00c9v Fogorvostan-hallgat\u00f3ja D\u00edj 2025<\/a><\/p>\n<p>&nbsp;<br \/>\n&nbsp;<\/p>\n","protected":false},"author":101171,"featured_media":0,"parent":3380,"menu_order":0,"comment_status":"closed","ping_status":"closed","template":"","meta":{"_acf_changed":false,"footnotes":""},"categories":[],"tags":[],"class_list":["post-3636","page","type-page","status-publish","hentry"],"acf":[],"_links":{"self":[{"href":"https:\/\/semmelweis.hu\/fok\/wp-json\/wp\/v2\/pages\/3636","targetHints":{"allow":["GET"]}}],"collection":[{"href":"https:\/\/semmelweis.hu\/fok\/wp-json\/wp\/v2\/pages"}],"about":[{"href":"https:\/\/semmelweis.hu\/fok\/wp-json\/wp\/v2\/types\/page"}],"author":[{"embeddable":true,"href":"https:\/\/semmelweis.hu\/fok\/wp-json\/wp\/v2\/users\/101171"}],"replies":[{"embeddable":true,"href":"https:\/\/semmelweis.hu\/fok\/wp-json\/wp\/v2\/comments?post=3636"}],"version-history":[{"count":10,"href":"https:\/\/semmelweis.hu\/fok\/wp-json\/wp\/v2\/pages\/3636\/revisions"}],"predecessor-version":[{"id":10709,"href":"https:\/\/semmelweis.hu\/fok\/wp-json\/wp\/v2\/pages\/3636\/revisions\/10709"}],"up":[{"embeddable":true,"href":"https:\/\/semmelweis.hu\/fok\/wp-json\/wp\/v2\/pages\/3380"}],"wp:attachment":[{"href":"https:\/\/semmelweis.hu\/fok\/wp-json\/wp\/v2\/media?parent=3636"}],"wp:term":[{"taxonomy":"category","embeddable":true,"href":"https:\/\/semmelweis.hu\/fok\/wp-json\/wp\/v2\/categories?post=3636"},{"taxonomy":"post_tag","embeddable":true,"href":"https:\/\/semmelweis.hu\/fok\/wp-json\/wp\/v2\/tags?post=3636"}],"curies":[{"name":"wp","href":"https:\/\/api.w.org\/{rel}","templated":true}]}}