{"id":3384,"date":"2018-09-17T11:47:39","date_gmt":"2018-09-17T09:47:39","guid":{"rendered":"http:\/\/semmelweis.hu\/fok\/?page_id=3384"},"modified":"2025-07-04T10:20:05","modified_gmt":"2025-07-04T08:20:05","slug":"oktatas","status":"publish","type":"page","link":"https:\/\/semmelweis.hu\/fok\/oktatas\/","title":{"rendered":"A kar oktat\u00e1si tev\u00e9kenys\u00e9ge"},"content":{"rendered":"<h4><strong>Digit\u00e1lis fog\u00e1szati tervez\u0151 szak<br \/>\n<\/strong><\/h4>\n<p>A Kar a 2022\/23-as tan\u00e9vben ind\u00edtotta el a h\u00e1rom\u00e9ves <strong>digit\u00e1lis fog\u00e1szati tervez\u00e9s alapszak<\/strong>ot levelez\u0151 rendszerben. A k\u00f6zelj\u00f6v\u0151ben a klasszikus fogtechnikusi munka drasztikus v\u00e1ltoz\u00e1sokon megy majd kereszt\u00fcl: az IT t\u00e1mogat\u00e1s\u00fa gy\u00e1rt\u00e1stechnol\u00f3gia gyorsabban, olcs\u00f3bb, azonos, vagy magasabb szint\u0171 min\u0151s\u00e9get eredm\u00e9nyez. A <strong>digit\u00e1lis fog\u00e1szati tervez\u00e9s<\/strong> alapk\u00e9pz\u00e9si szakon diplom\u00e1z\u00f3k birtok\u00e1ban vannak mindazon elm\u00e9leti \u00e9s gyakorlati ismereteknek, melyek seg\u00edts\u00e9g\u00e9vel k\u00e9pesek a fogorvosi team tagjak\u00e9nt tud\u00e1sukkal hozz\u00e1j\u00e1rulni a fogtechnikai laborat\u00f3riumok digitaliz\u00e1ci\u00f3j\u00e1hoz, a fog\u00e1szat egy\u00e9b ter\u00fcletein alkalmazott digit\u00e1lis technol\u00f3gi\u00e1k m\u0171k\u00f6dtet\u00e9s\u00e9hez \u00e9s fejleszt\u00e9s\u00e9hez, k\u00fcl\u00f6nb\u00f6z\u0151 innov\u00e1ci\u00f3k szakm\u00e1n bel\u00fcli telep\u00edt\u00e9s\u00e9hez.<\/p>\n<p><a href=\"https:\/\/semmelweis.hu\/fok\/felvetelizoknek\/digitalis-fogaszati-tervezo-szak\/\"><strong>Felv\u00e9teli ismertet\u0151 a digit\u00e1lis fog\u00e1szati tervez\u00e9s alapszakr\u00f3l \u2192<\/strong> <\/a><\/p>\n<h4><strong>Fogorvos szak<br \/>\n<\/strong><\/h4>\n<p><a href=\"https:\/\/semmelweis.hu\/fok\/files\/2012\/02\/RS16694_IMG_2195-scr.jpg\"><img loading=\"lazy\" decoding=\"async\" class=\"alignright wp-image-558\" src=\"https:\/\/semmelweis.hu\/fok\/files\/2012\/02\/RS16694_IMG_2195-scr.jpg\" alt=\"RS16694_IMG_2195-scr\" width=\"292\" height=\"438\" \/><\/a>A fogorvosk\u00e9pz\u00e9s osztatlan \u00f6t \u00e9ves k\u00e9pz\u00e9s, melynek befejez\u00e9s\u00e9t k\u00f6vet\u0151en a jel\u00f6ltek <strong>fogorvosdoktori diplom\u00e1t<\/strong> kapnak. Ezt k\u00f6vetheti a <strong>szakorvosk\u00e9pz\u00e9si (rezidens)<\/strong> id\u0151szak, melynek sikeres befejez\u00e9s\u00e9t k\u00f6vet\u0151en fogszakorvosi oklevelet kapnak a jel\u00f6ltek.<\/p>\n<p>A fogorvosok sz\u00e1m\u00e1ra a <strong>k\u00f6telez\u0151, folyamatos tov\u00e1bbk\u00e9pz\u00e9s<\/strong> kreditrendszerben val\u00f3sul meg. Az \u00f6t\u00e9ves egyetemi oktat\u00e1s els\u0151 k\u00e9t \u00e9v\u00e9ben a hallgat\u00f3k els\u0151sorban \u00e1ltal\u00e1nos alapt\u00e1rgyakat hallgatnak, melyek tartalma hasonl\u00f3 az \u00e1ltal\u00e1nos karon oktatott anyaghoz, ezenfel\u00fcl speci\u00e1lis fogorvosi szakir\u00e1ny\u00fa ismereteket is tartalmaz.<\/p>\n<p>Az alapoz\u00f3 tant\u00e1rgyak, valamint az \u00e1ltal\u00e1nos orvosi ismeretek elsaj\u00e1t\u00edt\u00e1sa a t\u00e1rskarok int\u00e9zeteiben \u00e9s klinik\u00e1in zajlik. M\u00e1r a k\u00e9pz\u00e9s els\u0151 id\u0151szak\u00e1ban oktat\u00e1sra ker\u00fclnek egyes speci\u00e1lis fogorvosi alapoz\u00f3 tant\u00e1rgyak is. A harmadik \u00e9vt\u0151l, az \u00e1ltal\u00e1nos orvosi ismeretek mellett egyre nagyobb szerephez jutnak a fogorvosi t\u00e1rgyak, s jelent\u0151sen megn\u0151 a szakt\u00e1rgyi gyakorlatok sz\u00e1ma. A szakt\u00e1rgyak elsaj\u00e1t\u00edt\u00e1s\u00e1t a Karon jelenleg oktat\u00f3, k\u00f6zel hatvan fogorvos seg\u00edti. A kis csoportokban foly\u00f3 fogorvosi gyakorlati oktat\u00e1s eredm\u00e9nyek\u00e9nt di\u00e1kjaink a diploma k\u00e9zhezv\u00e9telekor \u00f6n\u00e1ll\u00f3 fogorvosi tev\u00e9kenys\u00e9g v\u00e9gz\u00e9s\u00e9re alkalmasak. <a href=\"https:\/\/semmelweis.hu\/english\/education\/academic-programmes\/\" target=\"_blank\" rel=\"noopener noreferrer\">A magyar nyelv\u0171 k\u00e9pz\u00e9s mellett jelent\u0151s a k\u00fclf\u00f6ldi di\u00e1kok k\u00e9pz\u00e9se is.<\/a> Eddig a Kar fenn\u00e1ll\u00e1sa \u00f3ta k\u00f6zel 4800 fogorvost k\u00e9pezt\u00fcnk, ebb\u0151l mintegy 800 volt k\u00fclf\u00f6ldi. A k\u00fclf\u00f6ldiek 36 nemzet k\u00e9pvisel\u0151i voltak.<\/p>\n<p><a href=\"https:\/\/semmelweis.hu\/fok\/a-fogorvosi-oktatasrol\/felvetelizoknek\/\"><strong>Felv\u00e9teli ismertet\u0151 a fogorvosk\u00e9pz\u00e9sr\u0151l \u2192<\/strong><\/a><\/p>\n","protected":false},"excerpt":{"rendered":"<p>Digit\u00e1lis fog\u00e1szati tervez\u0151 szak A Kar a 2022\/23-as tan\u00e9vben ind\u00edtotta el a h\u00e1rom\u00e9ves digit\u00e1lis fog\u00e1szati tervez\u00e9s alapszakot levelez\u0151 rendszerben. A k\u00f6zelj\u00f6v\u0151ben a klasszikus fogtechnikusi munka drasztikus v\u00e1ltoz\u00e1sokon megy majd kereszt\u00fcl: az IT t\u00e1mogat\u00e1s\u00fa gy\u00e1rt\u00e1stechnol\u00f3gia gyorsabban, olcs\u00f3bb, azonos, vagy magasabb szint\u0171 min\u0151s\u00e9get eredm\u00e9nyez. A digit\u00e1lis fog\u00e1szati tervez\u00e9s alapk\u00e9pz\u00e9si szakon diplom\u00e1z\u00f3k birtok\u00e1ban vannak mindazon elm\u00e9leti \u00e9s gyakorlati &hellip;<\/p>\n","protected":false},"author":12,"featured_media":0,"parent":0,"menu_order":2,"comment_status":"closed","ping_status":"closed","template":"","meta":{"_acf_changed":false,"footnotes":""},"categories":[],"tags":[],"class_list":["post-3384","page","type-page","status-publish","hentry"],"acf":[],"_links":{"self":[{"href":"https:\/\/semmelweis.hu\/fok\/wp-json\/wp\/v2\/pages\/3384","targetHints":{"allow":["GET"]}}],"collection":[{"href":"https:\/\/semmelweis.hu\/fok\/wp-json\/wp\/v2\/pages"}],"about":[{"href":"https:\/\/semmelweis.hu\/fok\/wp-json\/wp\/v2\/types\/page"}],"author":[{"embeddable":true,"href":"https:\/\/semmelweis.hu\/fok\/wp-json\/wp\/v2\/users\/12"}],"replies":[{"embeddable":true,"href":"https:\/\/semmelweis.hu\/fok\/wp-json\/wp\/v2\/comments?post=3384"}],"version-history":[{"count":10,"href":"https:\/\/semmelweis.hu\/fok\/wp-json\/wp\/v2\/pages\/3384\/revisions"}],"predecessor-version":[{"id":11080,"href":"https:\/\/semmelweis.hu\/fok\/wp-json\/wp\/v2\/pages\/3384\/revisions\/11080"}],"wp:attachment":[{"href":"https:\/\/semmelweis.hu\/fok\/wp-json\/wp\/v2\/media?parent=3384"}],"wp:term":[{"taxonomy":"category","embeddable":true,"href":"https:\/\/semmelweis.hu\/fok\/wp-json\/wp\/v2\/categories?post=3384"},{"taxonomy":"post_tag","embeddable":true,"href":"https:\/\/semmelweis.hu\/fok\/wp-json\/wp\/v2\/tags?post=3384"}],"curies":[{"name":"wp","href":"https:\/\/api.w.org\/{rel}","templated":true}]}}

A kar oktatási tevékenysége

<h4><strong>Digitális fogászati tervező szak<br />
</strong></h4>
<p>A Kar a 2022/23-as tanévben indította el a hároméves <strong>digitális fogászati tervezés alapszak</strong>ot levelező rendszerben. A közeljövőben a klasszikus fogtechnikusi munka drasztikus változásokon megy majd keresztül: az IT támogatású gyártástechnológia gyorsabban, olcsóbb, azonos, vagy magasabb szintű minőséget eredményez. A <strong>digitális fogászati tervezés</strong> alapképzési szakon diplomázók birtokában vannak mindazon elméleti és gyakorlati ismereteknek, melyek segítségével képesek a fogorvosi team tagjaként tudásukkal hozzájárulni a fogtechnikai laboratóriumok digitalizációjához, a fogászat egyéb területein alkalmazott digitális technológiák működtetéséhez és fejlesztéséhez, különböző innovációk szakmán belüli telepítéséhez.</p>
<p><a href="https://semmelweis.hu/fok/felvetelizoknek/digitalis-fogaszati-tervezo-szak/"><strong>Felvételi ismertető a digitális fogászati tervezés alapszakról →</strong> </a></p>
<h4><strong>Fogorvos szak<br />
</strong></h4>
<p><a href="https://semmelweis.hu/fok/files/2012/02/RS16694_IMG_2195-scr.jpg"><img loading="lazy" decoding="async" class="alignright wp-image-558" src="https://semmelweis.hu/fok/files/2012/02/RS16694_IMG_2195-scr.jpg" alt="RS16694_IMG_2195-scr" width="292" height="438" /></a>A fogorvosképzés osztatlan öt éves képzés, melynek befejezését követően a jelöltek <strong>fogorvosdoktori diplomát</strong> kapnak. Ezt követheti a <strong>szakorvosképzési (rezidens)</strong> időszak, melynek sikeres befejezését követően fogszakorvosi oklevelet kapnak a jelöltek.</p>
<p>A fogorvosok számára a <strong>kötelező, folyamatos továbbképzés</strong> kreditrendszerben valósul meg. Az ötéves egyetemi oktatás első két évében a hallgatók elsősorban általános alaptárgyakat hallgatnak, melyek tartalma hasonló az általános karon oktatott anyaghoz, ezenfelül speciális fogorvosi szakirányú ismereteket is tartalmaz.</p>
<p>Az alapozó tantárgyak, valamint az általános orvosi ismeretek elsajátítása a társkarok intézeteiben és klinikáin zajlik. Már a képzés első időszakában oktatásra kerülnek egyes speciális fogorvosi alapozó tantárgyak is. A harmadik évtől, az általános orvosi ismeretek mellett egyre nagyobb szerephez jutnak a fogorvosi tárgyak, s jelentősen megnő a szaktárgyi gyakorlatok száma. A szaktárgyak elsajátítását a Karon jelenleg oktató, közel hatvan fogorvos segíti. A kis csoportokban folyó fogorvosi gyakorlati oktatás eredményeként diákjaink a diploma kézhezvételekor önálló fogorvosi tevékenység végzésére alkalmasak. <a href="https://semmelweis.hu/english/education/academic-programmes/" target="_blank" rel="noopener noreferrer">A magyar nyelvű képzés mellett jelentős a külföldi diákok képzése is.</a> Eddig a Kar fennállása óta közel 4800 fogorvost képeztünk, ebből mintegy 800 volt külföldi. A külföldiek 36 nemzet képviselői voltak.</p>
<p><a href="https://semmelweis.hu/fok/a-fogorvosi-oktatasrol/felvetelizoknek/"><strong>Felvételi ismertető a fogorvosképzésről →</strong></a></p>

<p>Digitális fogászati tervező szak A Kar a 2022/23-as tanévben indította el a hároméves digitális fogászati tervezés alapszakot levelező rendszerben. A közeljövőben a klasszikus fogtechnikusi munka drasztikus változásokon megy majd keresztül: az IT támogatású gyártástechnológia gyorsabban, olcsóbb, azonos, vagy magasabb szintű minőséget eredményez. A digitális fogászati tervezés alapképzési szakon diplomázók birtokában vannak mindazon elméleti és gyakorlati &hellip;</p>
