{"id":2746,"date":"2018-02-20T09:21:15","date_gmt":"2018-02-20T08:21:15","guid":{"rendered":"http:\/\/semmelweis.hu\/fok\/?page_id=2746"},"modified":"2025-06-04T14:53:03","modified_gmt":"2025-06-04T12:53:03","slug":"arkovy-emlekerem-dijazottjai","status":"publish","type":"page","link":"https:\/\/semmelweis.hu\/fok\/a-karrol\/arkovy-emlekerem-dijazottjai\/","title":{"rendered":"\u00c1rk\u00f6vy Eml\u00e9k\u00e9rem"},"content":{"rendered":"<div>\n<div class=\"keretes w-100\">\n<h3 style=\"text-align: justify\"><span style=\"font-size: 14pt\"><strong>\u00c1rk\u00f6vy J\u00f3zsef Eml\u00e9k\u00e9rme \u00e9s Jutalomd\u00edj<\/strong> &#8211; a Fogorvostudom\u00e1nyi Kar legrangosabb kit\u00fcntet\u00e9se.<\/span><br \/>\n<span style=\"font-size: 14pt\">Az \u00c1rk\u00f6vy eml\u00e9k\u00e9rmet \u00e9s jutalomd\u00edjat k\u00e9t \u00e9venk\u00e9nt \u00edt\u00e9li oda a Kar az el\u0151z\u0151 2 \u00e9vben nyomtat\u00e1sban megjelent legkiemelked\u0151bb fogorvosi m\u0171 (tank\u00f6nyv, k\u00e9zik\u00f6nyv, monogr\u00e1fia, sz\u00e9lesk\u00f6r\u0171 kutat\u00e1son alapul\u00f3 k\u00f6zlem\u00e9ny) szerz\u0151j\u00e9nek, illetve azon szem\u00e9lynek, aki a fogorvosk\u00e9pz\u00e9sben, a tudom\u00e1nyos kutat\u00e1sban, a fogorvosi ell\u00e1t\u00e1s szervez\u00e9s\u00e9ben, a lakoss\u00e1g fog\u00e1szati ell\u00e1t\u00e1s\u00e1ban kiemelked\u0151 eredm\u00e9nyt \u00e9rt el. Az eml\u00e9k\u00e9rme \u00e9s jutalomd\u00edj oda\u00edt\u00e9l\u00e9s\u00e9re javaslatot a Fogorvostudom\u00e1nyi Kar d\u00e9k\u00e1nja &#8211; a hozz\u00e1 be\u00e9rkezett aj\u00e1nl\u00e1sok alapj\u00e1n, a kari vezet\u0151s\u00e9ggel egyeztetve\u00a0 &#8211; tesz a Kari Tan\u00e1csnak, mely titkos szavaz\u00e1ssal d\u00f6nt a kit\u00fcntetett szem\u00e9ly\u00e9r\u0151l. Aj\u00e1nl\u00e1st k\u00e9t\u00e9vente,\u00a0 janu\u00e1r 31-ig a Kar valamennyi polg\u00e1ra tehet. Az \u00c1rk\u00f6vy eml\u00e9k\u00e9rme \u00e9s jutalomd\u00edj \u00e1tad\u00e1s\u00e1ra a Kar\u00a0 rendezv\u00e9ny\u00e9n ker\u00fcl sor, \u00c1rk\u00f6vy eml\u00e9kel\u0151ad\u00e1s keret\u00e9ben (30-45 perc), amelynek tudom\u00e1nyos t\u00e9m\u00e1j\u00e1t a kit\u00fcntetett hat\u00e1rozza meg.<\/span><\/h3>\n<\/div>\n<\/div>\n<h3>\u00a0<\/h3>\n<h3>\u00c1rk\u00f6vy Eml\u00e9k\u00e9rme \u00e9s Jutalomd\u00edj kit\u00fcntet\u00e9sben r\u00e9szes\u00fcltek n\u00e9vsora<\/h3>\n<p>1963. Dr. Balogh K\u00e1roly egyetemi tan\u00e1r<br \/>\n1967. Dr. Ferenczy K\u00e1roly egyetemi docens<br \/>\n1969. Dr. Varga Istv\u00e1n egyetemi tan\u00e1r<br \/>\n1971. Dr. Kem\u00e9ny Imre c. egyetemi tan\u00e1r ( K\u00f6zp. Stom. Int.)<br \/>\n1974. Dr. Adler P\u00e9ter egyetemi tan\u00e1r<br \/>\n1975. Dr. Ber\u00e9nyi B\u00e9la egyetemi tan\u00e1r<br \/>\n1976. Dr. T\u00f3th K\u00e1roly egyetemi tan\u00e1r (SZOTE)<br \/>\n1978. Dr. B\u00e1n\u00f3czy Jol\u00e1n egyetemi tan\u00e1r<br \/>\n1981. Dr. F\u00e1bi\u00e1n Tibor egyetemi tan\u00e1r<br \/>\n1983. Dr. Ors\u00f3s S\u00e1ndor igazgat\u00f3 f\u0151orvos (K\u00f6zp. Stom.Int.)<br \/>\n1985. Dr. D\u00e9nes J\u00f3zsef egyetemi tan\u00e1r<br \/>\n1985. Dr. Szab\u00f3 Imre egyetemi tan\u00e1r (POTE)<br \/>\n1987. Dr. Zelles Tivadar egyetemi tan\u00e1r<br \/>\n1989. Dr. Szab\u00f3 Gy\u00f6rgy egyetemi tan\u00e1r<br \/>\n1993. Dr. Mari Albert egyetemi tan\u00e1r (SZOTE)<br \/>\n1994. Dr. Schrancz D\u00e9nes ny. egyetemi tan\u00e1r (rendkiv.)<br \/>\n1994. Dr. Husz\u00e1r Gy\u00f6rgy ny. c. egyetemi tan\u00e1r (rendkiv.)<br \/>\n1998. Dr. Fej\u00e9rdy P\u00e1l egyetemi tan\u00e1r<br \/>\n2003. Dr. Ka\u00e1n Mikl\u00f3s egyetemi tan\u00e1r<br \/>\n2005. Dr. M\u00e1rton Ildik\u00f3 egyetemi tan\u00e1r (DE)<br \/>\n2010. Dr. Gera Istv\u00e1n egyetemi tan\u00e1r<br \/>\n2012. Dr. Varga G\u00e1bor egyetemi tan\u00e1r<br \/>\n2013. Dr. Fazekas \u00c1rp\u00e1d egyetemi tan\u00e1r<br \/>\n2015. Dr. Nagy Katalin egyetemi tan\u00e1r<br \/>\n2018. Dr. Feh\u00e9r Erzs\u00e9bet egyetemi tan\u00e1r<br \/>\n2020. Dr. Heged\u0171s Csaba egyetemi tan\u00e1r (DE)<br \/>\n2022. Dr. Hermann P\u00e9ter egyetemi tan\u00e1r<br \/>\n2024. Dr. Gerle J\u00e1nos egyetemi adjunktus, igazgat\u00f3<\/p>\n<p><a href=\"https:\/\/semmelweis.hu\/fok\/files\/2024\/02\/Arkovy-Jozsef-emlekerem-es-jutalomdij_2022.pdf\">\u00c1rk\u00f6vy Eml\u00e9k\u00e9rem \u00e9s Jutalomd\u00edj Szab\u00e1lyzata (pdf)<\/a><\/p>\n","protected":false},"excerpt":{"rendered":"<p>\u00c1rk\u00f6vy J\u00f3zsef Eml\u00e9k\u00e9rme \u00e9s Jutalomd\u00edj &#8211; a Fogorvostudom\u00e1nyi Kar legrangosabb kit\u00fcntet\u00e9se. Az \u00c1rk\u00f6vy eml\u00e9k\u00e9rmet \u00e9s jutalomd\u00edjat k\u00e9t \u00e9venk\u00e9nt \u00edt\u00e9li oda a Kar az el\u0151z\u0151 2 \u00e9vben nyomtat\u00e1sban megjelent legkiemelked\u0151bb fogorvosi m\u0171 (tank\u00f6nyv, k\u00e9zik\u00f6nyv, monogr\u00e1fia, sz\u00e9lesk\u00f6r\u0171 kutat\u00e1son alapul\u00f3 k\u00f6zlem\u00e9ny) szerz\u0151j\u00e9nek, illetve azon szem\u00e9lynek, aki a fogorvosk\u00e9pz\u00e9sben, a tudom\u00e1nyos kutat\u00e1sban, a fogorvosi ell\u00e1t\u00e1s szervez\u00e9s\u00e9ben, a lakoss\u00e1g fog\u00e1szati &hellip;<\/p>\n","protected":false},"author":101171,"featured_media":0,"parent":5,"menu_order":9,"comment_status":"closed","ping_status":"closed","template":"template-fullwidth.php","meta":{"_acf_changed":false,"footnotes":""},"categories":[],"tags":[],"class_list":["post-2746","page","type-page","status-publish","hentry"],"acf":[],"_links":{"self":[{"href":"https:\/\/semmelweis.hu\/fok\/wp-json\/wp\/v2\/pages\/2746","targetHints":{"allow":["GET"]}}],"collection":[{"href":"https:\/\/semmelweis.hu\/fok\/wp-json\/wp\/v2\/pages"}],"about":[{"href":"https:\/\/semmelweis.hu\/fok\/wp-json\/wp\/v2\/types\/page"}],"author":[{"embeddable":true,"href":"https:\/\/semmelweis.hu\/fok\/wp-json\/wp\/v2\/users\/101171"}],"replies":[{"embeddable":true,"href":"https:\/\/semmelweis.hu\/fok\/wp-json\/wp\/v2\/comments?post=2746"}],"version-history":[{"count":10,"href":"https:\/\/semmelweis.hu\/fok\/wp-json\/wp\/v2\/pages\/2746\/revisions"}],"predecessor-version":[{"id":10794,"href":"https:\/\/semmelweis.hu\/fok\/wp-json\/wp\/v2\/pages\/2746\/revisions\/10794"}],"up":[{"embeddable":true,"href":"https:\/\/semmelweis.hu\/fok\/wp-json\/wp\/v2\/pages\/5"}],"wp:attachment":[{"href":"https:\/\/semmelweis.hu\/fok\/wp-json\/wp\/v2\/media?parent=2746"}],"wp:term":[{"taxonomy":"category","embeddable":true,"href":"https:\/\/semmelweis.hu\/fok\/wp-json\/wp\/v2\/categories?post=2746"},{"taxonomy":"post_tag","embeddable":true,"href":"https:\/\/semmelweis.hu\/fok\/wp-json\/wp\/v2\/tags?post=2746"}],"curies":[{"name":"wp","href":"https:\/\/api.w.org\/{rel}","templated":true}]}}