{"id":10919,"date":"2025-06-04T12:48:42","date_gmt":"2025-06-04T10:48:42","guid":{"rendered":"https:\/\/semmelweis.hu\/fok\/?page_id=10919"},"modified":"2026-01-06T10:52:46","modified_gmt":"2026-01-06T09:52:46","slug":"kari-tanacs-tagjai","status":"publish","type":"page","link":"https:\/\/semmelweis.hu\/fok\/a-karrol\/kari-tanacs\/kari-tanacs-tagjai\/","title":{"rendered":"Kari Tan\u00e1cs tagjai"},"content":{"rendered":"<pre><strong>A Kari Tan\u00e1cs a Kar legf\u0151bb d\u00f6nt\u00e9shoz\u00f3 test\u00fclete<\/strong><\/pre>\n<h1>A Fogorvostudom\u00e1nyi Kar Kari Tan\u00e1cs\u00e1nak tagjai<\/h1>\n<h5>\u00a02025. szeptembert\u0151l<\/h5>\n<h6>A Semmelweis\u00a0 Egyetem Szervezeti \u00e9s M\u0171k\u00f6d\u00e9si Szab\u00e1lyzat\u00e1ban foglaltak \u00e9rtelm\u00e9ben, a Fogorvostudom\u00e1nyi Kar Tan\u00e1cs\u00e1nak tagjai szem\u00e9ly szerint a k\u00f6vetkez\u0151k:<\/p>\n<\/h6>\n<h4><strong>Szavazati jog\u00fa tagok, tiszts\u00e9g\u00fck alapj\u00e1n:<\/strong><\/h4>\n<h5>FOK-os k\u00e9pvisel\u0151k:<\/h5>\n<ul>\n<li>Dr. Gerber G\u00e1bor egyetemi tan\u00e1r, d\u00e9k\u00e1n a Kari Tan\u00e1cs eln\u00f6ke, Anat\u00f3miai, Sz\u00f6vet-\u00e9s Fejl\u0151d\u00e9stani Int\u00e9zet<\/li>\n<li>Dr. N\u00e9meth Zsolt egyetemi tan\u00e1r, d\u00e9k\u00e1nhelyettes, Arc-\u00c1llcsont, Sz\u00e1jseb\u00e9szeti \u00e9s Fog\u00e1szati Klinika<\/li>\n<li>Dr. Dob\u00f3 Nagy Csaba egyetemi tan\u00e1r, d\u00e9k\u00e1nhelyettes Or\u00e1lis Diagnosztikai Tansz\u00e9k<\/li>\n<li>Dr. Hermann P\u00e9ter egyetemi tan\u00e1r, igazgat\u00f3, Fogp\u00f3tl\u00e1stani Klinika<\/li>\n<li>Dr. M\u00e1rton Krisztina egyetemi tan\u00e1r, tansz\u00e9kvezet\u0151 Propedeutikai Tansz\u00e9k<\/li>\n<li>Dr. R\u00f3zsa No\u00e9mi egyetemi tan\u00e1r, igazgat\u00f3, Gyermekfog. \u00e9s Fogszab\u00e1lyoz\u00e1si<\/li>\n<li>Dr. V\u00e1g J\u00e1nos egyetemi tan\u00e1r, igazgat\u00f3, Helyre\u00e1ll\u00edt\u00f3 Fog\u00e1szati \u00e9s Endodonciai Klinika<\/li>\n<li>Dr. Windisch P\u00e9ter egyetemi tan\u00e1r, igazgat\u00f3 Parodontol\u00f3giai Klinika Klinika<\/li>\n<li>Dr. Zsembery \u00c1kos egyetemi docens, tansz\u00e9kvezet\u0151, Or\u00e1lbiol\u00f3giai Tansz\u00e9k<\/li>\n<\/ul>\n<h5>FOK v\u00e1lasztott k\u00e9pvisel\u0151k:<\/h5>\n<p><em>a) vezet\u0151i megb\u00edz\u00e1ssal nem rendelkez\u0151 egyetemi tan\u00e1rok, docensek v\u00e1laszt\u00e1si k\u00f6rzete<\/em><br \/>\nDr. Mikul\u00e1s Krisztina egyetemi docens, Fogp\u00f3tl\u00e1stani Klinika<\/p>\n<p><em>b.) vezet\u0151i megb\u00edz\u00e1ssal nem rendelkez\u0151 egyetemi adjunktusok, tan\u00e1rseg\u00e9dek v\u00e1laszt\u00e1si k\u00f6rzete<\/em><br \/>\nDr. V\u00e9gh D\u00e1niel egyetemi adjunktus, Fogp\u00f3tl\u00e1stani Klinika<\/p>\n<h5>\u00c1OK-s k\u00e9pvisel\u0151k: szavazati joggal 5 f\u0151<\/h5>\n<p><em>d\u0151lt bet\u0171vel az aktu\u00e1lis tan\u00e9vben\u00a0 szavazati joggal <strong>nem<\/strong> rendelkez\u0151 tagok :<br \/>\n<\/em><strong>szavazati jog \u00e9venk\u00e9nti v\u00e1lt\u00e1ssal 5 f\u0151 szavazati jog\u00fa tag\/\u00e9v<\/strong><\/p>\n<ol>\n<li><strong>Dr. Csala Mikl\u00f3s egyetemi tan\u00e1r, Molekul\u00e1ris Biol\u00f3giai Tansz\u00e9k<\/strong><\/li>\n<li><strong>Dr. Geiszt Mikl\u00f3s egyetemi tan\u00e1r,\u00a0 \u00c9lettani Int\u00e9zet<\/strong><\/li>\n<li><strong>Dr. Kolev Kraszimir egyetemi tan\u00e1r Orvosi Biok\u00e9miai Int\u00e9zet<\/strong><\/li>\n<li><strong>Dr. K\u0151hidai L\u00e1szl\u00f3 egyetemi tan\u00e1r, Genetikai, Sejt- \u00e9s Immunbiol\u00f3giai Int\u00e9zet<\/strong><\/li>\n<li><strong>Dr. Riba P\u00e1l egyetemi docens, Farmakol\u00f3giai \u00e9s Farmakoter\u00e1pi\u00e1s Int\u00e9zet<\/strong><\/li>\n<li><em>Dr. Liliom K\u00e1roly egyetemi docens,\u00a0 Biofizikai \u00e9s Sug\u00e1rbiol\u00f3giai Int\u00e9zet<\/em><\/li>\n<li><em>Dr. S\u0151ti Csaba egyetemi docens, Molekul\u00e1ris Biol\u00f3giai Tansz\u00e9k<br \/>\n<\/em><\/li>\n<li><em>Dr. Szab\u00f3 D\u00f3ra egyetemi tan\u00e1r, igazgat\u00f3 Orvosi Mikrobiol\u00f3giai Int\u00e9zet<\/em><\/li>\n<li><em>Dr. Tak\u00e1cs Istv\u00e1n-Dr. Masszi Tam\u00e1s \u2013I.-II. Belgy\u00f3gy\u00e1szati Klinika<\/em><\/li>\n<li><em>Dr. T\u00edm\u00e1r Botond egyetemi docens, Patol\u00f3giai \u00e9s K\u00eds\u00e9rleti R\u00e1kkutat\u00f3 Int.<\/em><\/li>\n<\/ol>\n<h5>Doktorandus \u00d6nkorm\u00e1nyzat deleg\u00e1ltja<\/h5>\n<p>Dr. Kreuter Patrik klinikai orvos<\/p>\n<h5>Semmelweis \u00c9rdekv\u00e9delmi Sz\u00f6vets\u00e9g deleg\u00e1ltja<\/h5>\n<p>Dr. Gecse Veronika hivatalvezet\u0151<\/p>\n<h5>Hallgat\u00f3i \u00d6nkorm\u00e1nyzat (4 f\u0151 szavazati joggal)<\/h5>\n<p><strong>4 f\u0151 magyar hallgat\u00f3 (szavazati joggal):<\/strong> \u2013 FOK-Hallgat\u00f3i R\u00e9sz-\u00d6nkorm\u00e1nyzat<br \/>\nB\u00f3di Kamilla<br \/>\nNagy L\u00e1szl\u00f3<br \/>\nNyir\u00e1dy Gr\u00e9ta Melitta<br \/>\nSz\u00fcr\u00f6s M\u00e1t\u00e9<\/p>\n<p><strong>2 f\u0151 k\u00fclf\u00f6ldi hallgat\u00f3 (szavazati joggal)<\/strong><br \/>\nNima SAIDMOGHADDAM (H\u00d6K-angol)<br \/>\nSHEIKA Darya (H\u00d6K-n\u00e9met)<\/p>\n<p>&nbsp;<\/p>\n<h5>\u00c1lland\u00f3 megh\u00edvottak \u2013 tan\u00e1cskoz\u00e1si joggal \u2013 szavazati jog n\u00e9lk\u00fcl:<\/h5>\n<p>Dr. Merkely B\u00e9la \u2013 Rektor<br \/>\nDr. Pavlik L\u00edvia, Kancell\u00e1r<br \/>\n\u00c1d\u00e1m \u00c9va f\u0151igazgat\u00f3 , P\u00e9nz\u00fcgyi \u00e9s Vagyongazd\u00e1lkod\u00e1si F\u0151igazgat\u00f3s\u00e1g<br \/>\nAdonicsn\u00e9 P\u00fcski Kata f\u0151igazgat\u00f3, Strat\u00e9giai Szervezetfejleszt\u00e9si F\u0151igazgat\u00f3s\u00e1g <br \/>\nCzinderi G\u00e1bor f\u0151igazgat\u00f3, Informatikai F\u0151igazgat\u00f3s\u00e1g<br \/>\nDr. Alp\u00e1r Al\u00e1n igazgat\u00f3, Nemzetk\u00f6zi Tanulm\u00e1nyok Igazgat\u00f3s\u00e1ga<br \/>\nDr. Ant\u00f3ny Zsolt Szen\u00e1tusi F\u0151titk\u00e1r<br \/>\nDr. Beny\u00f3 Zolt\u00e1n egyetemi tan\u00e1r, eln\u00f6k, Doktori Tan\u00e1cs eln\u00f6ke<br \/>\nDr. Feh\u00e9r Erzs\u00e9bet Professzor Emeritus<br \/>\nDr. Fogarasi Katalin igazgat\u00f3 Szaknyelvi Int\u00e9zet<br \/>\nDr. Gecse Veronika hivatalvezet\u0151, D\u00e9k\u00e1ni Hivatal<br \/>\nDr. Gera Istv\u00e1n Professzor Emeritus<br \/>\nDr. Gerle J\u00e1nos igazgat\u00f3, Oktat\u00e1si Centrum Igazgat\u00f3s\u00e1g:<br \/>\nDr. Reichert P\u00e9ter, Emberi Er\u0151forr\u00e1s-gazd. F\u0151igazgat\u00f3<br \/>\nDr. Szab\u00f3 Attila\u00a0 a Klinikai K\u00f6zpont eln\u00f6ke <em>(deleg\u00e1lt k\u00e9pvisel\u0151: Dr. Hermann P\u00e9ter)<br \/>\n<\/em>Dr. T\u00fari Ibolya Oktat\u00e1sfejleszt\u00e9si,-m\u00f3dszertani \u00e9s szervez\u00e9si K\u00f6zpont igazgat\u00f3ja<br \/>\nDr. Zalatnai Attila egyetemi docens <em>I. sz. Patol. \u00e9s K\u00eds\u00e9rleti R\u00e1kkutat\u00f3 Int.<br \/>\n<\/em>Falatovics T\u00fcnde igazgat\u00f3, Ellen\u0151rz\u00e9si Igazgat\u00f3s\u00e1g<br \/>\nKiss Gergely f\u0151igazgat\u00f3, K\u00f6lts\u00e9gvet\u00e9si \u00e9s Kontrolling F\u0151igazgat\u00f3s\u00e1g <br \/>\nM\u00e9sz\u00e1ros Istv\u00e1n f\u0151igazgat\u00f3, M\u0171szaki F\u0151igazgat\u00f3s\u00e1g<br \/>\nSzepesi D\u00f3ra f\u0151igazgat\u00f3, Marketing \u00e9s Kommunik\u00e1ci\u00f3s F\u0151igazgat\u00f3s\u00e1g<\/p>\n<p><strong>ADATKEZEL\u00c9SI T\u00c1J\u00c9KOZTAT\u00d3K:<\/strong><\/p>\n<ul>\n<li><a href=\"https:\/\/semmelweis.hu\/fok\/files\/2021\/03\/ADATKEZEL\u00c9SI_T\u00c1J\u00c9KOZTAT\u00d3_SE_FOK_Kari_Tan\u00e1cs\u00fcl\u00e9sen_haszn\u00e1lt_online_szavaz\u00f3rendszer_t\u00e1rgy\u00e1ban_JZS_0311.pdf\">FOK Kari Tan\u00e1cs\u00fcl\u00e9sen haszn\u00e1lt online szavaz\u00f3rendszer adatkezel\u00e9si t\u00e1j\u00e9kozat\u00f3ja (pdf)<\/a><\/li>\n<li><a href=\"https:\/\/semmelweis.hu\/fok\/files\/2021\/03\/ADATKEZEL\u00c9SI_T\u00c1J\u00c9KOZTAT\u00d3_SE_FOK_Kari_Tan\u00e1cs\u00fcl\u00e9sen_t\u00f6rt\u00e9n\u0151_r\u00e9szv\u00e9tel_t\u00e1rgy\u00e1ban_JZS_0311.pdf\">SE_FOK_Kari_Tan\u00e1cs\u00fcl\u00e9sen_t\u00f6rt\u00e9n\u0151_r\u00e9szv\u00e9tel_t\u00e1rgy\u00e1ban_adatkezelesi-tajekoztato_JZS_0311<\/a><\/li>\n<\/ul>\n\r\n        [slb_exclude]\r\n        <div class=\"row galeria-wrapper mx-0 h-auto\">\r\n            <div class=\"col-9 pl-0 pr-2\">\r\n            <span class=\"gallery-item frame\">\r\n\t\t\t\t<div class=\"galeria-left-img\"><a href=\"https:\/\/semmelweis.hu\/fok\/files\/2024\/05\/Kari-Tanacs-foto-2024.jpg\"><img src=https:\/\/semmelweis.hu\/fok\/files\/2024\/05\/Kari-Tanacs-foto-2024.jpg  \r\n                            alt=\"FOK Kari Tan\u00e1cs tagjai 2024.\" \r\n                            class=\"attachment-sote-gallery-big size-sote-gallery-big\" \r\n                            srcset=\"https:\/\/semmelweis.hu\/fok\/files\/2024\/05\/Kari-Tanacs-foto-2024-400x267.jpg 400w, https:\/\/semmelweis.hu\/fok\/files\/2024\/05\/Kari-Tanacs-foto-2024-1024x683.jpg 1024w, https:\/\/semmelweis.hu\/fok\/files\/2024\/05\/Kari-Tanacs-foto-2024-768x512.jpg 768w, https:\/\/semmelweis.hu\/fok\/files\/2024\/05\/Kari-Tanacs-foto-2024-753x502.jpg 753w, https:\/\/semmelweis.hu\/fok\/files\/2024\/05\/Kari-Tanacs-foto-2024-203x135.jpg 203w, https:\/\/semmelweis.hu\/fok\/files\/2024\/05\/Kari-Tanacs-foto-2024.jpg 1200w\" ><\/a><\/div>\r\n            <\/span>\r\n\r\n            <\/div>\r\n\r\n\t\t\t<div class=\"col-3 pl-0 pr-0\">\r\n\t\t\t\t<div class=\"galeria-right-img d-flex justify-content-between flex-column h-100 w-100 px-0 mx-0 \">\r\n                <div class=\"galeria-box\">\r\n\t\t\t\t\t<h3 class=\"galeria-title\">Gal\u00e9ria<\/h3>\r\n\t\t\t\t\t<div class=\"galeria-subtitle\">\r\n\r\n\t\t\t\t\t\t<div class=\"galeria-page-counter\"><span>5<\/span>k\u00e9p<\/div>\r\n                    <\/div> <\/div>\r\n                    <span class=\"gallery-item frame d-none d-md-flex\">\r\n\t\t\t\t\t<div class=\"galeria-small-img mt-0\"><a href=\"https:\/\/semmelweis.hu\/fok\/files\/2020\/08\/Kari-Tan\u00e1cs-fot\u00f3-2020.03..jpg\"><img src=https:\/\/semmelweis.hu\/fok\/files\/2020\/08\/Kari-Tan\u00e1cs-fot\u00f3-2020.03..jpg \r\n                                alt=\"FOK Kari Tan\u00e1cs tagjai 2020.\"  \r\n                                class=\"attachment-sote-gallery-small size-sote-gallery-small\" \r\n                                srcset=\"https:\/\/semmelweis.hu\/fok\/files\/2020\/08\/Kari-Tan\u00e1cs-fot\u00f3-2020.03.-400x259.jpg 400w, https:\/\/semmelweis.hu\/fok\/files\/2020\/08\/Kari-Tan\u00e1cs-fot\u00f3-2020.03.-1024x663.jpg 1024w, https:\/\/semmelweis.hu\/fok\/files\/2020\/08\/Kari-Tan\u00e1cs-fot\u00f3-2020.03.-768x497.jpg 768w, https:\/\/semmelweis.hu\/fok\/files\/2020\/08\/Kari-Tan\u00e1cs-fot\u00f3-2020.03.-753x488.jpg 753w, https:\/\/semmelweis.hu\/fok\/files\/2020\/08\/Kari-Tan\u00e1cs-fot\u00f3-2020.03..jpg 1200w\" ><\/a><\/div>\r\n                    <\/span>\r\n                    <span class=\"gallery-item frame d-none d-md-flex\">\r\n\t\t\t\t\t<div class=\"galeria-small-img mt-0\"><a href=\"https:\/\/semmelweis.hu\/fok\/files\/2023\/07\/FOK-karitanacs-2015-12-honlapra.jpg\"><img src=https:\/\/semmelweis.hu\/fok\/files\/2023\/07\/FOK-karitanacs-2015-12-honlapra.jpg \r\n                                alt=\"FOK Kari Tan\u00e1cs tagjai 2015.\" \r\n                                class=\"attachment-sote-gallery-small size-sote-gallery-small\" \r\n                                srcset=\"https:\/\/semmelweis.hu\/fok\/files\/2023\/07\/FOK-karitanacs-2015-12-honlapra-400x264.jpg 400w, https:\/\/semmelweis.hu\/fok\/files\/2023\/07\/FOK-karitanacs-2015-12-honlapra-1024x676.jpg 1024w, https:\/\/semmelweis.hu\/fok\/files\/2023\/07\/FOK-karitanacs-2015-12-honlapra-768x507.jpg 768w, https:\/\/semmelweis.hu\/fok\/files\/2023\/07\/FOK-karitanacs-2015-12-honlapra-753x497.jpg 753w, https:\/\/semmelweis.hu\/fok\/files\/2023\/07\/FOK-karitanacs-2015-12-honlapra-203x135.jpg 203w, https:\/\/semmelweis.hu\/fok\/files\/2023\/07\/FOK-karitanacs-2015-12-honlapra.jpg 1200w\" ><\/a><\/div>\r\n                    <\/span>\r\n\r\n                <\/div>\r\n\r\n            <\/div>\r\n\r\n            <span class=\"gallery-item\"><div class=\"hidden\"><a href=\"https:\/\/semmelweis.hu\/fok\/files\/2023\/07\/FOK-karitanacs-2014-honlapra.jpg\">\r\n        <img src=https:\/\/semmelweis.hu\/fok\/files\/2023\/07\/FOK-karitanacs-2014-honlapra.jpg alt=\"FOK Kari Tan\u00e1cs tagjai 2014.\" class=\"attachment-sote-gallery-big size-sote-gallery-big\" srcset=\"https:\/\/semmelweis.hu\/fok\/files\/2023\/07\/FOK-karitanacs-2014-honlapra-400x267.jpg 400w, https:\/\/semmelweis.hu\/fok\/files\/2023\/07\/FOK-karitanacs-2014-honlapra-1024x683.jpg 1024w, https:\/\/semmelweis.hu\/fok\/files\/2023\/07\/FOK-karitanacs-2014-honlapra-768x512.jpg 768w, https:\/\/semmelweis.hu\/fok\/files\/2023\/07\/FOK-karitanacs-2014-honlapra-753x502.jpg 753w, https:\/\/semmelweis.hu\/fok\/files\/2023\/07\/FOK-karitanacs-2014-honlapra-203x135.jpg 203w, https:\/\/semmelweis.hu\/fok\/files\/2023\/07\/FOK-karitanacs-2014-honlapra.jpg 1200w\" >\r\n        <\/a><\/div><\/span><span class=\"gallery-item\"><div class=\"hidden\"><a href=\"https:\/\/semmelweis.hu\/fok\/files\/2023\/07\/FOK-karitanacs-2011-honlapra.jpg\">\r\n        <img src=https:\/\/semmelweis.hu\/fok\/files\/2023\/07\/FOK-karitanacs-2011-honlapra.jpg alt=\"FOK Kari Tan\u00e1cs tagjai 2011.\" class=\"attachment-sote-gallery-big size-sote-gallery-big\" srcset=\"https:\/\/semmelweis.hu\/fok\/files\/2023\/07\/FOK-karitanacs-2011-honlapra-400x264.jpg 400w, https:\/\/semmelweis.hu\/fok\/files\/2023\/07\/FOK-karitanacs-2011-honlapra-1024x676.jpg 1024w, https:\/\/semmelweis.hu\/fok\/files\/2023\/07\/FOK-karitanacs-2011-honlapra-768x507.jpg 768w, https:\/\/semmelweis.hu\/fok\/files\/2023\/07\/FOK-karitanacs-2011-honlapra-753x497.jpg 753w, https:\/\/semmelweis.hu\/fok\/files\/2023\/07\/FOK-karitanacs-2011-honlapra-203x135.jpg 203w, https:\/\/semmelweis.hu\/fok\/files\/2023\/07\/FOK-karitanacs-2011-honlapra.jpg 1200w\" >\r\n        <\/a><\/div><\/span>\r\n            <\/div>\r\n\r\n            [\/slb_exclude]\r\n\t\n","protected":false},"excerpt":{"rendered":"<p>A Kari Tan\u00e1cs a Kar legf\u0151bb d\u00f6nt\u00e9shoz\u00f3 test\u00fclete A Fogorvostudom\u00e1nyi Kar Kari Tan\u00e1cs\u00e1nak tagjai \u00a02025. szeptembert\u0151l A Semmelweis\u00a0 Egyetem Szervezeti \u00e9s M\u0171k\u00f6d\u00e9si Szab\u00e1lyzat\u00e1ban foglaltak \u00e9rtelm\u00e9ben, a Fogorvostudom\u00e1nyi Kar Tan\u00e1cs\u00e1nak tagjai szem\u00e9ly szerint a k\u00f6vetkez\u0151k: Szavazati jog\u00fa tagok, tiszts\u00e9g\u00fck alapj\u00e1n: FOK-os k\u00e9pvisel\u0151k: Dr. Gerber G\u00e1bor egyetemi tan\u00e1r, d\u00e9k\u00e1n a Kari Tan\u00e1cs eln\u00f6ke, Anat\u00f3miai, Sz\u00f6vet-\u00e9s Fejl\u0151d\u00e9stani Int\u00e9zet &hellip;<\/p>\n","protected":false},"author":101171,"featured_media":0,"parent":22,"menu_order":3,"comment_status":"closed","ping_status":"closed","template":"template-fullwidth.php","meta":{"_acf_changed":false,"footnotes":""},"categories":[],"tags":[],"class_list":["post-10919","page","type-page","status-publish","hentry"],"acf":[],"_links":{"self":[{"href":"https:\/\/semmelweis.hu\/fok\/wp-json\/wp\/v2\/pages\/10919","targetHints":{"allow":["GET"]}}],"collection":[{"href":"https:\/\/semmelweis.hu\/fok\/wp-json\/wp\/v2\/pages"}],"about":[{"href":"https:\/\/semmelweis.hu\/fok\/wp-json\/wp\/v2\/types\/page"}],"author":[{"embeddable":true,"href":"https:\/\/semmelweis.hu\/fok\/wp-json\/wp\/v2\/users\/101171"}],"replies":[{"embeddable":true,"href":"https:\/\/semmelweis.hu\/fok\/wp-json\/wp\/v2\/comments?post=10919"}],"version-history":[{"count":8,"href":"https:\/\/semmelweis.hu\/fok\/wp-json\/wp\/v2\/pages\/10919\/revisions"}],"predecessor-version":[{"id":11616,"href":"https:\/\/semmelweis.hu\/fok\/wp-json\/wp\/v2\/pages\/10919\/revisions\/11616"}],"up":[{"embeddable":true,"href":"https:\/\/semmelweis.hu\/fok\/wp-json\/wp\/v2\/pages\/22"}],"wp:attachment":[{"href":"https:\/\/semmelweis.hu\/fok\/wp-json\/wp\/v2\/media?parent=10919"}],"wp:term":[{"taxonomy":"category","embeddable":true,"href":"https:\/\/semmelweis.hu\/fok\/wp-json\/wp\/v2\/categories?post=10919"},{"taxonomy":"post_tag","embeddable":true,"href":"https:\/\/semmelweis.hu\/fok\/wp-json\/wp\/v2\/tags?post=10919"}],"curies":[{"name":"wp","href":"https:\/\/api.w.org\/{rel}","templated":true}]}}