{"id":10117,"date":"2024-10-21T09:02:55","date_gmt":"2024-10-21T07:02:55","guid":{"rendered":"https:\/\/semmelweis.hu\/fok\/?page_id=10117"},"modified":"2025-06-04T09:38:16","modified_gmt":"2025-06-04T07:38:16","slug":"nemzeti-felsooktatasi-osztondij","status":"publish","type":"page","link":"https:\/\/semmelweis.hu\/fok\/hallgatoi-hirek\/palyazati-felhivasok-hallgatoknak\/nemzeti-felsooktatasi-osztondij\/","title":{"rendered":"Nemzeti Fels\u0151oktat\u00e1si \u00d6szt\u00f6nd\u00edj"},"content":{"rendered":"<div class=\"fontos_div\">\n<p><span style=\"font-size: 18pt\"><strong>Nemzeti fels\u0151oktat\u00e1si \u00f6szt\u00f6nd\u00edj<\/strong><\/span><\/p>\n<\/div>\n<p style=\"text-align: justify\">A fels\u0151oktat\u00e1s\u00e9rt felel\u0151s miniszter a nemzeti fels\u0151oktat\u00e1sr\u00f3l sz\u00f3l\u00f3 2011. \u00e9vi CCIV. t\u00f6rv\u00e9ny (a tov\u00e1bbiakban: Nftv.), valamint a fels\u0151oktat\u00e1sban r\u00e9szt vev\u0151 hallgat\u00f3k juttat\u00e1sair\u00f3l sz\u00f3l\u00f3 51\/2007. (III. 26.) Korm. rendelet (a tov\u00e1bbiakban: Korm\u00e1nyrendelet) alapj\u00e1n nemzeti fels\u0151oktat\u00e1si \u00f6szt\u00f6nd\u00edjat adom\u00e1nyoz a fels\u0151oktat\u00e1si int\u00e9zm\u00e9nyek kimagasl\u00f3 teljes\u00edtm\u00e9nyt ny\u00fajt\u00f3 hallgat\u00f3i r\u00e9sz\u00e9re.<br \/>\nA nemzeti fels\u0151oktat\u00e1si \u00f6szt\u00f6nd\u00edjban r\u00e9szes\u00edthet\u0151 hallgat\u00f3k sz\u00e1ma \u2013 a 2024. okt\u00f3ber 15-i \u00e1llapotot r\u00f6gz\u00edt\u0151 statisztikai adatk\u00f6zl\u00e9s szerint, a Korm\u00e1nyrendelet 24. \u00a7 (2) bekezd\u00e9s\u00e9nek megfelel\u0151en \u2013 az \u00e1llamilag t\u00e1mogatott, \u00e1llami (r\u00e9sz) \u00f6szt\u00f6nd\u00edjas teljes idej\u0171 alapk\u00e9pz\u00e9sben, mesterk\u00e9pz\u00e9sben osztatlan k\u00e9pz\u00e9sben r\u00e9szt vev\u0151 hallgat\u00f3k sz\u00e1m\u00e1nak 0,8 %-a, de int\u00e9zm\u00e9nyenk\u00e9nt legal\u00e1bb egy f\u0151.<br \/>\nA nemzeti fels\u0151oktat\u00e1si \u00f6szt\u00f6nd\u00edj adom\u00e1nyoz\u00e1s\u00e1r\u00f3l sz\u00f3l\u00f3 p\u00e1ly\u00e1zatot a fels\u0151oktat\u00e1si int\u00e9zm\u00e9ny \u00edrja ki, figyelemmel az int\u00e9zm\u00e9ny saj\u00e1t szab\u00e1lyzat\u00e1ban a jogszab\u00e1lyi h\u00e1tt\u00e9r alapj\u00e1n megfogalmazott rendelkez\u00e9sekre, valamint ezen \u00f6szt\u00f6nd\u00edj hagyom\u00e1nyaira.<br \/>\n<span style=\"text-decoration: underline\"><strong>A p\u00e1ly\u00e1zattal kapcsolatos legfontosabb tudnival\u00f3k a k\u00f6vetkez\u0151k:<\/strong><\/span><br \/>\na) az \u00f6szt\u00f6nd\u00edj <strong>egy tan\u00e9v 10 h\u00f3napj\u00e1ra<\/strong> sz\u00f3l, \u00f6sszege az Nftv. 114\/D \u00a7 (1) bekezd\u00e9s c) pontja alapj\u00e1n <strong>40 000 Ft havonta;<\/strong><br \/>\nb) a nemzeti fels\u0151oktat\u00e1si \u00f6szt\u00f6nd\u00edjra <strong>p\u00e1ly\u00e1zhatnak<\/strong> az int\u00e9zm\u00e9ny <strong>\u00e1llamilag t\u00e1mogatott, \u00e1llami (r\u00e9sz) \u00f6szt\u00f6nd\u00edjas<\/strong> illetve <strong>k\u00f6lts\u00e9gt\u00e9r\u00edt\u00e9ses (\u00f6nk\u00f6lts\u00e9ges), teljes idej\u0171 (nappali) alapk\u00e9pz\u00e9s\u00e9ben, mesterk\u00e9pz\u00e9sben vagy osztatlan k\u00e9pz\u00e9sben r\u00e9szt vev\u0151<\/strong> hallgat\u00f3i, akik jelenlegi vagy kor\u00e1bbi tanulm\u00e1nyaik sor\u00e1n legal\u00e1bb k\u00e9t f\u00e9l\u00e9vre bejelentkeztek \u00e9s <strong>legal\u00e1bb 55 kreditet megszereztek<\/strong>;<br \/>\na p\u00e1ly\u00e1zat beny\u00fajt\u00e1s\u00e1ra abban az int\u00e9zm\u00e9nyben jogosultak a hallgat\u00f3k, amelyben a p\u00e1ly\u00e1z\u00e1s id\u0151szak\u00e1ban (a tan\u00e9v m\u00e1sodik f\u00e9l\u00e9v\u00e9ben) hallgat\u00f3i jogviszonnyal rendelkeznek;<br \/>\nc) a p\u00e1ly\u00e1zatot az int\u00e9zm\u00e9ny a Korm\u00e1nyrendelet 24. \u00a7 (4) bekezd\u00e9s\u00e9ben r\u00e9szletezett hat\u00e1rid\u0151 betart\u00e1s\u00e1val, valamint annak szem el\u0151tt tart\u00e1s\u00e1val \u00edrja ki, hogy a szen\u00e1tusnak \u2013 az int\u00e9zm\u00e9nybe be\u00e9rkezett \u00e9s elb\u00edr\u00e1lt p\u00e1ly\u00e1zatok szerint, a hallgat\u00f3k jogorvoslati lehet\u0151s\u00e9g\u00e9nek biztos\u00edt\u00e1s\u00e1val \u2013 legk\u00e9s\u0151bb 2025. augusztus 1-j\u00e9ig javaslatot kell tennie a fels\u0151oktat\u00e1s\u00e9rt felel\u0151s miniszter r\u00e9sz\u00e9re az \u00f6szt\u00f6nd\u00edj adom\u00e1nyoz\u00e1s\u00e1ra, lehet\u0151s\u00e9g szerint az alapk\u00e9pz\u00e9sben, mesterk\u00e9pz\u00e9sben, osztatlan k\u00e9pz\u00e9sben r\u00e9szt vev\u0151 hallgat\u00f3kra elk\u00fcl\u00f6n\u00edtetten;<br \/>\nd) a 2025\/2026. tan\u00e9vre elnyert nemzeti fels\u0151oktat\u00e1si \u00f6szt\u00f6nd\u00edj csak a <strong>2025\/2026. tan\u00e9vben foly\u00f3s\u00edthat\u00f3<\/strong> az Nftv. 85\/C. \u00a7 ab) alpontja szerint a Korm\u00e1nyrendelet 10. \u00a7 (3) bekezd\u00e9s\u00e9ben meghat\u00e1rozott \u2013 alapk\u00e9pz\u00e9sben, mesterk\u00e9pz\u00e9sben, osztatlan k\u00e9pz\u00e9sben \u2013 r\u00e9szt vev\u0151 hallgat\u00f3 r\u00e9sz\u00e9re; amennyiben a hallgat\u00f3 hallgat\u00f3i jogviszonya b\u00e1rmilyen okb\u00f3l megsz\u0171nik vagy sz\u00fcnetel, a nemzeti fels\u0151oktat\u00e1si \u00f6szt\u00f6nd\u00edj <strong>nem foly\u00f3s\u00edthat\u00f3<\/strong> sz\u00e1m\u00e1ra (a jogviszony megsz\u0171n\u00e9s\u00e9t k\u00f6vet\u0151en, ha a hallgat\u00f3 nem l\u00e9tes\u00edt a 2025\/2026. tan\u00e9veben a Korm\u00e1nyrendelet 10.\u00a7 (3) bekezd\u00e9se szerinti jogviszonyt; illetve a hallgat\u00f3i jogviszony sz\u00fcneteltet\u00e9s\u00e9nek id\u0151szak\u00e1ban)<br \/>\ne) abban az esetben, ha a nemzeti fels\u0151oktat\u00e1si \u00f6szt\u00f6nd\u00edjra p\u00e1ly\u00e1zott, de elutas\u00edtott hallgat\u00f3 a fenti felt\u00e9telek \u00e9s az int\u00e9zm\u00e9nyi keretsz\u00e1m alapj\u00e1n \u00e9rdemes az \u00f6szt\u00f6nd\u00edjra, de int\u00e9zm\u00e9nyi elj\u00e1r\u00e1si hiba folyt\u00e1n nem kapta meg azt, \u00e9s e t\u00e9ny az int\u00e9zm\u00e9nyi jogorvoslati elj\u00e1r\u00e1s keret\u00e9ben meg\u00e1llap\u00edthat\u00f3, a fels\u0151oktat\u00e1s\u00e9rt felel\u0151s miniszter \u2013 az int\u00e9zm\u00e9ny hallgat\u00f3i el\u0151ir\u00e1nyzat\u00e1nak vagy saj\u00e1t bev\u00e9tel\u00e9nek terh\u00e9re \u2013 jogosult ezen hallgat\u00f3 r\u00e9sz\u00e9re nemzeti fels\u0151oktat\u00e1si \u00f6szt\u00f6nd\u00edjat adom\u00e1nyozni a fels\u0151oktat\u00e1si int\u00e9zm\u00e9ny javaslata alapj\u00e1n;<br \/>\nf) a nemzeti fels\u0151oktat\u00e1si \u00f6szt\u00f6nd\u00edjat elnyert hallgat\u00f3 nem z\u00e1rhat\u00f3 ki a tanulm\u00e1nyi \u00f6szt\u00f6nd\u00edj t\u00e1mogat\u00e1sb\u00f3l.<br \/>\nAz \u00f6szt\u00f6nd\u00edj-p\u00e1ly\u00e1zatok elb\u00edr\u00e1l\u00e1s\u00e1nak rendj\u00e9t \u00e9s felt\u00e9teleit \u2013 az egyenl\u0151 b\u00e1n\u00e1sm\u00f3d k\u00f6vetelm\u00e9ny\u00e9nek szem el\u0151tt tart\u00e1s\u00e1val \u2013 a fels\u0151oktat\u00e1si int\u00e9zm\u00e9ny saj\u00e1t szab\u00e1lyzat\u00e1ban hat\u00e1rozza meg. Ennek keret\u00e9ben az int\u00e9zm\u00e9ny jogosult meg\u00e1llap\u00edtani, hogy mely tev\u00e9kenys\u00e9gek, eredm\u00e9nyek alapj\u00e1n alak\u00edtja ki az int\u00e9zm\u00e9nyi rangsort, mely krit\u00e9riumokat veszi figyelembe nagyobb vagy kisebb s\u00fallyal a p\u00e1ly\u00e1zatok elb\u00edr\u00e1l\u00e1sa sor\u00e1n.<br \/>\nAz Egyetem a p\u00e1ly\u00e1zat beny\u00fajt\u00e1s\u00e1nak \u00e9s elb\u00edr\u00e1l\u00e1s\u00e1nak rendj\u00e9t a Szervezeti \u00e9s M\u0171k\u00f6d\u00e9si Szab\u00e1lyzat III. K\u00d6NYV Hallgat\u00f3i k\u00f6vetelm\u00e9nyrendszer III.4. R\u00c9SZ 16.\u00a7, 16\/A-16\/E. \u00a7, valamint a 16\/J. \u00a7-ban foglaltak alapj\u00e1n \u00e1llap\u00edtja meg.<\/p>\n<p><span style=\"text-decoration: underline;font-size: 18pt\"><strong>A P\u00c1LY\u00c1ZAT BENY\u00daJT\u00c1SA a NEPTUN rendszeren kereszt\u00fcl t\u00f6rt\u00e9nik<\/strong><\/span><br \/>\n<strong><span style=\"text-decoration: underline;font-size: 18pt\">2025. j\u00fanius 5. 10:00 \u00f3r\u00e1t\u00f3l 2025. j\u00falius 7. 23.59 \u00f3r\u00e1ig<\/span><br \/>\n<\/strong><br \/>\nA p\u00e1ly\u00e1zat p\u00e1ly\u00e1zati adatlapb\u00f3l \u00e9s annak mell\u00e9kleteib\u0151l \u00e1ll. <br \/>\n<strong>A teljes p\u00e1ly\u00e1zati anyagot a NEPTUN rendszeren kereszt\u00fcl (\u00fcgyint\u00e9z\u00e9s-k\u00e9rv\u00e9nyek), elektronikusan kell beny\u00fajtani.<\/strong> <br \/>\nA p\u00e1ly\u00e1zati \u0171rlapon sz\u00fcks\u00e9ges megadnia az e-mail c\u00edm\u00e9t \u00e9s telefonos el\u00e9rhet\u0151s\u00e9g\u00e9t is.<br \/>\nA p\u00e1ly\u00e1zatok beny\u00fajt\u00e1si hat\u00e1ridej\u00e9nek lej\u00e1rt\u00e1t k\u00f6vet\u0151en hi\u00e1nyp\u00f3tl\u00e1sra nincs m\u00f3d, a rangsorol\u00e1si d\u00f6nt\u00e9st a hat\u00e1rid\u0151ben beny\u00fajtott dokumentumok alapj\u00e1n hozza meg a Kar. A hat\u00e1rid\u0151 ut\u00e1n beny\u00fajtott p\u00e1ly\u00e1zatokat nem \u00e1ll m\u00f3dunkban figyelembe venni.<br \/>\nA p\u00e1ly\u00e1zathoz csatolni kell az SZMSZ III. K\u00d6NYV Hallgat\u00f3i k\u00f6vetelm\u00e9nyrendszer III.4. R\u00c9SZ 6.4 sz. mell\u00e9klet\u00e9ben megjel\u00f6lt tev\u00e9kenys\u00e9gek igazol\u00e1s\u00e1t.<br \/>\nA beny\u00fajtott p\u00e1ly\u00e1zatokat <strong>2025. j\u00falius 10-ig<\/strong> &#8211; a ki\u00edr\u00e1s felt\u00e9teleinek val\u00f3 megfelel\u00e9s szempontj\u00e1b\u00f3l &#8211; a Hallgat\u00f3i \u00d6nkorm\u00e1nyzat B\u00edr\u00e1latel\u0151k\u00e9sz\u00edt\u0151 Munkacsoportja a hivatalos nyilv\u00e1ntart\u00e1sok alapj\u00e1n ellen\u0151rzi, v\u00e9lem\u00e9nyezi \u00e9s d\u00f6nt\u00e9sre el\u0151k\u00e9sz\u00edti.<br \/>\nA p\u00e1ly\u00e1zatok rangsorol\u00e1s\u00e1nak (el\u0151zetes \u00e9rt\u00e9kel\u00e9s\u00e9nek) szempontjait az SZMSZ III. K\u00d6NYV Hallgat\u00f3i k\u00f6vetelm\u00e9nyrendszer III.4. R\u00c9SZ 6.4 sz\u00e1m\u00fa mell\u00e9klete tartalmazza.<br \/>\nA D\u00e9k\u00e1ni Hivatal a Kari Hallgat\u00f3i R\u00e9sz\u00f6nkorm\u00e1nyzattal egy\u00fcttm\u0171k\u00f6dve <strong>2025. j\u00falius 14-ig<\/strong> v\u00e9lem\u00e9nyezi \u00e9rt\u00e9keli \u00e9s rangsorolja a p\u00e1ly\u00e1zatokat.<br \/>\nAz \u00e9rt\u00e9kel\u00e9s eredm\u00e9ny\u00e9r\u0151l \u00e9s a fellebbez\u00e9s lehet\u0151s\u00e9g\u00e9r\u0151l a p\u00e1ly\u00e1z\u00f3kat a D\u00e9k\u00e1ni Hivatal a NEPTUN rendszeren kereszt\u00fcl <strong>2025. j\u00falius 14-\u00e9n<\/strong> \u00e9rtes\u00edti.<br \/>\nA p\u00e1ly\u00e1zatok \u00e9rt\u00e9kel\u00e9s\u00e9vel szemben <strong>2025. j\u00falius 17-\u00e9n 16:00 \u00f3r\u00e1ig<\/strong> \u00e9szrev\u00e9tellel lehet \u00e9lni a D\u00e9k\u00e1ni Hivataln\u00e1l.<br \/>\nA d\u00edjaz\u00e1sra nem javasolt p\u00e1ly\u00e1z\u00f3k a d\u00f6nt\u00e9s ellen a Fel\u00fclb\u00edr\u00e1lati Bizotts\u00e1ghoz c\u00edmzett halaszt\u00f3 hat\u00e1ly\u00fa jogorvoslati k\u00e9relmet ny\u00fajthatnak be a D\u00e9k\u00e1ni Hivatalba 2025. j\u00falius 17-ig.<br \/>\nAz \u00e9szrev\u00e9telek elb\u00edr\u00e1l\u00e1s\u00e1ra <strong>2025. j\u00falius 22-ig<\/strong> ker\u00fcl sor.<br \/>\nAz esetleges fellebbez\u00e9st k\u00f6vet\u0151 eredm\u00e9nyeket <strong>2025. j\u00falius 23-\u00e1n<\/strong> k\u00fcldj\u00fck meg a Neptun-rendszeren kereszt\u00fcl.<\/p>\n<p><span style=\"font-size: 18pt\"><a href=\"https:\/\/semmelweis.hu\/fok\/files\/2025\/05\/Palyazati-Felhivas-2025_26.pdf\"><strong>Nemzeti Fels\u0151oktat\u00e1si \u00d6szt\u00f6nd\u00edj-P\u00e1ly\u00e1zati felh\u00edv\u00e1s<\/strong><\/a><\/span><\/p>\n<p><span style=\"font-size: 18pt\"><a href=\"https:\/\/semmelweis.hu\/fok\/files\/2025\/05\/Nemzeti-Felsooktatasi-Dij-pontrendszer-FOK-2025-2026.pdf\"><strong>Elb\u00edr\u00e1l\u00e1si pontrendszer<\/strong><\/a><\/span><\/p>\n","protected":false},"excerpt":{"rendered":"<p>Nemzeti fels\u0151oktat\u00e1si \u00f6szt\u00f6nd\u00edj A fels\u0151oktat\u00e1s\u00e9rt felel\u0151s miniszter a nemzeti fels\u0151oktat\u00e1sr\u00f3l sz\u00f3l\u00f3 2011. \u00e9vi CCIV. t\u00f6rv\u00e9ny (a tov\u00e1bbiakban: Nftv.), valamint a fels\u0151oktat\u00e1sban r\u00e9szt vev\u0151 hallgat\u00f3k juttat\u00e1sair\u00f3l sz\u00f3l\u00f3 51\/2007. (III. 26.) Korm. rendelet (a tov\u00e1bbiakban: Korm\u00e1nyrendelet) alapj\u00e1n nemzeti fels\u0151oktat\u00e1si \u00f6szt\u00f6nd\u00edjat adom\u00e1nyoz a fels\u0151oktat\u00e1si int\u00e9zm\u00e9nyek kimagasl\u00f3 teljes\u00edtm\u00e9nyt ny\u00fajt\u00f3 hallgat\u00f3i r\u00e9sz\u00e9re. A nemzeti fels\u0151oktat\u00e1si \u00f6szt\u00f6nd\u00edjban r\u00e9szes\u00edthet\u0151 hallgat\u00f3k sz\u00e1ma \u2013 &hellip;<\/p>\n","protected":false},"author":101171,"featured_media":0,"parent":3380,"menu_order":0,"comment_status":"closed","ping_status":"closed","template":"template-fullwidth.php","meta":{"_acf_changed":false,"footnotes":""},"categories":[],"tags":[],"class_list":["post-10117","page","type-page","status-publish","hentry"],"acf":[],"_links":{"self":[{"href":"https:\/\/semmelweis.hu\/fok\/wp-json\/wp\/v2\/pages\/10117","targetHints":{"allow":["GET"]}}],"collection":[{"href":"https:\/\/semmelweis.hu\/fok\/wp-json\/wp\/v2\/pages"}],"about":[{"href":"https:\/\/semmelweis.hu\/fok\/wp-json\/wp\/v2\/types\/page"}],"author":[{"embeddable":true,"href":"https:\/\/semmelweis.hu\/fok\/wp-json\/wp\/v2\/users\/101171"}],"replies":[{"embeddable":true,"href":"https:\/\/semmelweis.hu\/fok\/wp-json\/wp\/v2\/comments?post=10117"}],"version-history":[{"count":9,"href":"https:\/\/semmelweis.hu\/fok\/wp-json\/wp\/v2\/pages\/10117\/revisions"}],"predecessor-version":[{"id":10857,"href":"https:\/\/semmelweis.hu\/fok\/wp-json\/wp\/v2\/pages\/10117\/revisions\/10857"}],"up":[{"embeddable":true,"href":"https:\/\/semmelweis.hu\/fok\/wp-json\/wp\/v2\/pages\/3380"}],"wp:attachment":[{"href":"https:\/\/semmelweis.hu\/fok\/wp-json\/wp\/v2\/media?parent=10117"}],"wp:term":[{"taxonomy":"category","embeddable":true,"href":"https:\/\/semmelweis.hu\/fok\/wp-json\/wp\/v2\/categories?post=10117"},{"taxonomy":"post_tag","embeddable":true,"href":"https:\/\/semmelweis.hu\/fok\/wp-json\/wp\/v2\/tags?post=10117"}],"curies":[{"name":"wp","href":"https:\/\/api.w.org\/{rel}","templated":true}]}}