{"id":10115,"date":"2024-10-21T09:01:39","date_gmt":"2024-10-21T07:01:39","guid":{"rendered":"https:\/\/semmelweis.hu\/fok\/?page_id=10115"},"modified":"2024-10-21T09:01:39","modified_gmt":"2024-10-21T07:01:39","slug":"palyazat-meguresedett-allamilag-finanszirozott-helyre","status":"publish","type":"page","link":"https:\/\/semmelweis.hu\/fok\/hallgatoi-hirek\/palyazati-felhivasok-hallgatoknak\/palyazat-meguresedett-allamilag-finanszirozott-helyre\/","title":{"rendered":"P\u00e1ly\u00e1zat meg\u00fcresedett \u00e1llamilag finansz\u00edrozott helyre"},"content":{"rendered":"<p><strong>A Semmelweis Egyetem Szervezeti \u00e9s M\u0171k\u00f6d\u00e9si Szab\u00e1lyzata III. K\u00f6nyv Hallgat\u00f3i K\u00f6vetelm\u00e9nyrendszer III.4. R\u00e9sz T\u00e9r\u00edt\u00e9si \u00e9s Juttat\u00e1si Szab\u00e1lyzat 22.\u00a7 vonatkoz\u00f3 szakaszaiban foglaltak szerint:<\/strong><\/p>\n<p><a href=\"https:\/\/semmelweis.hu\/jogigfoig\/files\/2020\/04\/UJ_SZMSZ_HKR_III_KONYV_III_4_RESZ_Teritesi_es_Juttatasi_Szabalyzat_hatalyos_2020_03_25_tol.pdf\">https:\/\/semmelweis.hu\/jogigfoig\/files\/2020\/04\/UJ_SZMSZ_HKR_III_KONYV_III_4_RESZ_Teritesi_es_Juttatasi_Szabalyzat_hatalyos_2020_03_25_tol.pdf<\/a><\/p>\n<p>Ha a magyar \u00e1llami (r\u00e9sz)\u00f6szt\u00f6nd\u00edjjal t\u00e1mogatott k\u00e9pz\u00e9sre felvett vagy \u00e1llamilag t\u00e1mogatott hallgat\u00f3nak a tanulm\u00e1nyai befejez\u00e9se el\u0151tt megsz\u0171nik a hallgat\u00f3i jogviszonya, hely\u00e9re \u2013 ilyen ir\u00e1ny\u00fa k\u00e9relem eset\u00e9n \u2013 a fels\u0151oktat\u00e1si int\u00e9zm\u00e9nyben \u00f6nk\u00f6lts\u00e9ges vagy k\u00f6lts\u00e9gt\u00e9r\u00edt\u00e9ses form\u00e1ban azonos szakon tanulm\u00e1nyokat folytat\u00f3 hallgat\u00f3 l\u00e9phet.<br \/>\nA k\u00f6vetkez\u0151 k\u00e9pz\u00e9si id\u0151szakban az \u00e1tsorolhat\u00f3 hallgat\u00f3i l\u00e9tsz\u00e1m meghat\u00e1roz\u00e1s\u00e1hoz a hallgat\u00f3k tanulm\u00e1nyi teljes\u00edtm\u00e9nye alapj\u00e1n a D\u00e9k\u00e1ni Hivatal minden f\u00e9l\u00e9vet k\u00f6vet\u0151en meg\u00e1llap\u00edtja, hogy h\u00e1ny megp\u00e1ly\u00e1zhat\u00f3 meg\u00fcresedett \u00e1llamilag finansz\u00edrozott helyet tud meghirdetni.<br \/>\nAmennyiben az adott f\u00e9l\u00e9vben rendelkez\u00e9sre \u00e1ll meg\u00fcresedett \u00e1llamilag finansz\u00edrozott hely, \u00fagy a Kar erre vonatkoz\u00f3an p\u00e1ly\u00e1zatot hirdet. A p\u00e1ly\u00e1zat a Kar honlapj\u00e1n ker\u00fcl k\u00f6zz\u00e9t\u00e9telre, valamint err\u0151l a hallgat\u00f3k Neptun \u00fczenetben is t\u00e1j\u00e9koztat\u00e1st kapnak.<\/p>\n<p><u>A meg\u00fcresedett \u00e1llamilag finansz\u00edrozott helyekre t\u00f6rt\u00e9n\u0151 \u00e1tsorol\u00e1si k\u00e9relmet \u0151szi f\u00e9l\u00e9vben a vizsgaid\u0151szak utols\u00f3 napj\u00e1ig,<\/u> tavaszi f\u00e9l\u00e9vben az \u0151szi szemeszter regisztr\u00e1ci\u00f3s het\u00e9t megel\u0151z\u0151 h\u00e9t utols\u00f3 munkanapja hivatali idej\u00e9nek v\u00e9g\u00e9ig \u2013 a TKSZV id\u0151tartam\u00e1ra \u00e9s eredm\u00e9ny\u00e9re figyelemmel \u2013 kell leadni.<\/p>\n<p>Az \u00f6nk\u00f6lts\u00e9ges hallgat\u00f3 csak magyar \u00e1llami \u00f6szt\u00f6nd\u00edjas k\u00e9pz\u00e9si form\u00e1ra, a k\u00f6lts\u00e9gt\u00e9r\u00edt\u00e9ses hallgat\u00f3 csak \u00e1llamilag t\u00e1mogatott k\u00e9pz\u00e9si form\u00e1ra k\u00e9rheti \u00e1tsorol\u00e1s\u00e1t. Nem vehet\u0151 \u00e1t \u00e1llamilag t\u00e1mogatott vagy \u00e1llami \u00f6szt\u00f6nd\u00edjas t\u00e1mogat\u00e1si form\u00e1ra az a hallgat\u00f3, aki m\u00e1r kimer\u00edtette \u00e1llami \u00f6szt\u00f6nd\u00edjas t\u00e1mogat\u00e1si idej\u00e9t.<br \/>\nAmennyiben t\u00f6bb jelentkez\u0151 van, mint a rendelkez\u00e9sre \u00e1ll\u00f3 helyek sz\u00e1ma, akkor az utols\u00f3 k\u00e9t akt\u00edv f\u00e9l\u00e9v s\u00falyozott tanulm\u00e1nyi \u00e1tlaga alapj\u00e1n k\u00e9sz\u00fclt rangsor szerint ker\u00fclnek bet\u00f6lt\u00e9sre a helyek.<br \/>\nA p\u00e1ly\u00e1zatnak tartalmaznia sz\u00fcks\u00e9ges az al\u00e1bbiakat:<\/p>\n<ul>\n<li>Hallgat\u00f3 neve,<\/li>\n<li>NEPTUN k\u00f3dja,<\/li>\n<li>Hivatalos \u00e9rtes\u00edt\u00e9si c\u00edme,<\/li>\n<li>Az utols\u00f3 k\u00e9t akt\u00edv f\u00e9l\u00e9v\u00e9nek korrig\u00e1lt, kreditekkel s\u00falyozott tanulm\u00e1nyi \u00e1tlaga \u00e9s ezekben a f\u00e9l\u00e9vekben teljes\u00edtett kreditek sz\u00e1ma<\/li>\n<\/ul>\n<p>A p\u00e1ly\u00e1zat bead\u00e1s\u00e1nak felt\u00e9tele, hogy a SzMSz III. K\u00f6nyv III.4. r\u00e9sz 22.\u00a7 (9b) pontj\u00e1ban \u00e9s (10a) pontj\u00e1nak b) bekezd\u00e9s\u00e9ben foglaltak szerint az utols\u00f3 k\u00e9t akt\u00edv f\u00e9l\u00e9v s\u00falyozott tanulm\u00e1nyi \u00e1tlaga legal\u00e1bb 2,50 legyen. <strong>A felt\u00e9telnek nem megfelel\u0151, hi\u00e1nyos vagy elk\u00e9sett p\u00e1ly\u00e1zatok automatikusan elutas\u00edt\u00e1sra ker\u00fclnek.<\/strong><\/p>\n<p><a href=\"https:\/\/semmelweis.hu\/fok\/files\/2021\/09\/P\u00e1ly\u00e1zat-meg\u00fcresedett-\u00e1llami-\u00f6szt\u00f6nd\u00edjas-helyekre.pdf\">\u00a0P\u00e1ly\u00e1zat meg\u00fcresedett \u00e1llamilag finansz\u00edrozott helyre &#8211; 2021.<\/a><\/p>\n","protected":false},"excerpt":{"rendered":"<p>A Semmelweis Egyetem Szervezeti \u00e9s M\u0171k\u00f6d\u00e9si Szab\u00e1lyzata III. K\u00f6nyv Hallgat\u00f3i K\u00f6vetelm\u00e9nyrendszer III.4. R\u00e9sz T\u00e9r\u00edt\u00e9si \u00e9s Juttat\u00e1si Szab\u00e1lyzat 22.\u00a7 vonatkoz\u00f3 szakaszaiban foglaltak szerint: <a href=\"https:\/\/semmelweis.hu\/jogigfoig\/files\/2020\/04\/UJ_SZMSZ_HKR_III_KONYV_III_4_RESZ_Teritesi_es_Juttatasi_Szabalyzat_hatalyos_2020_03_25_tol.pdf\">https:\/\/semmelweis.hu\/jogigfoig\/files\/2020\/04\/UJ_SZMSZ_HKR_III_KONYV_III_4_RESZ_Teritesi_es_Juttatasi_Szabalyzat_hatalyos_2020_03_25_tol.pdf<\/a> Ha a magyar \u00e1llami (r\u00e9sz)\u00f6szt\u00f6nd\u00edjjal t\u00e1mogatott k\u00e9pz\u00e9sre felvett vagy \u00e1llamilag t\u00e1mogatott hallgat\u00f3nak a tanulm\u00e1nyai befejez\u00e9se el\u0151tt megsz\u0171nik a hallgat\u00f3i jogviszonya, hely\u00e9re \u2013 ilyen ir\u00e1ny\u00fa k\u00e9relem eset\u00e9n \u2013 a fels\u0151oktat\u00e1si int\u00e9zm\u00e9nyben \u00f6nk\u00f6lts\u00e9ges vagy k\u00f6lts\u00e9gt\u00e9r\u00edt\u00e9ses &hellip;<\/p>\n","protected":false},"author":101171,"featured_media":0,"parent":3380,"menu_order":0,"comment_status":"closed","ping_status":"closed","template":"","meta":{"_acf_changed":false,"footnotes":""},"categories":[],"tags":[],"class_list":["post-10115","page","type-page","status-publish","hentry"],"acf":[],"_links":{"self":[{"href":"https:\/\/semmelweis.hu\/fok\/wp-json\/wp\/v2\/pages\/10115","targetHints":{"allow":["GET"]}}],"collection":[{"href":"https:\/\/semmelweis.hu\/fok\/wp-json\/wp\/v2\/pages"}],"about":[{"href":"https:\/\/semmelweis.hu\/fok\/wp-json\/wp\/v2\/types\/page"}],"author":[{"embeddable":true,"href":"https:\/\/semmelweis.hu\/fok\/wp-json\/wp\/v2\/users\/101171"}],"replies":[{"embeddable":true,"href":"https:\/\/semmelweis.hu\/fok\/wp-json\/wp\/v2\/comments?post=10115"}],"version-history":[{"count":1,"href":"https:\/\/semmelweis.hu\/fok\/wp-json\/wp\/v2\/pages\/10115\/revisions"}],"predecessor-version":[{"id":10116,"href":"https:\/\/semmelweis.hu\/fok\/wp-json\/wp\/v2\/pages\/10115\/revisions\/10116"}],"up":[{"embeddable":true,"href":"https:\/\/semmelweis.hu\/fok\/wp-json\/wp\/v2\/pages\/3380"}],"wp:attachment":[{"href":"https:\/\/semmelweis.hu\/fok\/wp-json\/wp\/v2\/media?parent=10115"}],"wp:term":[{"taxonomy":"category","embeddable":true,"href":"https:\/\/semmelweis.hu\/fok\/wp-json\/wp\/v2\/categories?post=10115"},{"taxonomy":"post_tag","embeddable":true,"href":"https:\/\/semmelweis.hu\/fok\/wp-json\/wp\/v2\/tags?post=10115"}],"curies":[{"name":"wp","href":"https:\/\/api.w.org\/{rel}","templated":true}]}}