{"id":76,"date":"2015-11-25T15:11:59","date_gmt":"2015-11-25T14:11:59","guid":{"rendered":"http:\/\/semmelweis.hu\/fok-tvb\/?page_id=76"},"modified":"2026-03-17T09:30:57","modified_gmt":"2026-03-17T08:30:57","slug":"nyari-szakmai-gyakorlat","status":"publish","type":"page","link":"https:\/\/semmelweis.hu\/fok-tvb\/tanulmanyi-ugyek\/nyari-szakmai-gyakorlat\/","title":{"rendered":"Ny\u00e1ri szakmai gyakorlatok"},"content":{"rendered":"<h4><span style=\"font-size: 14pt\"><strong>R\u00f6vid le\u00edr\u00e1s: <\/strong><\/span><\/h4>\n<p style=\"text-align: justify\">\u00c9letbe l\u00e9pett az \u00faj kari Elj\u00e1r\u00e1srend (let\u00f6lthet\u0151 lentebb), amely az eddigiekt\u0151l elt\u00e9r\u0151, <strong>kor\u00e1bbi<\/strong> hat\u00e1rid\u0151ket hat\u00e1roz meg. Ennek oka, hogy a ny\u00e1ri gyakorlatokra megfelel\u0151en fel tudjanak a klinik\u00e1k k\u00e9sz\u00fclni, \u00e9s a sz\u00fcks\u00e9ges sz\u00e1m\u00fa helyet biztos\u00edtani lehessen. Az el\u0151\u00edrt ny\u00e1ri gyakorlatokat alapvet\u0151en tov\u00e1bbra is a Kar, illetve az Egyetem int\u00e9zm\u00e9nyeiben kell teljes\u00edteni (r\u00e9szletesen l\u00e1sd az egyes ny\u00e1ri gyakorlatokn\u00e1l).<\/p>\n<p style=\"text-align: justify\"><strong>Kell\u0151en indokolt esetben,<\/strong><strong> ha az \u00c1pol\u00e1stani, az Extracti\u00f3s vagy az \u00c1ltal\u00e1nos fog\u00e1szati ny\u00e1ri gyakorlat eset\u00e9ben<\/strong> a szakmai gyakorlat\u00e1t valaki m\u00e9gis egy k\u00fcls\u0151 helyen szeretn\u00e9 teljes\u00edteni, akkor azt el\u0151z\u0151leg k\u00e9rv\u00e9nyezni kell a \u201c<strong>k\u00e9rv\u00e9ny<\/strong>\u201d nyomtatv\u00e1nyon. A gyakorlatokat itthon csak a gyakorlat t\u00edpus\u00e1nak megfelel\u0151, igazoltan <strong>akkredit\u00e1lt helyeken<\/strong> (vagy esetleg k\u00fclf\u00f6ld\u00f6n) lehet elv\u00e9gezni. Mivel nem \u00e1ll rendelkez\u00e9s\u00fcnkre megb\u00edzhat\u00f3 friss\u00edtett lista arr\u00f3l, hogy mely helyek akkredit\u00e1ltak, ez\u00e9rt az akkredit\u00e1ci\u00f3r\u00f3l sz\u00f3l\u00f3 igazol\u00e1st (m\u00e1solat\u00e1t) mell\u00e9kelni kell a k\u00e9rv\u00e9nyhez. Igazolt akkredit\u00e1ci\u00f3 hi\u00e1ny\u00e1ban, illetve nem a megfelel\u0151 szakter\u00fcletre sz\u00f3l\u00f3 akkredit\u00e1ci\u00f3 eset\u00e9n hazai rendel\u0151ben a gyakorlat elv\u00e9gz\u00e9s\u00e9t a TVB <strong>nem<\/strong> enged\u00e9lyezi. A hozz\u00e1j\u00e1rul\u00e1s felt\u00e9tele tov\u00e1bb\u00e1, hogy a fogad\u00f3 int\u00e9zm\u00e9ny nyilatkozzon a k\u00e9rv\u00e9nyen a hallgat\u00f3 <strong>befogad\u00e1sr\u00f3l<\/strong> is <strong>a gyakorlatnak megfelel\u0151 <\/strong>(lentebb let\u00f6lthet\u0151) \u201c<strong>befogad\u00f3_nyilatkozat<\/strong>\u201d nyomtatv\u00e1nyon. <strong>Ennek kit\u00f6lt\u00e9s\u00e9vel a fogad\u00f3 int\u00e9zm\u00e9ny egyben felel\u0151ss\u00e9get v\u00e1llal a gyakorlat megadott tematika szerinti elv\u00e9gz\u00e9s\u00e9re.<\/strong><\/p>\n<p style=\"text-align: justify\">A let\u00f6lt\u00f6tt k\u00e9rv\u00e9nyt megfelel\u0151en kit\u00f6ltve kell a megadott hat\u00e1rid\u0151ig beny\u00fajtani a D\u00e9k\u00e1ni Hivatalba. A k\u00e9relmet minden esetben valamilyen <strong>igazolt <\/strong>nyom\u00f3s okkal kell megindokolni, az igazol\u00e1s a k\u00e9rv\u00e9ny mell\u00e9klete kell legyen. <strong>A hat\u00e1rid\u0151n t\u00fal beadott k\u00e9rv\u00e9nyek automatikusan elutas\u00edt\u00e1sra ker\u00fclnek.<\/strong><\/p>\n<p style=\"text-align: justify\">A k\u00fcls\u0151 helyen elv\u00e9gzett gyakorlatok <strong>teljes\u00edt\u00e9s\u00e9t<\/strong> felt\u00e9tlen\u00fcl az al\u00e1bbi fel\u00fcletr\u0151l let\u00f6lthet\u0151, a gyakorlatnak megfelel\u0151 \u201c<strong>igazol\u00e1s<\/strong>\u201d nyomtatv\u00e1nyon kell igazoltatni a gyakorlati hellyel, majd azt a k\u00f6vetkez\u0151 szemeszterre t\u00f6rt\u00e9n\u0151 beiratkoz\u00e1s<span style=\"text-decoration: line-through\">kor<\/span> el\u0151tt kell leadni a D\u00e9k\u00e1ni Hivatalban, mert a gyakorlat teljes\u00edt\u00e9s\u00e9t csak ennek alapj\u00e1n tudj\u00e1k a Neptunba bejegyezni. <strong>A ny\u00e1ri gyakorlatok krit\u00e9rium k\u00f6vetelm\u00e9nyek, nem teljes\u00edt\u00e9s\u00fck eset\u00e9n a k\u00f6vetkez\u0151 f\u00e9l\u00e9vre nem lehet beiratkozni!<\/strong><\/p>\n<p><strong>HAT\u00c1RID\u0150K:<\/strong><\/p>\n<p>l\u00e1sd az \u00faj kari Elj\u00e1r\u00e1srendet!<\/p>\n<p>&nbsp;<\/p>\n<p><strong>VONATKOZ\u00d3 SZAB\u00c1LYOK:<\/strong><\/p>\n<p><a href=\"https:\/\/semmelweis.hu\/fok\/oktatas\/altalanos-informaciok-a-hallgatok-reszere\/gyakorlatok\/\">Az \u00faj kari elj\u00e1r\u00e1srend<\/a><\/p>\n<p style=\"margin: 0cm;margin-bottom: .0001pt\">\u00a0<\/p>\n<p style=\"margin: 0cm;margin-bottom: .0001pt\"><div class=\"responsive-tabs\">\n<h2 class=\"tabtitle\">Asszisztensi-<\/h2>\n<div class=\"tabcontent\">\n<\/p>\n<p style=\"text-align: justify\">\u00a0<\/p>\n<p>A 2. f\u00e9l\u00e9v ut\u00e1n, 2 h\u00e9t (60 \u00f3ra).<\/p>\n<p style=\"text-align: justify\">Az Asszisztensi ny\u00e1ri gyakorlat feladata megismertetni a hallgat\u00f3kkal a fogorvosi kezel\u00e9s sor\u00e1n haszn\u00e1latos berendez\u00e9sek \u00e9s eszk\u00f6z\u00f6k alkalmaz\u00e1s\u00e1t, a leggyakrabban alkalmazott fog\u00e1szati anyagokat, bevezetni a hallgat\u00f3t a betegell\u00e1t\u00e1s menet\u00e9be, ezen fel\u00fcl a betegell\u00e1t\u00e1s asszisztensi oldalr\u00f3l val\u00f3 megismer\u00e9se n\u00e9lk\u00fcl\u00f6zhetetlen a k\u00e9s\u0151bbi klinikai munkav\u00e9gz\u00e9s szempontj\u00e1b\u00f3l. A hallgat\u00f3 a gyakorlat sor\u00e1n megtanulja az asszisztenssel \u00e9s a beteggel val\u00f3 viselked\u00e9s alapvet\u0151 szab\u00e1lyait.<\/p>\n<p style=\"text-align: justify\">Megfelel\u0151 el\u0151k\u00e9pzetts\u00e9g eset\u00e9n \u2013 <strong>melyet igazolni \u00e9s a tant\u00e1rgy el\u0151ad\u00f3j\u00e1val el kell fogadtatni <\/strong>\u2013 az elv\u00e9gz\u00e9se al\u00f3l a TVB felment\u00e9st adhat, amennyiben azt a hallgat\u00f3 k\u00e9rv\u00e9nyezi \u00e9s a tansz\u00e9k is t\u00e1mogatja.<\/p>\n<h4><strong>LET\u00d6LTHET\u0150 NYOMTATV\u00c1NYOK:<\/strong><\/h4>\n<h5>(<a href=\"https:\/\/semmelweis.hu\/fok-tvb\/files\/2026\/01\/Felmentes_Asszisztensi_vagy_Odonto_nyari_szakmai_gyakorlat_2026.pdf\">k\u00e9rv\u00e9ny felment\u00e9shez<\/a>)<\/h5>\n\n<\/div><h2 class=\"tabtitle\">Odontotechnol\u00f3giai-<\/h2>\n<div class=\"tabcontent\">\n\n<p>A 2. f\u00e9l\u00e9v ut\u00e1n, 2 h\u00e9t (60 \u00f3ra).<\/p>\n<p style=\"text-align: justify\">A ny\u00e1ri gyakorlat c\u00e9lja az odontotechnol\u00f3giai ismeretek \u00e1tad\u00e1sa, az alapvet\u0151 gyakorlati \u00e9s elm\u00e9leti ismeretanyag elsaj\u00e1t\u00edt\u00e1sa. K\u00e9z\u00fcgyess\u00e9g fejleszt\u00e9se. A ny\u00e1ri gyakorlat mag\u00e1ba foglal laborl\u00e1togat\u00e1st, melyen a hallgat\u00f3 ismeretszint\u0171 tud\u00e1st kap r\u00f6gz\u00edtett \u00e9s kivehet\u0151 fogp\u00f3tl\u00e1sok k\u00e9sz\u00edt\u00e9s\u00e9nek laborat\u00f3riumi munkaf\u00e1zisaib\u00f3l.<\/p>\n<p style=\"text-align: justify\">Odontotechnol\u00f3giai ny\u00e1ri gyakorlatot <strong>mindenkinek <\/strong>a Fogorvostudom\u00e1nyi Kar Fogp\u00f3tl\u00e1stani Klinik\u00e1j\u00e1n (Propedeutikai Tansz\u00e9k laborj\u00e1ban) kell elv\u00e9geznie a 2. f\u00e9l\u00e9v ut\u00e1n j\u00faliusban. Megfelel\u0151 el\u0151k\u00e9pzetts\u00e9g eset\u00e9n \u2013 <strong>melyet igazolni \u00e9s a tant\u00e1rgy el\u0151ad\u00f3j\u00e1val el kell fogadtatni <\/strong>\u2013 az elv\u00e9gz\u00e9se al\u00f3l a TVB felment\u00e9st adhat, amennyiben azt a hallgat\u00f3 k\u00e9rv\u00e9nyezi \u00e9s a tansz\u00e9k is t\u00e1mogatja.<\/p>\n<h4><strong>LET\u00d6LTHET\u0150 NYOMTATV\u00c1NYOK:<\/strong><\/h4>\n<h5>(<a href=\"https:\/\/semmelweis.hu\/fok-tvb\/files\/2026\/01\/Felmentes_Asszisztensi_vagy_Odonto_nyari_szakmai_gyakorlat_2026.pdf\">k\u00e9rv\u00e9ny felment\u00e9shez<\/a>)<\/h5>\n\n<\/div><h2 class=\"tabtitle\">\u00c1pol\u00e1stani-<\/h2>\n<div class=\"tabcontent\">\n\n<p><span style=\"font-size: 14pt\"><strong>K\u00fcls\u0151 akkredit\u00e1lt fekv\u0151oszt\u00e1llyal rendelkez\u0151 int\u00e9zm\u00e9nyben is teljes\u00edthet\u0151 a 120 \u00f3r\u00e1s \u00c1pol\u00e1stani ny\u00e1ri gyakorlat.<\/strong><\/span><\/p>\n<p style=\"text-align: justify\"><span style=\"font-size: 14pt\">A Neptunban az \u00c1pol\u00e1stani ny\u00e1ri gyakorlat tant\u00e1rgy alatt meg fog jelenni a \u201e<strong>k\u00fcls\u0151 hely<\/strong>\u201d kurzus, amit akkor vehetnek fel az \u00e9rintett hallgat\u00f3k, ha a Tanulm\u00e1nyi \u00e9s Vizsgabizotts\u00e1g pozit\u00edvan hat\u00e1rozott a beny\u00fajtott k\u00e9rv\u00e9ny\u00fck \u00fcgy\u00e9ben.\u00a0<\/span><\/p>\n<p><span style=\"font-size: 14pt\">A k\u00fcls\u0151, akkredit\u00e1lt helysz\u00ednen teljes\u00edteni k\u00edv\u00e1nt \u00c1pol\u00e1stani ny\u00e1ri gyakorlattal kapcsolatban az al\u00e1bbi nyomtatv\u00e1nyok beny\u00fajt\u00e1s\u00e1ra van sz\u00fcks\u00e9g:<\/span><\/p>\n<p><span style=\"font-size: 14pt\">\u00b7<a href=\"https:\/\/semmelweis.hu\/fok-tvb\/files\/2026\/01\/Kerelem_Apolastan_nyari_szakmai_gyak_kulso_helyen_tort_telj_irant_magyar_2026.pdf\" target=\"_blank\" rel=\"noopener\"><strong>K\u00e9relem ny\u00e1ri szakmai gyakorlat k\u00fcls\u0151 helyen t\u00f6rt\u00e9n\u0151 teljes\u00edt\u00e9se ir\u00e1nt<\/strong><\/a><\/span><br \/>\n<span style=\"font-size: 14pt\">\u00b7<a href=\"https:\/\/semmelweis.hu\/fok-tvb\/files\/2025\/04\/APOLASTAN-nyari-gyakorlat-Befogado-nyilatkozat-magyar.pdf\" target=\"_blank\" rel=\"noopener\"><strong>Befogad\u00f3 nyilatkozat<\/strong><\/a> (gyakorlatot megel\u0151z\u0151en, a k\u00e9relem csatolm\u00e1nyak\u00e9nt beny\u00fajtand\u00f3)<\/span><br \/>\n<span style=\"font-size: 14pt\">\u00b7<a href=\"https:\/\/semmelweis.hu\/fok-tvb\/files\/2025\/04\/APOLASTAN-nyari-gyakorlat-Teljesitesrol-szolo-igazolas-magyar.pdf\" target=\"_blank\" rel=\"noopener\"><strong>Teljes\u00edt\u00e9s igazol\u00e1s<\/strong><\/a> (<em><span style=\"text-decoration: underline\">gyakorlatot k\u00f6vet\u0151en<\/span> beny\u00fajtand\u00f3<\/em>)<\/span><\/p>\n<p><span style=\"font-size: 14pt\">A k\u00e9relemhez <strong>csatolnia kell m\u00e9g<\/strong> a v\u00e1lasztott befogad\u00f3 <strong>int\u00e9zm\u00e9ny<\/strong> akkredit\u00e1ci\u00f3j\u00e1t igazol\u00f3 <strong>Akkredit\u00e1ci\u00f3s hat\u00e1rozat m\u00e1solat\u00e1t.<\/strong><\/span><\/p>\n<p><span style=\"font-size: 12pt\">\n<\/div><h2 class=\"tabtitle\">Extrakci\u00f3s-<\/h2>\n<div class=\"tabcontent\">\n <\/span><\/p>\n<p>A 6. f\u00e9l\u00e9v ut\u00e1n, 1 h\u00e9t (30 \u00f3ra).<\/p>\n<p>A gyakorlatot a hallgat\u00f3k els\u0151sorban a Kar Arc-\u00c1llcsont-Sz\u00e1jseb\u00e9szeti \u00e9s Fog\u00e1szati Klinik\u00e1j\u00e1n, Fog\u00e1szati \u00e9s Sz\u00e1jseb\u00e9szeti Oktat\u00f3 Int\u00e9zet\u00e9ben \u00e9s az Or\u00e1lis Diagnosztikai Tansz\u00e9ken tal\u00e1lhat\u00f3 Dentoalveol\u00e1ris Seb\u00e9szeti Oszt\u00e1lyon v\u00e9gezhetik. Csak megfelel\u0151 indokkal k\u00e9rv\u00e9nyezhet\u0151 a gyakorlat teljes\u00edt\u00e9se a fenti int\u00e9zm\u00e9nyeken k\u00edv\u00fcl, itthon egy a fentiekkel megegyez\u0151 profil\u00fa akkredit\u00e1lt oktat\u00f3 k\u00f3rh\u00e1zban\/rendel\u0151ben illetve k\u00fclf\u00f6ld\u00f6n.<\/p>\n<h4><strong>LET\u00d6LTHET\u0150 NYOMTATV\u00c1NYOK:<\/strong><\/h4>\n<h5>(<a href=\"https:\/\/semmelweis.hu\/fok-tvb\/files\/2026\/01\/Kerelem_nyari_szakmai_gyak_kulso_helyen_tort_telj_irant_magyar_2026.pdf\">k\u00e9rv\u00e9ny<\/a>) (<a href=\"https:\/\/semmelweis.hu\/fok-tvb\/files\/2025\/04\/Extractios-nyari-szakmai-gyakorlat-Befogado-nyilatkozat-magyar.pdf\">befogad\u00f3 nyilatkozat<\/a>) (<a href=\"https:\/\/semmelweis.hu\/fok-tvb\/files\/2025\/04\/Extractios-nyari-szakmai-gyakorlat-Teljesitesrol-szolo-igazolas.pdf\">teljes\u00edt\u00e9s igazol\u00e1s<\/a>)<\/h5>\n<p><span style=\"font-size: 12pt\">\u00a0 \n<\/div><h2 class=\"tabtitle\">\u00c1ltal\u00e1nos fog\u00e1szati ny\u00e1ri gyakorlat<\/h2>\n<div class=\"tabcontent\">\n <\/span><\/p>\n<p>A 8. f\u00e9l\u00e9v ut\u00e1n, 4 h\u00e9t (120 \u00f3ra).<\/p>\n<p>Ezt a hallgat\u00f3k els\u0151sorban a Kar Fog\u00e1szati \u00e9s Sz\u00e1jseb\u00e9szeti Oktat\u00f3 Int\u00e9zet\u00e9ben, Fogp\u00f3tl\u00e1stani Klinik\u00e1j\u00e1n, Gyermekfog\u00e1szati \u00e9s Fogszab\u00e1lyoz\u00e1si Klinik\u00e1j\u00e1n, Konzerv\u00e1l\u00f3 Fog\u00e1szati Klinik\u00e1j\u00e1n, Or\u00e1lis Diagnosztikai Tansz\u00e9ken \u00e9s Parodontol\u00f3giai Klinik\u00e1j\u00e1n v\u00e9gezhetik. A Karon a hallgat\u00f3k a n\u00e9gykezes kezel\u00e9s elvei szerint dolgoznak \u00fagy, hogy az el\u0151\u00edrt id\u0151tartam fel\u00e9ben a fogorvosi, fel\u00e9ben sz\u00e9k melletti asszisztensi feladatokat l\u00e1tnak el. Csak megfelel\u0151 indokkal k\u00e9rv\u00e9nyezhet\u0151 a gyakorlat teljes\u00edt\u00e9se a fenti int\u00e9zm\u00e9nyeken k\u00edv\u00fcl. Ez itthon kiz\u00e1r\u00f3lag egy Endodontia \u00a0vagy Fogp\u00f3tl\u00e1stan szakir\u00e1nyhoz akkredit\u00e1lt oktat\u00f3 k\u00f3rh\u00e1zban\/rendel\u0151ben, illetve k\u00fclf\u00f6ld\u00f6n enged\u00e9lyezhet\u0151.<\/p>\n<h4><strong>LET\u00d6LTHET\u0150 NYOMTATV\u00c1NYOK:<\/strong><\/h4>\n<h5>(<a href=\"https:\/\/semmelweis.hu\/fok-tvb\/files\/2026\/01\/Kerelem_nyari_szakmai_gyak_kulso_helyen_tort_telj_irant_magyar_2026.pdf\">k\u00e9rv\u00e9ny<\/a>) (<a href=\"https:\/\/semmelweis.hu\/fok-tvb\/files\/2025\/04\/Altalanos-fogaszati-nyari-gyakorlat-Befogado-nyilatkozat-magyar.pdf\">befogad\u00f3 nyilatkozat<\/a>) (<a href=\"https:\/\/semmelweis.hu\/fok-tvb\/files\/2025\/04\/Altalanos-fogaszati-nyari-gyakorlat-Teljesitesrol-szolo-igazolas.pdf\">teljes\u00edt\u00e9s igazol\u00e1s<\/a>)<\/h5>\n<p>&nbsp;<\/p>\n<p><span style=\"font-size: 12pt\"><\/div><\/div><\/span><\/p>\n","protected":false},"excerpt":{"rendered":"<p>R\u00f6vid le\u00edr\u00e1s: \u00c9letbe l\u00e9pett az \u00faj kari Elj\u00e1r\u00e1srend (let\u00f6lthet\u0151 lentebb), amely az eddigiekt\u0151l elt\u00e9r\u0151, kor\u00e1bbi hat\u00e1rid\u0151ket hat\u00e1roz meg. Ennek oka, hogy a ny\u00e1ri gyakorlatokra megfelel\u0151en fel tudjanak a klinik\u00e1k k\u00e9sz\u00fclni, \u00e9s a sz\u00fcks\u00e9ges sz\u00e1m\u00fa helyet biztos\u00edtani lehessen. Az el\u0151\u00edrt ny\u00e1ri gyakorlatokat alapvet\u0151en tov\u00e1bbra is a Kar, illetve az Egyetem int\u00e9zm\u00e9nyeiben kell teljes\u00edteni (r\u00e9szletesen l\u00e1sd az &hellip;<\/p>\n","protected":false},"author":331,"featured_media":0,"parent":48,"menu_order":2,"comment_status":"closed","ping_status":"closed","template":"","meta":{"_acf_changed":false,"footnotes":""},"categories":[],"tags":[],"class_list":["post-76","page","type-page","status-publish","hentry"],"acf":[],"_links":{"self":[{"href":"https:\/\/semmelweis.hu\/fok-tvb\/wp-json\/wp\/v2\/pages\/76","targetHints":{"allow":["GET"]}}],"collection":[{"href":"https:\/\/semmelweis.hu\/fok-tvb\/wp-json\/wp\/v2\/pages"}],"about":[{"href":"https:\/\/semmelweis.hu\/fok-tvb\/wp-json\/wp\/v2\/types\/page"}],"author":[{"embeddable":true,"href":"https:\/\/semmelweis.hu\/fok-tvb\/wp-json\/wp\/v2\/users\/331"}],"replies":[{"embeddable":true,"href":"https:\/\/semmelweis.hu\/fok-tvb\/wp-json\/wp\/v2\/comments?post=76"}],"version-history":[{"count":12,"href":"https:\/\/semmelweis.hu\/fok-tvb\/wp-json\/wp\/v2\/pages\/76\/revisions"}],"predecessor-version":[{"id":1071,"href":"https:\/\/semmelweis.hu\/fok-tvb\/wp-json\/wp\/v2\/pages\/76\/revisions\/1071"}],"up":[{"embeddable":true,"href":"https:\/\/semmelweis.hu\/fok-tvb\/wp-json\/wp\/v2\/pages\/48"}],"wp:attachment":[{"href":"https:\/\/semmelweis.hu\/fok-tvb\/wp-json\/wp\/v2\/media?parent=76"}],"wp:term":[{"taxonomy":"category","embeddable":true,"href":"https:\/\/semmelweis.hu\/fok-tvb\/wp-json\/wp\/v2\/categories?post=76"},{"taxonomy":"post_tag","embeddable":true,"href":"https:\/\/semmelweis.hu\/fok-tvb\/wp-json\/wp\/v2\/tags?post=76"}],"curies":[{"name":"wp","href":"https:\/\/api.w.org\/{rel}","templated":true}]}}