{"id":5018,"date":"2024-05-13T11:29:06","date_gmt":"2024-05-13T09:29:06","guid":{"rendered":"https:\/\/semmelweis.hu\/fok-tovabbkepzes\/?page_id=5018"},"modified":"2026-04-20T13:32:12","modified_gmt":"2026-04-20T11:32:12","slug":"jelentkezes","status":"publish","type":"page","link":"https:\/\/semmelweis.hu\/fok-tovabbkepzes\/szakfogorvos-kepzes\/jelentkezes\/","title":{"rendered":"Jelentkez\u00e9s szakfogorvosk\u00e9pz\u00e9sre"},"content":{"rendered":"<div class=\"responsive-tabs\">\n<h2 class=\"tabtitle\">Rendszerbev\u00e9teli elj\u00e1r\u00e1s<\/h2>\n<div class=\"tabcontent\">\n\n<div id=\"GroupWiseSection_1655813851000_nagy-pal.orsolya@dent.semmelweis-univ.hu_18849E011B09000089BE000000000000_\" class=\"GroupWiseMessageBody active\">\n<div class=\"elementToProof\" style=\"color: #000000;font-family: 'Times New Roman', Times, serif;font-size: 12pt;background-color: #ffffff\">\n<p><span style=\"font-size: 14pt\"><strong>P\u00e1ly\u00e1zati id\u0151szak a RENY rendszerben: 2025.06.23. 09:00 \u00f3r\u00e1t\u00f3l-2025.07.09. 23:59 \u00f3r\u00e1ig<\/strong><\/span><\/p>\n<\/div>\n<div class=\"elementToProof\" style=\"color: #000000;font-family: 'Times New Roman', Times, serif;font-size: 12pt;background-color: #ffffff\"><span style=\"font-size: 14pt\"><strong>Jelentkez\u00e9s menete:<\/strong><\/span><br \/>\n<span style=\"font-size: 14pt\">A szakk\u00e9pz\u00e9s el\u0151tt c\u00edm\u0171 f\u00fclre kattintva megjelennek a keretsz\u00e1mok, itt ki kell keresni a Semmelweis Egyetem Fogorvostudom\u00e1nyi Kar Klinik\u00e1j\u00e1t: Pl. Semmelweis Egyetem Fogorvostudom\u00e1nyi Kar Fogp\u00f3tl\u00e1stani Klinika \u2013 Szakir\u00e1ny: Fogp\u00f3tl\u00e1stan nem egyetemi ut\u00e1np\u00f3tl\u00e1s keretsz\u00e1m. <\/span><br \/>\n<span style=\"font-size: 14pt\">R\u00e1 kell kattintani a Klinika nev\u00e9re, oldalt meg fog jelenni egy z\u00f6ld jelz\u00e9s, arra is r\u00e1 kell kattintani , majd a dokumentumok f\u00fcln\u00e9l fel kell t\u00f6lteni a k\u00e9rt csatolm\u00e1nyokat.<\/span><\/div>\n<div>\u00a0<\/div>\n<div class=\"elementToProof\" style=\"color: #000000;font-family: 'Times New Roman', Times, serif;font-size: 12pt;background-color: #ffffff\"><strong style=\"font-size: 14pt;color: #1e2326;font-family: 'PT serif', serif\">Felt\u00f6ltend\u0151 dokumentumok:<\/strong><\/div>\n<\/div>\n<div><span style=\"font-size: 14pt\">\u00d6n\u00e9letrajz<\/span><br \/>\n<span style=\"font-size: 14pt\">Motiv\u00e1ci\u00f3s lev\u00e9l<\/span><br \/>\n<span style=\"font-size: 14pt\">T\u00f6bbletpontok hitelt \u00e9rdeml\u0151 igazol\u00e1sa<\/span><\/div>\n<div id=\"GroupWiseSection_1655813851000_nagy-pal.orsolya@dent.semmelweis-univ.hu_18849E011B09000089BE000000000000_\" class=\"GroupWiseMessageBody active\">\n<div>\n<div>\u00a0<\/div>\n<\/div>\n<\/div>\n<p><a href=\"https:\/\/semmelweis.hu\/fok-tovabbkepzes\/files\/2025\/03\/Tajekoztato-rendszerbeveteli-eljarasrol.pdf\"><span style=\"font-size: 14pt\">T\u00e1j\u00e9koztat\u00f3 2025<\/span><\/a><\/p>\n<p><a href=\"https:\/\/semmelweis.hu\/fok-tovabbkepzes\/files\/2025\/05\/Tobbletpontok.pdf\"><span style=\"font-size: 14pt\">T\u00f6bbletpontok<\/span><\/a><\/p>\n<p>Keretsz\u00e1mok<\/p>\n<p><span style=\"font-size: 14pt\">Felh\u00edvjuk sz\u00edves figyelm\u00fcket, hogy a diplomasz\u00e1m \u00fcresen hagyhat\u00f3, az nem von maga ut\u00e1n hi\u00e1nyp\u00f3tl\u00e1st.<\/span><\/p>\n<div id=\"GroupWiseSection_1654087056000_farkas.izabella@dent.semmelweis-univ.hu_5312CC010CFD0000A95A000000000000_\" class=\"GroupWiseMessageBody\">\n<div style=\"text-align: justify\"><span style=\"font-size: 14pt\">Amennyiben a Semmelweis Egyetem Fogorvostudom\u00e1nyi Kar\u00e1n m\u00e1r eg\u00e9szs\u00e9g\u00fcgyi szolg\u00e1lati jogviszonyban \u00e1ll\u00f3k\u00e9nt \u00fajabb els\u0151k\u00e9nt megszerezhet\u0151 szakk\u00e9pes\u00edt\u00e9sre szeretne jelentkezni, k\u00e9rj\u00fck, vegye fel a kapcsolatot Farkas Izabell\u00e1val.<\/span><\/div>\n<div><span style=\"font-size: 14pt\">E-mail: <a href=\"mailto:farkas.izabella@semmelweis.hu\">farkas.izabella@semmelweis.hu<\/a><\/span><\/div>\n<div><span style=\"font-size: 14pt\">Telefonsz\u00e1m: 317-10-94<\/span><\/div>\n<div>\u00a0<\/div>\n<\/div>\n\n<\/div><h2 class=\"tabtitle\">K\u00fcls\u0151 k\u00f6lts\u00e9gt\u00e9r\u00edt\u00e9ses<\/h2>\n<div class=\"tabcontent\">\n\n<p>A p\u00e1ly\u00e1zati id\u0151szak kezdete a RENY rendszerben: 2025.07.21. 09:00 \u00f3ra<\/p>\n<p>A p\u00e1ly\u00e1zati id\u0151szak v\u00e9ge a RENY rendszerben: 2025.08.25. 23:59 \u00f3ra<\/p>\n<p><strong>A kapacit\u00e1s felt\u00f6lt\u00e9se pontsz\u00e1m\u00edt\u00e1s alapj\u00e1n t\u00f6rt\u00e9nik!!<\/strong><\/p>\n<p><a href=\"https:\/\/semmelweis.hu\/fok-tovabbkepzes\/files\/2026\/04\/55947-FOSZTT-2026-Parodontologia-plusz-pont.pdf\">55947-FOSZTT-2026. sz\u00e1m\u00fa Parodontol\u00f3gia Gr\u00e9mium hat\u00e1rozat<\/a><\/p>\n<p><a href=\"https:\/\/semmelweis.hu\/fok-tovabbkepzes\/files\/2025\/06\/Tajekoztato-ktg.pdf\"><strong style=\"font-size: 1rem\">T\u00e1j\u00e9koztat\u00f3 2025<\/strong><\/a><\/p>\n<p><a href=\"https:\/\/semmelweis.hu\/fok-tovabbkepzes\/files\/2026\/02\/Jelentkezes-szakfogorvoskepzesre-scaled.jpg\"><img loading=\"lazy\" decoding=\"async\" class=\"alignnone  wp-image-5408\" src=\"https:\/\/semmelweis.hu\/fok-tovabbkepzes\/files\/2026\/02\/Jelentkezes-szakfogorvoskepzesre-283x400.jpg\" alt=\"\" width=\"525\" height=\"742\" srcset=\"https:\/\/semmelweis.hu\/fok-tovabbkepzes\/files\/2026\/02\/Jelentkezes-szakfogorvoskepzesre-283x400.jpg 283w, https:\/\/semmelweis.hu\/fok-tovabbkepzes\/files\/2026\/02\/Jelentkezes-szakfogorvoskepzesre-724x1024.jpg 724w, https:\/\/semmelweis.hu\/fok-tovabbkepzes\/files\/2026\/02\/Jelentkezes-szakfogorvoskepzesre-768x1086.jpg 768w, https:\/\/semmelweis.hu\/fok-tovabbkepzes\/files\/2026\/02\/Jelentkezes-szakfogorvoskepzesre-1086x1536.jpg 1086w, https:\/\/semmelweis.hu\/fok-tovabbkepzes\/files\/2026\/02\/Jelentkezes-szakfogorvoskepzesre-1448x2048.jpg 1448w, https:\/\/semmelweis.hu\/fok-tovabbkepzes\/files\/2026\/02\/Jelentkezes-szakfogorvoskepzesre-753x1065.jpg 753w, https:\/\/semmelweis.hu\/fok-tovabbkepzes\/files\/2026\/02\/Jelentkezes-szakfogorvoskepzesre-scaled.jpg 1810w\" sizes=\"auto, (max-width: 525px) 100vw, 525px\" \/><\/a><\/p>\n<p>Bel\u00e9p\u00e9s az OFTEX-ben is haszn\u00e1lt felhaszn\u00e1l\u00f3n\u00e9vvel \u00e9s jelsz\u00f3val.<\/p>\n<div id=\"GroupWiseSection_1656484921000_farkas.izabella@dent.semmelweis-univ.hu_5312CC010CFD0000A95A000000000000_\" class=\"GroupWiseMessageBody active\">\n<div id=\"GroupWiseSection_1656407392000_Nporsi\" class=\"GroupWiseMessageBody\">\n<div id=\"GroupWiseSection_1658320926000_nagy-pal.orsolya@dent.semmelweis-univ.hu_18849E011B09000089BE000000000000_\" class=\"GroupWiseMessageBody active\">\n<div>\n<div style=\"text-align: justify\">Jelentkez\u00e9s menete:<\/div>\n<div style=\"text-align: justify\">A szakk\u00e9pz\u00e9s el\u0151tt c\u00edm\u0171 f\u00fclre kattintva megjelennek a keretsz\u00e1mok, itt ki kell keresni a Semmelweis Egyetem Fogorvostudom\u00e1nyi Kar Klinik\u00e1j\u00e1t: Pl. Semmelweis Egyetem Fogorvostudom\u00e1nyi Kar Fogp\u00f3tl\u00e1stani Klinika &#8211; Szakir\u00e1ny: Fogp\u00f3tl\u00e1stan k\u00fcls\u0151 k\u00f6lts\u00e9gt\u00e9r\u00edt\u00e9ses keretsz\u00e1m<\/div>\n<div style=\"text-align: justify\">R\u00e1 kell kattintani a Klinika nev\u00e9re, oldalt meg fog jelenni egy z\u00f6ld jelz\u00e9s, arra is r\u00e1 kell kattintani , majd a dokumentumok f\u00fcln\u00e9l fel kell t\u00f6lteni a k\u00e9rt csatolm\u00e1nyokat.<\/div>\n<\/div>\n<\/div>\n<\/div>\n<\/div>\n<p>&nbsp;<\/p>\n<p><strong>Jelentkez\u00e9shez sz\u00fcks\u00e9ges dokumentumok:<\/strong><\/p>\n<ul style=\"text-align: justify\">\n<li><a href=\"https:\/\/semmelweis.hu\/fok-tovabbkepzes\/files\/2025\/03\/Befogado-szandeknyilatkozat.pdf\">Befogad\u00f3 sz\u00e1nd\u00e9knyilatkozat\u00a0<\/a><\/li>\n<li><a href=\"https:\/\/semmelweis.hu\/fok-tovabbkepzes\/files\/2025\/03\/adatlap-szamlaigenyleshez-36-honapos-kepzes.pdf\">Adatlap sz\u00e1mlaig\u00e9nyl\u00e9shez<\/a><\/li>\n<li><a href=\"https:\/\/semmelweis.hu\/fok-tovabbkepzes\/files\/2025\/03\/Tutori-nyilatkozat-kulsos.pdf\">Tutori nyilatkozat<\/a><\/li>\n<li>Munkaszerz\u0151d\u00e9s<\/li>\n<li>Pontsz\u00e1m\u00edt\u00e1shoz sz\u00fcks\u00e9ges hitelt\u00e9rdeml\u0151 dokumentum(ok)<\/li>\n<\/ul>\n<\/div><\/div>\n","protected":false},"excerpt":{"rendered":"<p>P\u00e1ly\u00e1zati id\u0151szak a RENY rendszerben: 2025.06.23. 09:00 \u00f3r\u00e1t\u00f3l-2025.07.09. 23:59 \u00f3r\u00e1ig Jelentkez\u00e9s menete: A szakk\u00e9pz\u00e9s el\u0151tt c\u00edm\u0171 f\u00fclre kattintva megjelennek a keretsz\u00e1mok, itt ki kell keresni a Semmelweis Egyetem Fogorvostudom\u00e1nyi Kar Klinik\u00e1j\u00e1t: Pl. Semmelweis Egyetem Fogorvostudom\u00e1nyi Kar Fogp\u00f3tl\u00e1stani Klinika \u2013 Szakir\u00e1ny: Fogp\u00f3tl\u00e1stan nem egyetemi ut\u00e1np\u00f3tl\u00e1s keretsz\u00e1m. R\u00e1 kell kattintani a Klinika nev\u00e9re, oldalt meg fog jelenni &hellip;<\/p>\n","protected":false},"author":101231,"featured_media":0,"parent":5067,"menu_order":1,"comment_status":"closed","ping_status":"closed","template":"","meta":{"_acf_changed":false,"footnotes":""},"categories":[],"tags":[],"class_list":["post-5018","page","type-page","status-publish","hentry"],"acf":[],"_links":{"self":[{"href":"https:\/\/semmelweis.hu\/fok-tovabbkepzes\/wp-json\/wp\/v2\/pages\/5018","targetHints":{"allow":["GET"]}}],"collection":[{"href":"https:\/\/semmelweis.hu\/fok-tovabbkepzes\/wp-json\/wp\/v2\/pages"}],"about":[{"href":"https:\/\/semmelweis.hu\/fok-tovabbkepzes\/wp-json\/wp\/v2\/types\/page"}],"author":[{"embeddable":true,"href":"https:\/\/semmelweis.hu\/fok-tovabbkepzes\/wp-json\/wp\/v2\/users\/101231"}],"replies":[{"embeddable":true,"href":"https:\/\/semmelweis.hu\/fok-tovabbkepzes\/wp-json\/wp\/v2\/comments?post=5018"}],"version-history":[{"count":10,"href":"https:\/\/semmelweis.hu\/fok-tovabbkepzes\/wp-json\/wp\/v2\/pages\/5018\/revisions"}],"predecessor-version":[{"id":5452,"href":"https:\/\/semmelweis.hu\/fok-tovabbkepzes\/wp-json\/wp\/v2\/pages\/5018\/revisions\/5452"}],"up":[{"embeddable":true,"href":"https:\/\/semmelweis.hu\/fok-tovabbkepzes\/wp-json\/wp\/v2\/pages\/5067"}],"wp:attachment":[{"href":"https:\/\/semmelweis.hu\/fok-tovabbkepzes\/wp-json\/wp\/v2\/media?parent=5018"}],"wp:term":[{"taxonomy":"category","embeddable":true,"href":"https:\/\/semmelweis.hu\/fok-tovabbkepzes\/wp-json\/wp\/v2\/categories?post=5018"},{"taxonomy":"post_tag","embeddable":true,"href":"https:\/\/semmelweis.hu\/fok-tovabbkepzes\/wp-json\/wp\/v2\/tags?post=5018"}],"curies":[{"name":"wp","href":"https:\/\/api.w.org\/{rel}","templated":true}]}}

Jelentkezés szakfogorvosképzésre

<div class="responsive-tabs">
<h2 class="tabtitle">Rendszerbevételi eljárás</h2>
<div class="tabcontent">

<div id="GroupWiseSection_1655813851000_nagy-pal.orsolya@dent.semmelweis-univ.hu_18849E011B09000089BE000000000000_" class="GroupWiseMessageBody active">
<div class="elementToProof" style="color: #000000;font-family: 'Times New Roman', Times, serif;font-size: 12pt;background-color: #ffffff">
<p><span style="font-size: 14pt"><strong>Pályázati időszak a RENY rendszerben: 2025.06.23. 09:00 órától-2025.07.09. 23:59 óráig</strong></span></p>
</div>
<div class="elementToProof" style="color: #000000;font-family: 'Times New Roman', Times, serif;font-size: 12pt;background-color: #ffffff"><span style="font-size: 14pt"><strong>Jelentkezés menete:</strong></span><br />
<span style="font-size: 14pt">A szakképzés előtt című fülre kattintva megjelennek a keretszámok, itt ki kell keresni a Semmelweis Egyetem Fogorvostudományi Kar Klinikáját: Pl. Semmelweis Egyetem Fogorvostudományi Kar Fogpótlástani Klinika – Szakirány: Fogpótlástan nem egyetemi utánpótlás keretszám. </span><br />
<span style="font-size: 14pt">Rá kell kattintani a Klinika nevére, oldalt meg fog jelenni egy zöld jelzés, arra is rá kell kattintani , majd a dokumentumok fülnél fel kell tölteni a kért csatolmányokat.</span></div>
<div> </div>
<div class="elementToProof" style="color: #000000;font-family: 'Times New Roman', Times, serif;font-size: 12pt;background-color: #ffffff"><strong style="font-size: 14pt;color: #1e2326;font-family: 'PT serif', serif">Feltöltendő dokumentumok:</strong></div>
</div>
<div><span style="font-size: 14pt">Önéletrajz</span><br />
<span style="font-size: 14pt">Motivációs levél</span><br />
<span style="font-size: 14pt">Többletpontok hitelt érdemlő igazolása</span></div>
<div id="GroupWiseSection_1655813851000_nagy-pal.orsolya@dent.semmelweis-univ.hu_18849E011B09000089BE000000000000_" class="GroupWiseMessageBody active">
<div>
<div> </div>
</div>
</div>
<p><a href="https://semmelweis.hu/fok-tovabbkepzes/files/2025/03/Tajekoztato-rendszerbeveteli-eljarasrol.pdf"><span style="font-size: 14pt">Tájékoztató 2025</span></a></p>
<p><a href="https://semmelweis.hu/fok-tovabbkepzes/files/2025/05/Tobbletpontok.pdf"><span style="font-size: 14pt">Többletpontok</span></a></p>
<p>Keretszámok</p>
<p><span style="font-size: 14pt">Felhívjuk szíves figyelmüket, hogy a diplomaszám üresen hagyható, az nem von maga után hiánypótlást.</span></p>
<div id="GroupWiseSection_1654087056000_farkas.izabella@dent.semmelweis-univ.hu_5312CC010CFD0000A95A000000000000_" class="GroupWiseMessageBody">
<div style="text-align: justify"><span style="font-size: 14pt">Amennyiben a Semmelweis Egyetem Fogorvostudományi Karán már egészségügyi szolgálati jogviszonyban állóként újabb elsőként megszerezhető szakképesítésre szeretne jelentkezni, kérjük, vegye fel a kapcsolatot Farkas Izabellával.</span></div>
<div><span style="font-size: 14pt">E-mail: <a href="mailto:farkas.izabella@semmelweis.hu">farkas.izabella@semmelweis.hu</a></span></div>
<div><span style="font-size: 14pt">Telefonszám: 317-10-94</span></div>
<div> </div>
</div>

</div><h2 class="tabtitle">Külső költségtérítéses</h2>
<div class="tabcontent">

<p>A pályázati időszak kezdete a RENY rendszerben: 2025.07.21. 09:00 óra</p>
<p>A pályázati időszak vége a RENY rendszerben: 2025.08.25. 23:59 óra</p>
<p><strong>A kapacitás feltöltése pontszámítás alapján történik!!</strong></p>
<p><a href="https://semmelweis.hu/fok-tovabbkepzes/files/2026/04/55947-FOSZTT-2026-Parodontologia-plusz-pont.pdf">55947-FOSZTT-2026. számú Parodontológia Grémium határozat</a></p>
<p><a href="https://semmelweis.hu/fok-tovabbkepzes/files/2025/06/Tajekoztato-ktg.pdf"><strong style="font-size: 1rem">Tájékoztató 2025</strong></a></p>
<p><a href="https://semmelweis.hu/fok-tovabbkepzes/files/2026/02/Jelentkezes-szakfogorvoskepzesre-scaled.jpg"><img loading="lazy" decoding="async" class="alignnone  wp-image-5408" src="https://semmelweis.hu/fok-tovabbkepzes/files/2026/02/Jelentkezes-szakfogorvoskepzesre-283x400.jpg" alt="" width="525" height="742" srcset="https://semmelweis.hu/fok-tovabbkepzes/files/2026/02/Jelentkezes-szakfogorvoskepzesre-283x400.jpg 283w, https://semmelweis.hu/fok-tovabbkepzes/files/2026/02/Jelentkezes-szakfogorvoskepzesre-724x1024.jpg 724w, https://semmelweis.hu/fok-tovabbkepzes/files/2026/02/Jelentkezes-szakfogorvoskepzesre-768x1086.jpg 768w, https://semmelweis.hu/fok-tovabbkepzes/files/2026/02/Jelentkezes-szakfogorvoskepzesre-1086x1536.jpg 1086w, https://semmelweis.hu/fok-tovabbkepzes/files/2026/02/Jelentkezes-szakfogorvoskepzesre-1448x2048.jpg 1448w, https://semmelweis.hu/fok-tovabbkepzes/files/2026/02/Jelentkezes-szakfogorvoskepzesre-753x1065.jpg 753w, https://semmelweis.hu/fok-tovabbkepzes/files/2026/02/Jelentkezes-szakfogorvoskepzesre-scaled.jpg 1810w" sizes="auto, (max-width: 525px) 100vw, 525px" /></a></p>
<p>Belépés az OFTEX-ben is használt felhasználónévvel és jelszóval.</p>
<div id="GroupWiseSection_1656484921000_farkas.izabella@dent.semmelweis-univ.hu_5312CC010CFD0000A95A000000000000_" class="GroupWiseMessageBody active">
<div id="GroupWiseSection_1656407392000_Nporsi" class="GroupWiseMessageBody">
<div id="GroupWiseSection_1658320926000_nagy-pal.orsolya@dent.semmelweis-univ.hu_18849E011B09000089BE000000000000_" class="GroupWiseMessageBody active">
<div>
<div style="text-align: justify">Jelentkezés menete:</div>
<div style="text-align: justify">A szakképzés előtt című fülre kattintva megjelennek a keretszámok, itt ki kell keresni a Semmelweis Egyetem Fogorvostudományi Kar Klinikáját: Pl. Semmelweis Egyetem Fogorvostudományi Kar Fogpótlástani Klinika &#8211; Szakirány: Fogpótlástan külső költségtérítéses keretszám</div>
<div style="text-align: justify">Rá kell kattintani a Klinika nevére, oldalt meg fog jelenni egy zöld jelzés, arra is rá kell kattintani , majd a dokumentumok fülnél fel kell tölteni a kért csatolmányokat.</div>
</div>
</div>
</div>
</div>
<p>&nbsp;</p>
<p><strong>Jelentkezéshez szükséges dokumentumok:</strong></p>
<ul style="text-align: justify">
<li><a href="https://semmelweis.hu/fok-tovabbkepzes/files/2025/03/Befogado-szandeknyilatkozat.pdf">Befogadó szándéknyilatkozat </a></li>
<li><a href="https://semmelweis.hu/fok-tovabbkepzes/files/2025/03/adatlap-szamlaigenyleshez-36-honapos-kepzes.pdf">Adatlap számlaigényléshez</a></li>
<li><a href="https://semmelweis.hu/fok-tovabbkepzes/files/2025/03/Tutori-nyilatkozat-kulsos.pdf">Tutori nyilatkozat</a></li>
<li>Munkaszerződés</li>
<li>Pontszámításhoz szükséges hiteltérdemlő dokumentum(ok)</li>
</ul>
</div></div>

<p>Pályázati időszak a RENY rendszerben: 2025.06.23. 09:00 órától-2025.07.09. 23:59 óráig Jelentkezés menete: A szakképzés előtt című fülre kattintva megjelennek a keretszámok, itt ki kell keresni a Semmelweis Egyetem Fogorvostudományi Kar Klinikáját: Pl. Semmelweis Egyetem Fogorvostudományi Kar Fogpótlástani Klinika – Szakirány: Fogpótlástan nem egyetemi utánpótlás keretszám. Rá kell kattintani a Klinika nevére, oldalt meg fog jelenni &hellip;</p>
