{"id":2451,"date":"2019-04-08T14:01:30","date_gmt":"2019-04-08T12:01:30","guid":{"rendered":"http:\/\/semmelweis.hu\/fok-tovabbkepzes\/?page_id=2451"},"modified":"2024-09-06T08:51:27","modified_gmt":"2024-09-06T06:51:27","slug":"jogszabalyi-hatter","status":"publish","type":"page","link":"https:\/\/semmelweis.hu\/fok-tovabbkepzes\/jogszabalyi-hatter\/","title":{"rendered":"Jogszab\u00e1lyok\/Hat\u00e1rozatok"},"content":{"rendered":"<p style=\"text-align: justify\"><span style=\"font-size: 18pt\"><strong>SZAKK\u00c9PZ\u00c9S &#8211; Vonatkoz\u00f3 jogszab\u00e1lyok: <\/strong><\/span><\/p>\n<ul style=\"text-align: justify\">\n<li>a\u00a0 <span style=\"color: #000080\"><strong><a href=\"https:\/\/net.jogtar.hu\/jogszabaly?docid=A2000100.TV&amp;searchUrl=\/gyorskereso\">2020. \u00e9vi C. t\u00f6rv\u00e9ny<\/a> <\/strong><\/span>&#8222;<span style=\"text-decoration: underline\">Az eg\u00e9szs\u00e9g\u00fcgyi szolg\u00e1lati jogviszonyr\u00f3l<\/span>&#8222;<\/li>\n<li>a <span style=\"color: #333399\"><a href=\"https:\/\/net.jogtar.hu\/jogszabaly?docid=a1500162.kor\"><strong>162\/2015. (VI. 30.) Korm. rendelet<\/strong><\/a><\/span> \u201e<span style=\"text-decoration: underline\">Az eg\u00e9szs\u00e9g\u00fcgyi fels\u0151fok\u00fa szakir\u00e1ny\u00fa szakk\u00e9pz\u00e9si rendszerr\u0151l, a Rezidensi T\u00e1mogat\u00e1si Program \u00f6szt\u00f6nd\u00edjair\u00f3l, valamint a fiatal szakorvosok t\u00e1mogat\u00e1s\u00e1r\u00f3l<\/span>\u201d<\/li>\n<li>a t\u00f6bbsz\u00f6r\u00f6sen m\u00f3dos\u00edtott <span style=\"color: #000080\"><a href=\"https:\/\/net.jogtar.hu\/jogszabaly?docid=a1200022.emm\"><strong>22\/2012. (IX.14.) EMMI rendelet<\/strong><\/a><\/span> <span style=\"text-decoration: underline\">\u201eAz eg\u00e9szs\u00e9g\u00fcgyi fels\u0151fok\u00fa szakir\u00e1ny\u00fa szakk\u00e9pes\u00edt\u00e9s megszerz\u00e9s\u00e9r\u0151l<\/span>\u201d<\/li>\n<li>a t\u00f6bbsz\u00f6r\u00f6sen m\u00f3dos\u00edtott <span style=\"color: #000080\"><a href=\"https:\/\/net.jogtar.hu\/jogszabaly?docid=a1000016.eum\"><strong>16\/2010. (IV.15.) E\u00fcM rendelet<\/strong><\/a><\/span> <span style=\"text-decoration: underline\"><span style=\"text-decoration: underline\"><span style=\"text-decoration: underline\"><span style=\"text-decoration: underline\">\u201eAz eg\u00e9szs\u00e9g\u00fcgyi fels\u0151fok\u00fa szakir\u00e1ny\u00fa szakmai k\u00e9pz\u00e9s r\u00e9szletes szab\u00e1lyir\u00f3l\u201d<\/span><\/span><\/span><\/span><\/li>\n<li><span style=\"color: #000080\">a <a href=\"https:\/\/net.jogtar.hu\/jogszabaly?docid=a0300084.tv\"><strong>2003. \u00e9vi LXXXIV. t\u00f6rv\u00e9ny<\/strong><\/a> &#8222;<span style=\"text-decoration: underline\">A<\/span><\/span><span style=\"text-decoration: underline\">z eg\u00e9szs\u00e9g\u00fcgyi tev\u00e9kenys\u00e9g v\u00e9gz\u00e9s\u00e9nek egyes k\u00e9rd\u00e9seir\u0151l<\/span>&#8222;<\/li>\n<\/ul>\n<p style=\"text-align: justify\"><span style=\"font-size: 18pt\"><strong>TOV\u00c1BBK\u00c9PZ\u00c9S &#8211; Vonatkoz\u00f3 jogszab\u00e1lyok:<br \/>\n<\/strong><\/span><\/p>\n<ul style=\"text-align: justify\">\n<li>A nemzeti er\u0151forr\u00e1s miniszter <a href=\"https:\/\/net.jogtar.hu\/jogszabaly?docid=a1100064.nem\"><strong>64\/2011. (XI. 29.) NEFMI<\/strong> <strong>rendelete<\/strong><\/a> az orvosok, fogorvosok, gy\u00f3gyszer\u00e9szek \u00e9s az eg\u00e9szs\u00e9g\u00fcgyi fels\u0151fok\u00fa szakir\u00e1ny\u00fa szakk\u00e9pes\u00edt\u00e9ssel rendelkez\u0151k <strong>folyamatos tov\u00e1bbk\u00e9pz\u00e9s<\/strong>\u00e9r\u0151l<\/li>\n<\/ul>\n<p style=\"text-align: justify\"><strong><span style=\"font-size: 18pt\">Elj\u00e1r\u00e1srendek<\/span><\/strong><\/p>\n<p style=\"text-align: justify\"><a href=\"https:\/\/semmelweis.hu\/fok-tovabbkepzes\/files\/2023\/09\/91387-FOSZTT-2023-Szakfogorvos-jeloltek-szakkepzesi-idejenek-munkanaplojanak-igazolasara-vonatkozo-eljarasrend.pdf\">Szakfogorvos jel\u00f6ltek szakk\u00e9pz\u00e9si idej\u00e9nek, munkanapl\u00f3j\u00e1nak igazol\u00e1s\u00e1ra vonatkoz\u00f3 elj\u00e1r\u00e1srend<\/a><\/p>\n<p style=\"text-align: justify\"><a href=\"https:\/\/semmelweis.hu\/fok-tovabbkepzes\/files\/2023\/11\/106750-FOSZTT-2023-Eljarasrend-a-szakfogorvos-kepzesben-torteno-ido-beszamitasarol.pdf\">Elj\u00e1r\u00e1srend a szakfogorvos k\u00e9pz\u00e9sben t\u00f6rt\u00e9n\u0151 id\u0151 besz\u00e1m\u00edt\u00e1s\u00e1r\u00f3l<\/a><br \/>\n<a href=\"https:\/\/semmelweis.hu\/fok-tovabbkepzes\/files\/2021\/12\/Beszamitasi-kerelem.pdf\">Besz\u00e1m\u00edt\u00e1si k\u00e9relem<\/a><\/p>\n<hr \/>\n<p style=\"text-align: justify\"><span style=\"font-size: 18pt\"><strong>HAT\u00c1ROZATOK:<\/strong><\/span><\/p>\n<p style=\"text-align: justify\"><strong>Operat\u00edv Bizotts\u00e1g-Fogorvosi Tagozat hat\u00e1rozatok <\/strong><\/p>\n<p style=\"padding-left: 40px;text-align: justify\"><a href=\"https:\/\/semmelweis.hu\/fok-tovabbkepzes\/files\/2024\/09\/93078-FOSZTT-2024-Hatarozat-a-fogorvosi-diplomaval-megszerezheto-fogszakorvoskepzes-es-a-licenc-kepzes-dijairol.pdf\">93078-FOSZTT-2024<\/a> &#8211; <strong>Hat\u00e1rozat a fogorvosi diplom\u00e1val megszerezhet\u0151 fogszakorvosk\u00e9pz\u00e9s \u00e9s a licenc k\u00e9pz\u00e9s d\u00edjair\u00f3l<\/strong><\/p>\n<p style=\"padding-left: 40px;text-align: justify\"><a href=\"https:\/\/semmelweis.hu\/fok-tovabbkepzes\/files\/2024\/09\/92391-FOSZTT-2024-Szak-es-Tovabbkepzesi-Kozpont-Fogorvostudomanyi-Reszlegenek-eljarasi-dijai.pdf\">92391-FOSZTT-2024<\/a> &#8211; <strong>Szak- \u00e9s Tov\u00e1bbk\u00e9pz\u00e9si K\u00f6zpont Fogorvostudom\u00e1nyi R\u00e9szleg\u00e9nek elj\u00e1r\u00e1si d\u00edjai<\/strong><\/p>\n<p style=\"padding-left: 40px;text-align: justify\"><a href=\"https:\/\/semmelweis.hu\/fok-tovabbkepzes\/files\/2024\/09\/92068-FOSZTT-2024-Hatarozat-a-koltsegteriteses-szakfogorvos-jeloltek-munkaviszonyarol.pdf\">92068-FOSZTT-2024<\/a> &#8211; <strong>Hat\u00e1rozat a k\u00f6lts\u00e9gt\u00e9r\u00edt\u00e9ses szakfogorvos jel\u00f6ltek munkaviszony\u00e1r\u00f3l<\/strong><\/p>\n<p style=\"text-align: justify\"><strong><span style=\"color: #000000\">Gr\u00e9miumi hat\u00e1rozatok:<\/span><\/strong><\/p>\n<p style=\"padding-left: 40px;text-align: justify\"><a href=\"https:\/\/semmelweis.hu\/fok-tovabbkepzes\/files\/2023\/08\/52965-FOSZTT-2023-Gremiumi-hatarozat-a-konzultaciok-rendjerol.pdf\">52965\/FOSZTT\/2023.<\/a> &#8211; <strong>Gr\u00e9miumi hat\u00e1rozat a\u00a0konzult\u00e1ci\u00f3k rendj\u00e9r\u0151l <\/strong>(A 39000\/FOSZTT\/2021 \u00e9s a138538\/FOSZTT\/2019. sz. Gr\u00e9miumi hat\u00e1rozat m\u00f3dos\u00edt\u00e1sa)<br \/>\n<em><a href=\"https:\/\/semmelweis.hu\/fok-tovabbkepzes\/files\/2023\/08\/52965-FOSZTT-2023-Konzultaciorol-szolo-igazolas-.pdf\">Konzult\u00e1ci\u00f3r\u00f3l sz\u00f3l\u00f3 igazol\u00e1s<\/a><br \/>\n<a href=\"https:\/\/semmelweis.hu\/fok-tovabbkepzes\/files\/2023\/08\/52965-FOSZTT-2023-Igazolas-abszolutorium-kiallitasahoz-.pdf\">Igazol\u00e1s abszolut\u00f3rium ki\u00e1ll\u00edt\u00e1s\u00e1hoz<\/a><\/em><\/p>\n<p style=\"padding-left: 40px;text-align: justify\"><a href=\"https:\/\/semmelweis.hu\/fok-tovabbkepzes\/files\/2022\/06\/57197FOSZTT2022-Szakfogorvos-Szakkepzesi-Gremiumi-Hatarozat-Oralis-Implantologia-raepitett-szakkepesites-szakkepzesi-idejebe-torteno-beszamitasrol.pdf\">57197\/FOSZTT\/2022<\/a> &#8211; <strong>Szakfogorvos Szakk\u00e9pz\u00e9si Gr\u00e9miumi Hat\u00e1rozat Or\u00e1lis Implantol\u00f3gia r\u00e1\u00e9p\u00edtett szakk\u00e9pes\u00edt\u00e9s szakk\u00e9pz\u00e9si idej\u00e9be t\u00f6rt\u00e9n\u0151 besz\u00e1m\u00edt\u00e1s\u00e1r\u00f3l<\/strong><\/p>\n<p style=\"padding-left: 40px;text-align: justify\"><a href=\"https:\/\/semmelweis.hu\/fok-tovabbkepzes\/files\/2021\/12\/Fog-es-szajbetegsegek-szakvizsga-szakgyakorlati-idejenek-beszamithatosagarol.pdf\">118919\/FOSZTT\/2021<\/a> &#8211; <strong>Fog- \u00e9s sz\u00e1jbetegs\u00e9gek szakvizsga szakgyakorlati idej\u00e9nek besz\u00e1m\u00edthat\u00f3s\u00e1g\u00e1r\u00f3l<\/strong><\/p>\n<p style=\"padding-left: 40px;text-align: justify\"><a href=\"https:\/\/semmelweis.hu\/fok-tovabbkepzes\/files\/2021\/05\/49300-Dento-alveol\u00e1ris-seb\u00e9szet-akkredit\u00e1ci\u00f3.pdf\">49300\/FOSZTT\/2021.<\/a> &#8211; <strong>A rendel\u0151 akkredit\u00e1ci\u00f3s elj\u00e1r\u00e1sr\u00f3l<\/strong><\/p>\n<p style=\"padding-left: 40px;text-align: justify\"><a href=\"https:\/\/semmelweis.hu\/fok-tovabbkepzes\/files\/2021\/04\/r\u00e9szvizsg\u00e1k-rendje.pdf\">31383\/FOSZTT\/2021.<\/a><strong> &#8211; A r\u00e9szvizsg\u00e1k rendj\u00e9r\u0151l\u00a0<\/strong><\/p>\n<p style=\"padding-left: 40px;text-align: justify\"><a href=\"https:\/\/semmelweis.hu\/fok-tovabbkepzes\/files\/2021\/03\/\u00e1llampolg\u00e1rs\u00e1g_hati.pdf\">28313\/FOSZTT\/2021.<\/a> &#8211; <strong>A nem magyar \u00e1llampolg\u00e1rok r\u00e9szv\u00e9tel\u00e9nek felt\u00e9teleir\u0151l a magyar nyelv\u0171 szakk\u00e9pz\u00e9sben <\/strong>(A FOKSZTT\/11-15\/2013. sz. Hat\u00e1rozat m\u00f3dos\u00edt\u00e1sa)<\/p>\n<p style=\"padding-left: 40px;text-align: justify\"><a href=\"https:\/\/semmelweis.hu\/fok-tovabbkepzes\/files\/2020\/07\/78643-Gr\u00e9miumi-HAT\u00c1ROZAT-Tov\u00e1bbfoglalkoztat\u00e1s-ideje-alatti-szakvizsg\u00e1k-rendj\u00e9r\u0151l-2020-07-01.pdf\">78643\/FOSZTT\/2020.<\/a> &#8211; <strong>A szakfogorvosk\u00e9pz\u00e9st k\u00f6vet\u0151 tov\u00e1bbfoglalkoztat\u00e1s ideje alatti szakvizsg\u00e1k rendj\u00e9r\u0151l<\/strong><\/p>\n<p style=\"padding-left: 40px;text-align: justify\"><a href=\"https:\/\/semmelweis.hu\/fok-tovabbkepzes\/files\/2020\/06\/69225-Gr\u00e9miumi-HAT\u00c1ROZAT-m\u00f3dos\u00edt\u00e1s-szakfogorvosk\u00e9pz\u00e9sen-bel\u00fcli-egy-oszt-gyak-hi\u00e1nyz-rend-1.pdf\">69225\/FOSZTT\/2020.<\/a>\u00a0&#8211; <strong>A szakfogorvosk\u00e9pz\u00e9s \u00e9s a k\u00e9pz\u00e9sen bel\u00fcli egyetemi oszt\u00e1lyos gyakorlat hi\u00e1nyz\u00e1si rendj\u00e9r\u0151l <\/strong>(A 135028\/FOSZTT\/2019. sz. Gr\u00e9miumi Hat\u00e1rozat m\u00f3dos\u00edtsa)<\/p>\n<p style=\"padding-left: 40px;text-align: justify\"><a href=\"https:\/\/semmelweis.hu\/fok-tovabbkepzes\/files\/2020\/03\/138539-Gr\u00e9miumi-HAT\u00c1ROZAT-Dento-alveolaris-seb\u00e9szet-egyetemi-oszt\u00e1lyos-gyakorlatra-t\u00f6rt\u00e9n\u0151-beoszt\u00e1sr\u00f3l-2020-01-01-1.pdf\">138539\/FOSZTT\/2019.<\/a> &#8211; <strong>A Dento-alveolaris seb\u00e9szet szakfogorvosk\u00e9pz\u00e9s egyetemi oszt\u00e1lyos gyakorlatra t\u00f6rt\u00e9n\u0151 beoszt\u00e1s\u00e1r\u00f3l<\/strong><\/p>\n<p style=\"padding-left: 40px;text-align: justify\"><a href=\"https:\/\/semmelweis.hu\/fok-tovabbkepzes\/files\/2020\/03\/138535-Gr\u00e9miumi-HAT\u00c1ROZAT-M\u00d3DOS\u00cdT\u00c1S-Preambulum-2019-12-01-1.pdf\">138535\/FOSZTT\/2019.<\/a> &#8211; <strong>Preambulum-Tutorkijel\u00f6l\u00e9s; Szakk\u00e9pz\u0151helly\u00e9-min\u0151s\u00edt\u00e9s; Bels\u0151 \u00e9s kimeneti vizsga <\/strong>(A 91639\/FOFTO\/2017. sz. Hat\u00e1rozat m\u00f3dos\u00edt\u00e1sa)<\/p>\n<p style=\"text-align: justify\"><strong><span style=\"color: #000000\">D\u00e9k\u00e1ni hat\u00e1rozatok:<\/span><\/strong><\/p>\n<p style=\"padding-left: 40px;text-align: justify\"><a href=\"https:\/\/semmelweis.hu\/fok-tovabbkepzes\/files\/2021\/06\/56747-D\u00c9K\u00c1NI-HAT\u00c1ROZAT-A-SZAKFOGORVOSK\u00c9PZ\u00c9ST-K\u00d6VET\u0150-KAR-KLINIK\u00c1I-\u00c1LTAL-NEM-BIZTOS\u00cdTOTT-TOV\u00c1BBFOGLALKOZTAT\u00c1S-P\u00c9NZ\u00dcGYI-VONATKOZ\u00c1SAIR\u00d3L.pdf\">56747\/FOFTO\/2021.<\/a> &#8211; <strong>A szakfogorvosk\u00e9pz\u00e9st k\u00f6vet\u0151, Kar klinik\u00e1i \u00e1ltal nem biztos\u00edtott tov\u00e1bbfoglalkoztat\u00e1s p\u00e9nz\u00fcgyi vonatkoz\u00e1sair\u00f3l<\/strong><\/p>\n<p style=\"padding-left: 40px;text-align: justify\"><a href=\"https:\/\/semmelweis.hu\/fok-tovabbkepzes\/files\/2020\/08\/D\u00e9k\u00e1ni-Hat\u00e1rozat-k\u00fclf\u00f6ldi-k\u00f6lts\u00e9gt\u00e9r\u00edt\u00e9ses-befizet\u00e9sek-feloszt\u00e1sa.pdf\">87369\/FOFTO\/2020.<\/a> &#8211; <strong>A FOK\/DH\/3-151\/2014. sz. D\u00e9k\u00e1ni Hat\u00e1rozat m\u00f3dos\u00edt\u00e1sa a 12 h\u00f3napos klinikai gyakorlatot teljes\u00edt\u0151 k\u00f6lts\u00e9gt\u00e9r\u00edt\u00e9ses k\u00fclf\u00f6ldi fogorvosok \u00e1ltal befizetett k\u00e9pz\u00e9si d\u00edj feloszt\u00e1s\u00e1r\u00f3l<\/strong><\/p>\n<p style=\"padding-left: 40px;text-align: justify\"><a href=\"https:\/\/semmelweis.hu\/fok-tovabbkepzes\/files\/2020\/03\/43025-D\u00c9K\u00c1NI-HAT\u00c1ROZAT-Rendszerbev\u00e9teli-elj\u00e1r\u00e1sr\u00f3l-2019-01-01-1.pdf\">43025\/FOFTO\/2019.<\/a> &#8211; <strong>A\u00a0Semmelweis Egyetem Fogorvostudom\u00e1nyi Kar Rendszerbev\u00e9teli elj\u00e1r\u00e1s\u00e1nak fenntart\u00e1s\u00e1r\u00f3l \u00e9s a Kar Klinik\u00e1in szervezett szakk\u00e9pz\u00e9sbe jelentkez\u0151 szakorvosjel\u00f6ltek rendszerbev\u00e9teli elj\u00e1r\u00e1son t\u00f6rt\u00e9n\u0151 r\u00e9szv\u00e9teli k\u00f6telezetts\u00e9g\u00e9r\u0151l<\/strong><\/p>\n<p style=\"padding-left: 40px;text-align: justify\"><a href=\"https:\/\/semmelweis.hu\/fok-tovabbkepzes\/files\/2020\/03\/43018-D\u00c9K\u00c1NI-HAT\u00c1ROZAT-Egyetemi-k\u00f6zalkalmazottak-szakk\u00e9pz\u00e9si-d\u00edj\u00e1r\u00f3l-2019-01-01-1.pdf\">43018\/FOFTO\/2019.<\/a> &#8211; <strong>A\u00a0Semmelweis Egyetem Fogorvostudom\u00e1nyi Kar\u00e1nak k\u00f6lts\u00e9gt\u00e9r\u00edt\u00e9ses szakfogorvosk\u00e9pz\u00e9s\u00e9re jelentkez\u0151 egyetemi k\u00f6zalkalmazottak szakk\u00e9pz\u00e9si d\u00edj\u00e1r\u00f3l<\/strong><\/p>\n<p style=\"padding-left: 40px;text-align: justify\"><a href=\"https:\/\/semmelweis.hu\/fok-tovabbkepzes\/files\/2020\/03\/25911-D\u00c9K\u00c1NI-HAT\u00c1ROZAT-A-Dento-alveol\u00e1ris-seb\u00e9szeti-rezidensek-gyakorlat\u00e1r\u00f3l-2019-02-21-1.pdf\">25911\/FOFTO\/2019.<\/a> &#8211; <strong>A\u00a0Dento-alveolaris seb\u00e9szeti rezidensek gyakorlat\u00e1r\u00f3l (\u00fcgyeletek, \u00e9jszakai \u00fcgyelet, fel\u00fcgyelet)<\/strong><\/p>\n<p style=\"padding-left: 40px;text-align: justify\"><a href=\"https:\/\/semmelweis.hu\/fok-tovabbkepzes\/files\/2020\/03\/74022-D\u00c9K\u00c1NI-UTAS\u00cdT\u00c1S-szakk\u00e9pz\u0151-helly\u00e9-min\u0151s\u00edt\u00e9si-k\u00e9relmekr\u0151l-2017-09-05-1.pdf\">74022\/FOFTO\/2017.<\/a> &#8211; <strong>Utas\u00edt\u00e1s a Semmelweis Egyetem Fogorvostudom\u00e1nyi Kar\u00e1ra b\u00edr\u00e1latra beny\u00fajtott \u201eSzakk\u00e9pz\u0151helly\u00e9 min\u0151s\u00edt\u00e9s\u201e-i k\u00e9relmekr\u0151l<\/strong><\/p>\n<p style=\"padding-left: 40px;text-align: justify\"><a href=\"https:\/\/semmelweis.hu\/fok-tovabbkepzes\/files\/2020\/03\/FOK-DH-28-17-D\u00c9K\u00c1NI-HAT\u00c1ROZAT-A-szakk\u00e9pz\u00e9sben-r\u00e9sztvev\u0151-tutorok-m\u0171k\u00f6d.-rendj\u00e9hez-2015-09-15-1.pdf\">FOK\/DH\/28-17\/2015.<\/a> &#8211;<strong> A szakk\u00e9pz\u00e9sben r\u00e9sztvev\u0151 tutorok m\u0171k\u00f6d\u00e9si rendj\u00e9hez<\/strong><\/p>\n<p style=\"padding-left: 40px;text-align: justify\"><a href=\"https:\/\/semmelweis.hu\/fok-tovabbkepzes\/files\/2020\/03\/FOK-DH-28-15-D\u00c9K\u00c1NI-HAT\u00c1ROZAT-Konzulensi-rendszer-2015-09-08-1.pdf\">FOK\/DH\/28-15\/2015.<\/a> &#8211;<strong> A szakk\u00e9pz\u00e9s konzulensi rendszer\u00e9nek bevezet\u00e9se<\/strong><\/p>\n<p style=\"padding-left: 40px;text-align: justify\">\u00a0<\/p>\n","protected":false},"excerpt":{"rendered":"<p>SZAKK\u00c9PZ\u00c9S &#8211; Vonatkoz\u00f3 jogszab\u00e1lyok: a\u00a0 <a href=\"https:\/\/net.jogtar.hu\/jogszabaly?docid=A2000100.TV&amp;searchUrl=\/gyorskereso\">2020. \u00e9vi C. t\u00f6rv\u00e9ny<\/a> &#8222;Az eg\u00e9szs\u00e9g\u00fcgyi szolg\u00e1lati jogviszonyr\u00f3l&#8222; a <a href=\"https:\/\/net.jogtar.hu\/jogszabaly?docid=a1500162.kor\">162\/2015. (VI. 30.) Korm. rendelet<\/a> \u201eAz eg\u00e9szs\u00e9g\u00fcgyi fels\u0151fok\u00fa szakir\u00e1ny\u00fa szakk\u00e9pz\u00e9si rendszerr\u0151l, a Rezidensi T\u00e1mogat\u00e1si Program \u00f6szt\u00f6nd\u00edjair\u00f3l, valamint a fiatal szakorvosok t\u00e1mogat\u00e1s\u00e1r\u00f3l\u201d a t\u00f6bbsz\u00f6r\u00f6sen m\u00f3dos\u00edtott <a href=\"https:\/\/net.jogtar.hu\/jogszabaly?docid=a1200022.emm\">22\/2012. (IX.14.) EMMI rendelet<\/a> \u201eAz eg\u00e9szs\u00e9g\u00fcgyi fels\u0151fok\u00fa szakir\u00e1ny\u00fa szakk\u00e9pes\u00edt\u00e9s megszerz\u00e9s\u00e9r\u0151l\u201d a t\u00f6bbsz\u00f6r\u00f6sen m\u00f3dos\u00edtott <a href=\"https:\/\/net.jogtar.hu\/jogszabaly?docid=a1000016.eum\">16\/2010. (IV.15.) E\u00fcM rendelet<\/a> \u201eAz eg\u00e9szs\u00e9g\u00fcgyi fels\u0151fok\u00fa szakir\u00e1ny\u00fa szakmai k\u00e9pz\u00e9s r\u00e9szletes szab\u00e1lyir\u00f3l\u201d a <a href=\"https:\/\/net.jogtar.hu\/jogszabaly?docid=a0300084.tv\">2003. \u00e9vi LXXXIV. t\u00f6rv\u00e9ny<\/a> &#8222;Az eg\u00e9szs\u00e9g\u00fcgyi tev\u00e9kenys\u00e9g v\u00e9gz\u00e9s\u00e9nek egyes k\u00e9rd\u00e9seir\u0151l&#8222; TOV\u00c1BBK\u00c9PZ\u00c9S &#8211; &hellip;<\/p>\n","protected":false},"author":101109,"featured_media":0,"parent":0,"menu_order":6,"comment_status":"closed","ping_status":"closed","template":"","meta":{"_acf_changed":false,"footnotes":""},"categories":[],"tags":[],"class_list":["post-2451","page","type-page","status-publish","hentry"],"acf":[],"_links":{"self":[{"href":"https:\/\/semmelweis.hu\/fok-tovabbkepzes\/wp-json\/wp\/v2\/pages\/2451","targetHints":{"allow":["GET"]}}],"collection":[{"href":"https:\/\/semmelweis.hu\/fok-tovabbkepzes\/wp-json\/wp\/v2\/pages"}],"about":[{"href":"https:\/\/semmelweis.hu\/fok-tovabbkepzes\/wp-json\/wp\/v2\/types\/page"}],"author":[{"embeddable":true,"href":"https:\/\/semmelweis.hu\/fok-tovabbkepzes\/wp-json\/wp\/v2\/users\/101109"}],"replies":[{"embeddable":true,"href":"https:\/\/semmelweis.hu\/fok-tovabbkepzes\/wp-json\/wp\/v2\/comments?post=2451"}],"version-history":[{"count":12,"href":"https:\/\/semmelweis.hu\/fok-tovabbkepzes\/wp-json\/wp\/v2\/pages\/2451\/revisions"}],"predecessor-version":[{"id":5135,"href":"https:\/\/semmelweis.hu\/fok-tovabbkepzes\/wp-json\/wp\/v2\/pages\/2451\/revisions\/5135"}],"wp:attachment":[{"href":"https:\/\/semmelweis.hu\/fok-tovabbkepzes\/wp-json\/wp\/v2\/media?parent=2451"}],"wp:term":[{"taxonomy":"category","embeddable":true,"href":"https:\/\/semmelweis.hu\/fok-tovabbkepzes\/wp-json\/wp\/v2\/categories?post=2451"},{"taxonomy":"post_tag","embeddable":true,"href":"https:\/\/semmelweis.hu\/fok-tovabbkepzes\/wp-json\/wp\/v2\/tags?post=2451"}],"curies":[{"name":"wp","href":"https:\/\/api.w.org\/{rel}","templated":true}]}}