{"id":2423,"date":"2019-04-05T22:39:20","date_gmt":"2019-04-05T20:39:20","guid":{"rendered":"http:\/\/semmelweis.hu\/fok-tovabbkepzes\/?page_id=2423"},"modified":"2025-03-28T09:52:18","modified_gmt":"2025-03-28T08:52:18","slug":"dokumentumok","status":"publish","type":"page","link":"https:\/\/semmelweis.hu\/fok-tovabbkepzes\/szakfogorvos-kepzes\/oralis-implantologia\/dokumentumok\/","title":{"rendered":"Dokumentumok Or\u00e1lis Implantol\u00f3gia r\u00e1\u00e9p\u00edtett szakk\u00e9pz\u00e9shez"},"content":{"rendered":"<p><strong>Az Or\u00e1lis Implantol\u00f3gia r\u00e1\u00e9p\u00edtett szakk\u00e9pz\u00e9sre jelentkez\u00e9shez sz\u00fcks\u00e9ged dokumentumok:<\/strong><\/p>\n<p><a href=\"https:\/\/semmelweis.hu\/fok-tovabbkepzes\/files\/2019\/04\/JELENTKEZ\u00c9SI-LAP.pdf\" target=\"_blank\" rel=\"noopener noreferrer\">Jelentkez\u00e9si lap<\/a><\/p>\n<p><a href=\"https:\/\/semmelweis.hu\/fok-tovabbkepzes\/files\/2023\/09\/REGISZTRACIOS-ADATLAP-ORALIS-IMPLANTOLOGIA-2023.pdf\">Regisztr\u00e1ci\u00f3s adatlap<\/a><\/p>\n<p><a href=\"https:\/\/semmelweis.hu\/fok-tovabbkepzes\/files\/2025\/03\/Befogado-szandeknyilatkozat-implatnologia.pdf\">Befogad\u00f3 sz\u00e1nd\u00e9knyilatkozat\u00a0<\/a><\/p>\n<p><a href=\"https:\/\/semmelweis.hu\/fok-tovabbkepzes\/files\/2025\/03\/Fizetesi-tajekoztato-HU-1.pdf\">Fizet\u00e9si t\u00e1j\u00e9koztat\u00f3<\/a><\/p>\n<p><a href=\"https:\/\/semmelweis.hu\/fok-tovabbkepzes\/files\/2025\/03\/adatlap-szamlaigenyleshez-raepitett-ujabb-elso.pdf\">Adatlap sz\u00e1mlaig\u00e9nyl\u00e9shez<\/a><\/p>\n<p><a href=\"https:\/\/semmelweis.hu\/fok-tovabbkepzes\/files\/2025\/03\/Kirendelo-nyilatkozat-.pdf\">Kirendel\u0151 nyilatkozat k\u00fcls\u0151 k\u00e9pz\u0151helyre<\/a><\/p>\n<p>&nbsp;<\/p>\n<p><strong>Besz\u00e1m\u00edt\u00e1shoz sz\u00fcks\u00e9ges dokumentumok:<\/strong><\/p>\n<p><a href=\"https:\/\/semmelweis.hu\/fok-tovabbkepzes\/files\/2022\/06\/57197FOSZTT2022-Szakfogorvos-Szakkepzesi-Gremiumi-Hatarozat-Oralis-Implantologia-raepitett-szakkepesites-szakkepzesi-idejebe-torteno-beszamitasrol.pdf\">57197\/FOSZTT\/2022<\/a> &#8211; Szakfogorvos Szakk\u00e9pz\u00e9si Gr\u00e9miumi Hat\u00e1rozat Or\u00e1lis Implantol\u00f3gia r\u00e1\u00e9p\u00edtett szakk\u00e9pes\u00edt\u00e9s szakk\u00e9pz\u00e9si idej\u00e9be t\u00f6rt\u00e9n\u0151 besz\u00e1m\u00edt\u00e1s\u00e1r\u00f3l<\/p>\n<p><a href=\"https:\/\/semmelweis.hu\/fok-tovabbkepzes\/files\/2025\/03\/K-E-R-E-L-E-M-minta.pdf\">K\u00e9relem minta<\/a><\/p>\n<p>&nbsp;<\/p>\n<p><strong>A k\u00e9pz\u00e9sben val\u00f3 r\u00e9szv\u00e9tel igazol\u00e1s\u00e1hoz sz\u00fcks\u00e9ges dokumentumok:<\/strong><\/p>\n<p><a href=\"https:\/\/semmelweis.hu\/fok-tovabbkepzes\/files\/2021\/03\/Jelenl\u00e9ti-\u00edv-HU-IMPLANTOL\u00d3GIA.pdf\">Jelenl\u00e9ti \u00edv<\/a><\/p>\n<p><a href=\"https:\/\/semmelweis.hu\/fok-tovabbkepzes\/files\/2021\/03\/Teljes\u00edt\u00e9sigazol\u00e1s-HU-IMPLANT.pdf\">Teljes\u00edt\u00e9si igazol\u00e1s<\/a><\/p>\n<p><a href=\"https:\/\/semmelweis.hu\/fok-tovabbkepzes\/files\/2021\/03\/Szabads\u00e1gigazol\u00e1s-HU-IMPLANT.pdf\">Szabads\u00e1genged\u00e9ly<\/a><\/p>\n<p>&nbsp;<\/p>\n<p><strong>A k\u00e9pz\u00e9s v\u00e9g\u00e9n, az abszolut\u00f3riumi lap ki\u00e1ll\u00edt\u00e1s\u00e1hoz sz\u00fcks\u00e9ges dokumentumok:<\/strong><\/p>\n<p><a href=\"https:\/\/semmelweis.hu\/fok-tovabbkepzes\/files\/2019\/05\/IGAZOL\u00c1S-GYAKORLATI-ID\u0150-TELJES\u00cdT\u00c9S\u00c9R\u0150L-2019.04.15.pdf\" target=\"_blank\" rel=\"noopener noreferrer\">Igazol\u00e1s gyakorlati id\u0151 let\u00f6lt\u00e9s\u00e9r\u0151l\u00a0<\/a><\/p>\n<p><a href=\"https:\/\/semmelweis.hu\/fok-tovabbkepzes\/files\/2025\/03\/Oralis-implantologia-penzum.pdf\">Igazol\u00e1s Or\u00e1lis Implantol\u00f3gia r\u00e1\u00e9p\u00edtett szakk\u00e9pz\u00e9s sor\u00e1n elv\u00e9gzett beavatkoz\u00e1sokr\u00f3l<\/a><\/p>\n<p>&nbsp;<\/p>\n<p>&nbsp;<\/p>\n","protected":false},"excerpt":{"rendered":"<p>Az Or\u00e1lis Implantol\u00f3gia r\u00e1\u00e9p\u00edtett szakk\u00e9pz\u00e9sre jelentkez\u00e9shez sz\u00fcks\u00e9ged dokumentumok: <a href=\"https:\/\/semmelweis.hu\/fok-tovabbkepzes\/files\/2019\/04\/JELENTKEZ\u00c9SI-LAP.pdf\" target=\"_blank\" rel=\"noopener noreferrer\">Jelentkez\u00e9si lap<\/a> <a href=\"https:\/\/semmelweis.hu\/fok-tovabbkepzes\/files\/2023\/09\/REGISZTRACIOS-ADATLAP-ORALIS-IMPLANTOLOGIA-2023.pdf\">Regisztr\u00e1ci\u00f3s adatlap<\/a> <a href=\"https:\/\/semmelweis.hu\/fok-tovabbkepzes\/files\/2025\/03\/Befogado-szandeknyilatkozat-implatnologia.pdf\">Befogad\u00f3 sz\u00e1nd\u00e9knyilatkozat\u00a0<\/a> <a href=\"https:\/\/semmelweis.hu\/fok-tovabbkepzes\/files\/2025\/03\/Fizetesi-tajekoztato-HU-1.pdf\">Fizet\u00e9si t\u00e1j\u00e9koztat\u00f3<\/a> <a href=\"https:\/\/semmelweis.hu\/fok-tovabbkepzes\/files\/2025\/03\/adatlap-szamlaigenyleshez-raepitett-ujabb-elso.pdf\">Adatlap sz\u00e1mlaig\u00e9nyl\u00e9shez<\/a> <a href=\"https:\/\/semmelweis.hu\/fok-tovabbkepzes\/files\/2025\/03\/Kirendelo-nyilatkozat-.pdf\">Kirendel\u0151 nyilatkozat k\u00fcls\u0151 k\u00e9pz\u0151helyre<\/a> &nbsp; Besz\u00e1m\u00edt\u00e1shoz sz\u00fcks\u00e9ges dokumentumok: <a href=\"https:\/\/semmelweis.hu\/fok-tovabbkepzes\/files\/2022\/06\/57197FOSZTT2022-Szakfogorvos-Szakkepzesi-Gremiumi-Hatarozat-Oralis-Implantologia-raepitett-szakkepesites-szakkepzesi-idejebe-torteno-beszamitasrol.pdf\">57197\/FOSZTT\/2022<\/a> &#8211; Szakfogorvos Szakk\u00e9pz\u00e9si Gr\u00e9miumi Hat\u00e1rozat Or\u00e1lis Implantol\u00f3gia r\u00e1\u00e9p\u00edtett szakk\u00e9pes\u00edt\u00e9s szakk\u00e9pz\u00e9si idej\u00e9be t\u00f6rt\u00e9n\u0151 besz\u00e1m\u00edt\u00e1s\u00e1r\u00f3l <a href=\"https:\/\/semmelweis.hu\/fok-tovabbkepzes\/files\/2025\/03\/K-E-R-E-L-E-M-minta.pdf\">K\u00e9relem minta<\/a> &nbsp; A k\u00e9pz\u00e9sben val\u00f3 r\u00e9szv\u00e9tel igazol\u00e1s\u00e1hoz sz\u00fcks\u00e9ges dokumentumok: <a href=\"https:\/\/semmelweis.hu\/fok-tovabbkepzes\/files\/2021\/03\/Jelenl\u00e9ti-\u00edv-HU-IMPLANTOL\u00d3GIA.pdf\">Jelenl\u00e9ti \u00edv<\/a> <a href=\"https:\/\/semmelweis.hu\/fok-tovabbkepzes\/files\/2021\/03\/Teljes\u00edt\u00e9sigazol\u00e1s-HU-IMPLANT.pdf\">Teljes\u00edt\u00e9si igazol\u00e1s<\/a> <a href=\"https:\/\/semmelweis.hu\/fok-tovabbkepzes\/files\/2021\/03\/Szabads\u00e1gigazol\u00e1s-HU-IMPLANT.pdf\">Szabads\u00e1genged\u00e9ly<\/a> &nbsp; A k\u00e9pz\u00e9s v\u00e9g\u00e9n, az abszolut\u00f3riumi lap ki\u00e1ll\u00edt\u00e1s\u00e1hoz sz\u00fcks\u00e9ges dokumentumok: <a href=\"https:\/\/semmelweis.hu\/fok-tovabbkepzes\/files\/2019\/05\/IGAZOL\u00c1S-GYAKORLATI-ID\u0150-TELJES\u00cdT\u00c9S\u00c9R\u0150L-2019.04.15.pdf\" target=\"_blank\" rel=\"noopener noreferrer\">Igazol\u00e1s gyakorlati id\u0151 let\u00f6lt\u00e9s\u00e9r\u0151l\u00a0<\/a> <a href=\"https:\/\/semmelweis.hu\/fok-tovabbkepzes\/files\/2025\/03\/Oralis-implantologia-penzum.pdf\">Igazol\u00e1s Or\u00e1lis Implantol\u00f3gia r\u00e1\u00e9p\u00edtett szakk\u00e9pz\u00e9s sor\u00e1n elv\u00e9gzett beavatkoz\u00e1sokr\u00f3l<\/a> &nbsp; &hellip;<\/p>\n","protected":false},"author":101109,"featured_media":0,"parent":2391,"menu_order":3,"comment_status":"closed","ping_status":"closed","template":"","meta":{"_acf_changed":false,"footnotes":""},"categories":[],"tags":[],"class_list":["post-2423","page","type-page","status-publish","hentry"],"acf":[],"_links":{"self":[{"href":"https:\/\/semmelweis.hu\/fok-tovabbkepzes\/wp-json\/wp\/v2\/pages\/2423","targetHints":{"allow":["GET"]}}],"collection":[{"href":"https:\/\/semmelweis.hu\/fok-tovabbkepzes\/wp-json\/wp\/v2\/pages"}],"about":[{"href":"https:\/\/semmelweis.hu\/fok-tovabbkepzes\/wp-json\/wp\/v2\/types\/page"}],"author":[{"embeddable":true,"href":"https:\/\/semmelweis.hu\/fok-tovabbkepzes\/wp-json\/wp\/v2\/users\/101109"}],"replies":[{"embeddable":true,"href":"https:\/\/semmelweis.hu\/fok-tovabbkepzes\/wp-json\/wp\/v2\/comments?post=2423"}],"version-history":[{"count":12,"href":"https:\/\/semmelweis.hu\/fok-tovabbkepzes\/wp-json\/wp\/v2\/pages\/2423\/revisions"}],"predecessor-version":[{"id":5257,"href":"https:\/\/semmelweis.hu\/fok-tovabbkepzes\/wp-json\/wp\/v2\/pages\/2423\/revisions\/5257"}],"up":[{"embeddable":true,"href":"https:\/\/semmelweis.hu\/fok-tovabbkepzes\/wp-json\/wp\/v2\/pages\/2391"}],"wp:attachment":[{"href":"https:\/\/semmelweis.hu\/fok-tovabbkepzes\/wp-json\/wp\/v2\/media?parent=2423"}],"wp:term":[{"taxonomy":"category","embeddable":true,"href":"https:\/\/semmelweis.hu\/fok-tovabbkepzes\/wp-json\/wp\/v2\/categories?post=2423"},{"taxonomy":"post_tag","embeddable":true,"href":"https:\/\/semmelweis.hu\/fok-tovabbkepzes\/wp-json\/wp\/v2\/tags?post=2423"}],"curies":[{"name":"wp","href":"https:\/\/api.w.org\/{rel}","templated":true}]}}