{"id":4813,"date":"2023-01-25T13:40:41","date_gmt":"2023-01-25T12:40:41","guid":{"rendered":"https:\/\/semmelweis.hu\/fok-tovabbkepzes\/files\/2023\/01\/9811-FOSZTT-2023-Szak-es-Tovabbkepzesi-Titkarsag-eljarasi-dijai.pdf"},"modified":"2023-01-25T13:40:41","modified_gmt":"2023-01-25T12:40:41","slug":"9811-fosztt-2023-szak-es-tovabbkepzesi-titkarsag-eljarasi-dijai","status":"inherit","type":"attachment","link":"https:\/\/semmelweis.hu\/fok-tovabbkepzes\/9811-fosztt-2023-szak-es-tovabbkepzesi-titkarsag-eljarasi-dijai\/","title":{"rendered":"9811-FOSZTT-2023 &#8211; Szak-\u00e9s Tov\u00e1bbk\u00e9pz\u00e9si Titk\u00e1rs\u00e1g elj\u00e1r\u00e1si d\u00edjai"},"author":101231,"featured_media":0,"comment_status":"closed","ping_status":"closed","template":"","meta":{"_acf_changed":false},"class_list":["post-4813","attachment","type-attachment","status-inherit","hentry"],"acf":[],"description":{"rendered":"<p class=\"attachment\"><a href='https:\/\/semmelweis.hu\/fok-tovabbkepzes\/files\/2023\/01\/9811-FOSZTT-2023-Szak-es-Tovabbkepzesi-Titkarsag-eljarasi-dijai.pdf'>9811-FOSZTT-2023 - Szak-\u00e9s Tov\u00e1bbk\u00e9pz\u00e9si Titk\u00e1rs\u00e1g elj\u00e1r\u00e1si d\u00edjai<\/a><\/p>\n"},"caption":{"rendered":"<p><a href='https:\/\/semmelweis.hu\/fok-tovabbkepzes\/files\/2023\/01\/9811-FOSZTT-2023-Szak-es-Tovabbkepzesi-Titkarsag-eljarasi-dijai.pdf'>9811-FOSZTT-2023 &#8211; Szak-\u00e9s Tov\u00e1bbk\u00e9pz\u00e9si Titk\u00e1rs\u00e1g elj\u00e1r\u00e1si d\u00edjai<\/a><\/p>\n"},"alt_text":"","media_type":"file","mime_type":"application\/pdf","media_details":{},"post":null,"source_url":"https:\/\/semmelweis.hu\/fok-tovabbkepzes\/files\/2023\/01\/9811-FOSZTT-2023-Szak-es-Tovabbkepzesi-Titkarsag-eljarasi-dijai.pdf","_links":{"self":[{"href":"https:\/\/semmelweis.hu\/fok-tovabbkepzes\/wp-json\/wp\/v2\/media\/4813","targetHints":{"allow":["GET"]}}],"collection":[{"href":"https:\/\/semmelweis.hu\/fok-tovabbkepzes\/wp-json\/wp\/v2\/media"}],"about":[{"href":"https:\/\/semmelweis.hu\/fok-tovabbkepzes\/wp-json\/wp\/v2\/types\/attachment"}],"author":[{"embeddable":true,"href":"https:\/\/semmelweis.hu\/fok-tovabbkepzes\/wp-json\/wp\/v2\/users\/101231"}],"replies":[{"embeddable":true,"href":"https:\/\/semmelweis.hu\/fok-tovabbkepzes\/wp-json\/wp\/v2\/comments?post=4813"}]}}

9811-FOSZTT-2023 &#8211; Szak-és Továbbképzési Titkárság eljárási díjai

<p class="attachment"><a href='https://semmelweis.hu/fok-tovabbkepzes/files/2023/01/9811-FOSZTT-2023-Szak-es-Tovabbkepzesi-Titkarsag-eljarasi-dijai.pdf'>9811-FOSZTT-2023 - Szak-és Továbbképzési Titkárság eljárási díjai</a></p>

<p><a href='https://semmelweis.hu/fok-tovabbkepzes/files/2023/01/9811-FOSZTT-2023-Szak-es-Tovabbkepzesi-Titkarsag-eljarasi-dijai.pdf'>9811-FOSZTT-2023 &#8211; Szak-és Továbbképzési Titkárság eljárási díjai</a></p>
