{"id":5,"date":"2016-05-31T09:32:34","date_gmt":"2016-05-31T07:32:34","guid":{"rendered":"http:\/\/semmelweis.hu\/fok-prevencio\/?page_id=5"},"modified":"2019-06-14T13:49:04","modified_gmt":"2019-06-14T11:49:04","slug":"a-prevenciorol","status":"publish","type":"page","link":"https:\/\/semmelweis.hu\/fok-prevencio\/","title":{"rendered":"A fog\u00e1szati prevenci\u00f3r\u00f3l \u00e1ltal\u00e1ban"},"content":{"rendered":"<p style=\"text-align: justify;\"><a href=\"https:\/\/semmelweis.hu\/fok-prevencio\/files\/2019\/06\/RS16474_KA-20140425-IMG_9746-szuresek-ejszakaja-scr.jpg\"><img loading=\"lazy\" decoding=\"async\" class=\"alignright  wp-image-124\" src=\"https:\/\/semmelweis.hu\/fok-prevencio\/files\/2019\/06\/RS16474_KA-20140425-IMG_9746-szuresek-ejszakaja-scr.jpg\" alt=\"\" width=\"267\" height=\"401\" srcset=\"https:\/\/semmelweis.hu\/fok-prevencio\/files\/2019\/06\/RS16474_KA-20140425-IMG_9746-szuresek-ejszakaja-scr.jpg 500w, https:\/\/semmelweis.hu\/fok-prevencio\/files\/2019\/06\/RS16474_KA-20140425-IMG_9746-szuresek-ejszakaja-scr-200x300.jpg 200w\" sizes=\"auto, (max-width: 267px) 100vw, 267px\" \/><\/a>A fog\u00e1szati prevenci\u00f3 hallat\u00e1n sokan a fogszuvasod\u00e1s megel\u0151z\u00e9s\u00e9re gondolnak csup\u00e1n. Ez azonban csak egy &#8211; b\u00e1r fontos &#8211; r\u00e9sze az el\u0151bbi fogalomnak. A honlap fokozatos b\u0151v\u00edt\u00e9se sor\u00e1n lehet\u0151leg minden fog\u00e1szati prevenci\u00f3val kapcsolatos t\u00e9mak\u00f6rrel szeretn\u00e9nk foglalkozni.<\/p>\n<p>A honlap c\u00e9lja tov\u00e1bb\u00e1 r\u00e9szben a szakma, r\u00e9szben a laikusok t\u00e1j\u00e9koztat\u00e1sa a fog\u00e1szati prevenci\u00f3val kapcsolatos ismeretekr\u0151l, \u00fajdons\u00e1gokr\u00f3l \u00e9s esem\u00e9nyekr\u0151l.<\/p>\n<p>Helyet k\u00edv\u00e1nunk biztos\u00edtani a k\u00f6zelm\u00faltban alakult, \u00e9s imm\u00e1r nyilv\u00e1ntart\u00e1sba vett Magyar Prevent\u00edv Fog\u00e1szati T\u00e1rsas\u00e1ggal kapcsolatos anyagoknak is.<\/p>\n<p style=\"text-align: justify;\">Az oktat\u00e1ssal kapcsolatosan kiemeln\u00e9m, hogy m\u00e1r 1996-ban megkezd\u0151d\u00f6tt a Prevent\u00edv fog\u00e1szat \u00f6n\u00e1ll\u00f3 t\u00e1rgyk\u00e9nt val\u00f3 oktat\u00e1sa. A f\u0151 c\u00e9l &#8211; azon k\u00edv\u00fcl, hogy a fog\u00e1szat egyes ter\u00fcletein megl\u00e9v\u0151 prevenci\u00f3s lehet\u0151s\u00e9geket megmutassuk &#8211; az \u00a0volt, hogy minden egyes hallgat\u00f3ban kialak\u00edtsuk a &#8222;prevent\u00edv szeml\u00e9letet&#8221;, az\u00e9rt, hogy minden egyes fog\u00e1szati beavatkoz\u00e1st ilyen megk\u00f6zel\u00edt\u00e9sb\u0151l v\u00e9gezzenek el.<\/p>\n<p>&nbsp;<\/p>\n","protected":false},"excerpt":{"rendered":"<p><a href=\"https:\/\/semmelweis.hu\/fok-prevencio\/files\/2019\/06\/RS16474_KA-20140425-IMG_9746-szuresek-ejszakaja-scr.jpg\"><\/a> A fog\u00e1szati prevenci\u00f3 hallat\u00e1n sokan a fogszuvasod\u00e1s megel\u0151z\u00e9s\u00e9re gondolnak csup\u00e1n. Ez azonban csak egy &#8211; b\u00e1r fontos &#8211; r\u00e9sze az el\u0151bbi fogalomnak. A honlap fokozatos b\u0151v\u00edt\u00e9se sor\u00e1n lehet\u0151leg minden fog\u00e1szati prevenci\u00f3val kapcsolatos t\u00e9mak\u00f6rrel szeretn\u00e9nk foglalkozni. A honlap c\u00e9lja tov\u00e1bb\u00e1 r\u00e9szben a szakma, r\u00e9szben a laikusok t\u00e1j\u00e9koztat\u00e1sa a fog\u00e1szati prevenci\u00f3val kapcsolatos ismeretekr\u0151l, \u00fajdons\u00e1gokr\u00f3l \u00e9s esem\u00e9nyekr\u0151l. Helyet &hellip;<\/p>\n","protected":false},"author":12,"featured_media":0,"parent":0,"menu_order":0,"comment_status":"closed","ping_status":"closed","template":"","meta":{"_acf_changed":false,"footnotes":""},"categories":[],"tags":[],"class_list":["post-5","page","type-page","status-publish","hentry"],"acf":[],"_links":{"self":[{"href":"https:\/\/semmelweis.hu\/fok-prevencio\/wp-json\/wp\/v2\/pages\/5","targetHints":{"allow":["GET"]}}],"collection":[{"href":"https:\/\/semmelweis.hu\/fok-prevencio\/wp-json\/wp\/v2\/pages"}],"about":[{"href":"https:\/\/semmelweis.hu\/fok-prevencio\/wp-json\/wp\/v2\/types\/page"}],"author":[{"embeddable":true,"href":"https:\/\/semmelweis.hu\/fok-prevencio\/wp-json\/wp\/v2\/users\/12"}],"replies":[{"embeddable":true,"href":"https:\/\/semmelweis.hu\/fok-prevencio\/wp-json\/wp\/v2\/comments?post=5"}],"version-history":[{"count":6,"href":"https:\/\/semmelweis.hu\/fok-prevencio\/wp-json\/wp\/v2\/pages\/5\/revisions"}],"predecessor-version":[{"id":125,"href":"https:\/\/semmelweis.hu\/fok-prevencio\/wp-json\/wp\/v2\/pages\/5\/revisions\/125"}],"wp:attachment":[{"href":"https:\/\/semmelweis.hu\/fok-prevencio\/wp-json\/wp\/v2\/media?parent=5"}],"wp:term":[{"taxonomy":"category","embeddable":true,"href":"https:\/\/semmelweis.hu\/fok-prevencio\/wp-json\/wp\/v2\/categories?post=5"},{"taxonomy":"post_tag","embeddable":true,"href":"https:\/\/semmelweis.hu\/fok-prevencio\/wp-json\/wp\/v2\/tags?post=5"}],"curies":[{"name":"wp","href":"https:\/\/api.w.org\/{rel}","templated":true}]}}

A fogászati prevencióról általában

<p style="text-align: justify;"><a href="https://semmelweis.hu/fok-prevencio/files/2019/06/RS16474_KA-20140425-IMG_9746-szuresek-ejszakaja-scr.jpg"><img loading="lazy" decoding="async" class="alignright  wp-image-124" src="https://semmelweis.hu/fok-prevencio/files/2019/06/RS16474_KA-20140425-IMG_9746-szuresek-ejszakaja-scr.jpg" alt="" width="267" height="401" srcset="https://semmelweis.hu/fok-prevencio/files/2019/06/RS16474_KA-20140425-IMG_9746-szuresek-ejszakaja-scr.jpg 500w, https://semmelweis.hu/fok-prevencio/files/2019/06/RS16474_KA-20140425-IMG_9746-szuresek-ejszakaja-scr-200x300.jpg 200w" sizes="auto, (max-width: 267px) 100vw, 267px" /></a>A fogászati prevenció hallatán sokan a fogszuvasodás megelőzésére gondolnak csupán. Ez azonban csak egy &#8211; bár fontos &#8211; része az előbbi fogalomnak. A honlap fokozatos bővítése során lehetőleg minden fogászati prevencióval kapcsolatos témakörrel szeretnénk foglalkozni.</p>
<p>A honlap célja továbbá részben a szakma, részben a laikusok tájékoztatása a fogászati prevencióval kapcsolatos ismeretekről, újdonságokról és eseményekről.</p>
<p>Helyet kívánunk biztosítani a közelmúltban alakult, és immár nyilvántartásba vett Magyar Preventív Fogászati Társasággal kapcsolatos anyagoknak is.</p>
<p style="text-align: justify;">Az oktatással kapcsolatosan kiemelném, hogy már 1996-ban megkezdődött a Preventív fogászat önálló tárgyként való oktatása. A fő cél &#8211; azon kívül, hogy a fogászat egyes területein meglévő prevenciós lehetőségeket megmutassuk &#8211; az  volt, hogy minden egyes hallgatóban kialakítsuk a &#8222;preventív szemléletet&#8221;, azért, hogy minden egyes fogászati beavatkozást ilyen megközelítésből végezzenek el.</p>
<p>&nbsp;</p>

<p><a href="https://semmelweis.hu/fok-prevencio/files/2019/06/RS16474_KA-20140425-IMG_9746-szuresek-ejszakaja-scr.jpg"></a> A fogászati prevenció hallatán sokan a fogszuvasodás megelőzésére gondolnak csupán. Ez azonban csak egy &#8211; bár fontos &#8211; része az előbbi fogalomnak. A honlap fokozatos bővítése során lehetőleg minden fogászati prevencióval kapcsolatos témakörrel szeretnénk foglalkozni. A honlap célja továbbá részben a szakma, részben a laikusok tájékoztatása a fogászati prevencióval kapcsolatos ismeretekről, újdonságokról és eseményekről. Helyet &hellip;</p>
