{"id":30,"date":"2016-06-23T13:22:40","date_gmt":"2016-06-23T11:22:40","guid":{"rendered":"http:\/\/semmelweis.hu\/fok-prevencio\/?page_id=30"},"modified":"2019-10-09T09:44:40","modified_gmt":"2019-10-09T07:44:40","slug":"a-fogaszati-prevencio-teruletei-fogszuvasodas","status":"publish","type":"page","link":"https:\/\/semmelweis.hu\/fok-prevencio\/a-fogaszati-prevencio-teruletei-fogszuvasodas\/","title":{"rendered":"A fog\u00e1szati prevenci\u00f3 ter\u00fcletei  &#8211; fogszuvasod\u00e1s"},"content":{"rendered":"<div class=\"responsive-tabs\">\n<h2 class=\"tabtitle\">Fluoridok<\/h2>\n<div class=\"tabcontent\">\n\n<p>A Szakmai koll\u00e9gium Fog- \u00e9s Sz\u00e1jbetegs\u00e9gek Tagozat\u00e1nak \u00e9s Tan\u00e1cs\u00e1nak a &#8222;<strong>Fluoridtabletta inik\u00e1ci\u00f3j\u00e1val \u00e9s adagol\u00e1s\u00e1val kapcsolatban&#8221; <\/strong>\u00a0kiadott \u00e1ll\u00e1sfoglal\u00e1sa illetve a &#8222;<strong>Fluoridok alkalmaz\u00e1sa cariesprevenci\u00f3s c\u00e9lb\u00f3l a fog\u00e1szat ter\u00fclet\u00e9n. \u00c1ll\u00e1sfoglal\u00e1s&#8221; <\/strong>dokumentum hivatalos form\u00e1ban el\u00e9rhet\u0151 \u00e9s let\u00f6lthet\u0151 a <em>Szakmai koll\u00e9gium Fog- \u00e9s Sz\u00e1jbetegs\u00e9gek Tagozat\u00e1nak \u00e9s Tan\u00e1cs\u00e1nak \u00e1ll\u00e1sfoglal\u00e1sai<\/em> men\u00fcpontn\u00e1l.<\/p>\n<p>&nbsp;<\/p>\n\n<\/div><h2 class=\"tabtitle\">Sz\u00e1jhigi\u00e9ne<\/h2>\n<div class=\"tabcontent\">\n\n\n<\/div><h2 class=\"tabtitle\">T\u00e1pl\u00e1lkoz\u00e1s<\/h2>\n<div class=\"tabcontent\">\n\n<\/div><\/div>\n<p>&nbsp;<\/p>\n<p>&nbsp;<\/p>\n","protected":false},"excerpt":{"rendered":"<p>A Szakmai koll\u00e9gium Fog- \u00e9s Sz\u00e1jbetegs\u00e9gek Tagozat\u00e1nak \u00e9s Tan\u00e1cs\u00e1nak a &#8222;Fluoridtabletta inik\u00e1ci\u00f3j\u00e1val \u00e9s adagol\u00e1s\u00e1val kapcsolatban&#8221; \u00a0kiadott \u00e1ll\u00e1sfoglal\u00e1sa illetve a &#8222;Fluoridok alkalmaz\u00e1sa cariesprevenci\u00f3s c\u00e9lb\u00f3l a fog\u00e1szat ter\u00fclet\u00e9n. \u00c1ll\u00e1sfoglal\u00e1s&#8221; dokumentum hivatalos form\u00e1ban el\u00e9rhet\u0151 \u00e9s let\u00f6lthet\u0151 a Szakmai koll\u00e9gium Fog- \u00e9s Sz\u00e1jbetegs\u00e9gek Tagozat\u00e1nak \u00e9s Tan\u00e1cs\u00e1nak \u00e1ll\u00e1sfoglal\u00e1sai men\u00fcpontn\u00e1l.<br \/>\n&nbsp;<\/p>\n<p>&nbsp;<br \/>\n&nbsp;<\/p>\n","protected":false},"author":331,"featured_media":0,"parent":0,"menu_order":0,"comment_status":"closed","ping_status":"closed","template":"","meta":{"_acf_changed":false,"footnotes":""},"categories":[],"tags":[],"class_list":["post-30","page","type-page","status-publish","hentry"],"acf":[],"_links":{"self":[{"href":"https:\/\/semmelweis.hu\/fok-prevencio\/wp-json\/wp\/v2\/pages\/30","targetHints":{"allow":["GET"]}}],"collection":[{"href":"https:\/\/semmelweis.hu\/fok-prevencio\/wp-json\/wp\/v2\/pages"}],"about":[{"href":"https:\/\/semmelweis.hu\/fok-prevencio\/wp-json\/wp\/v2\/types\/page"}],"author":[{"embeddable":true,"href":"https:\/\/semmelweis.hu\/fok-prevencio\/wp-json\/wp\/v2\/users\/331"}],"replies":[{"embeddable":true,"href":"https:\/\/semmelweis.hu\/fok-prevencio\/wp-json\/wp\/v2\/comments?post=30"}],"version-history":[{"count":10,"href":"https:\/\/semmelweis.hu\/fok-prevencio\/wp-json\/wp\/v2\/pages\/30\/revisions"}],"predecessor-version":[{"id":138,"href":"https:\/\/semmelweis.hu\/fok-prevencio\/wp-json\/wp\/v2\/pages\/30\/revisions\/138"}],"wp:attachment":[{"href":"https:\/\/semmelweis.hu\/fok-prevencio\/wp-json\/wp\/v2\/media?parent=30"}],"wp:term":[{"taxonomy":"category","embeddable":true,"href":"https:\/\/semmelweis.hu\/fok-prevencio\/wp-json\/wp\/v2\/categories?post=30"},{"taxonomy":"post_tag","embeddable":true,"href":"https:\/\/semmelweis.hu\/fok-prevencio\/wp-json\/wp\/v2\/tags?post=30"}],"curies":[{"name":"wp","href":"https:\/\/api.w.org\/{rel}","templated":true}]}}

A fogászati prevenció területei  &#8211; fogszuvasodás

<div class="responsive-tabs">
<h2 class="tabtitle">Fluoridok</h2>
<div class="tabcontent">

<p>A Szakmai kollégium Fog- és Szájbetegségek Tagozatának és Tanácsának a &#8222;<strong>Fluoridtabletta inikációjával és adagolásával kapcsolatban&#8221; </strong> kiadott állásfoglalása illetve a &#8222;<strong>Fluoridok alkalmazása cariesprevenciós célból a fogászat területén. Állásfoglalás&#8221; </strong>dokumentum hivatalos formában elérhető és letölthető a <em>Szakmai kollégium Fog- és Szájbetegségek Tagozatának és Tanácsának állásfoglalásai</em> menüpontnál.</p>
<p>&nbsp;</p>

</div><h2 class="tabtitle">Szájhigiéne</h2>
<div class="tabcontent">


</div><h2 class="tabtitle">Táplálkozás</h2>
<div class="tabcontent">

</div></div>
<p>&nbsp;</p>
<p>&nbsp;</p>

<p>A Szakmai kollégium Fog- és Szájbetegségek Tagozatának és Tanácsának a &#8222;Fluoridtabletta inikációjával és adagolásával kapcsolatban&#8221;  kiadott állásfoglalása illetve a &#8222;Fluoridok alkalmazása cariesprevenciós célból a fogászat területén. Állásfoglalás&#8221; dokumentum hivatalos formában elérhető és letölthető a Szakmai kollégium Fog- és Szájbetegségek Tagozatának és Tanácsának állásfoglalásai menüpontnál.<br />
&nbsp;</p>
<p>&nbsp;<br />
&nbsp;</p>
