{"id":8953,"date":"2024-02-01T09:10:52","date_gmt":"2024-02-01T08:10:52","guid":{"rendered":"https:\/\/semmelweis.hu\/fogpotlastan\/?page_id=8953"},"modified":"2024-02-01T09:10:52","modified_gmt":"2024-02-01T08:10:52","slug":"teljes-protetika-munkacsoport","status":"publish","type":"page","link":"https:\/\/semmelweis.hu\/fogpotlastan\/kutatas\/munkacsoportok\/teljes-protetika-munkacsoport\/","title":{"rendered":"Teljes protetika munkacsoport"},"content":{"rendered":"<p style=\"text-align: justify\">A Fogp\u00f3tl\u00e1stani Klinika teljes protetikai tev\u00e9kenys\u00e9ge hossz\u00fa m\u00faltra tekint vissza. A gradu\u00e1lis \u00e9s posztgradu\u00e1lis oktat\u00e1sban egyar\u00e1nt r\u00e9szt vesz\u00fcnk. \u00c9vente egyszer fogorvos koll\u00e9g\u00e1knak tartunk eg\u00e9sznapos kurzust (\u201eFogp\u00f3tl\u00e1stan halad\u00f3knak\u201c).<\/p>\n<p style=\"text-align: justify\">1088 Budapest, Szentkir\u00e1lyi utca 47. VI. emelet<br \/>\nBejelentkez\u00e9s: Budapest, Szentkir\u00e1lyi utca 47. f\u00f6ldszint, Betegfelv\u00e9tel<br \/>\nRendel\u00e9s id\u0151pontja: h\u00e9tf\u0151-p\u00e9ntek, 08.00 \u2013 15.30<br \/>\nBeutal\u00f3 nem sz\u00fcks\u00e9ges! A jelentkez\u0151ket az Or\u00e1lis Diagnosztikai Tansz\u00e9ken vizsg\u00e1lj\u00e1k meg \u00e9s ennek eredm\u00e9nyek\u00e9nt a megfelel\u0151 klinik\u00e1ra utalj\u00e1k be.<\/p>\n<p style=\"text-align: justify\">Szakdolgozat t\u00e9m\u00e1k: <br \/>\nTing-Er Lo: Lemezes fogp\u00f3tl\u00e1sok hat\u00e1sa az \u00e9letmin\u0151s\u00e9gre (The influence of removable dentures on the quality of life) (konzulens: K\u00f6nig J\u00e1nos)<\/p>\n<p style=\"text-align: justify\">TDK t\u00e9m\u00e1k<\/p>\n<p style=\"text-align: justify\"><strong>1. Teljes lemezes fogp\u00f3tl\u00e1sok progn\u00f3zis\u00e1t befoly\u00e1sol\u00f3 klinikai anat\u00f3miai t\u00e9nyez\u0151k<\/strong><br \/>\nTeljes foghi\u00e1nyos p\u00e1ciensek rehabilit\u00e1ci\u00f3j\u00e1nak az egyik leggyakoribb m\u00f3dja teljes lemezes fogp\u00f3tl\u00e1s k\u00e9sz\u00edt\u00e9se. Hossz\u00fa id\u0151k tapasztalata az, hogy ezen fogp\u00f3tl\u00e1st\u00edpus eredm\u00e9nyess\u00e9ge sokszor kisz\u00e1m\u00edthatatlan: van, akinek (l\u00e1tsz\u00f3lag) kiv\u00e1l\u00f3an funkcion\u00e1l, \u00e9s ezzel egyidej\u0171leg k\u00e9ptelen inkorpor\u00e1lni, valamint akinek (l\u00e1tsz\u00f3lag) hordhatatlan, m\u00e9gis k\u00e9pes vele megalkudni. A jelenlegi szakmai konszenzus az, hogy az als\u00f3 teljesen foghi\u00e1nyos \u00e1llcsont gold standard rehabilit\u00e1ci\u00f3ja k\u00e9t implant\u00e1tumon elhorgonyzott, muk\u00f3z\u00e1lisan megt\u00e1masztott fed\u0151lemezes fogp\u00f3tl\u00e1s. Ez azonban implantol\u00f3giai \u00e9s financi\u00e1lis okokb\u00f3l kifoly\u00f3lag nem minden p\u00e1ciens sz\u00e1m\u00e1ra el\u00e9rhet\u0151. Az er\u0151forr\u00e1sok jobb allok\u00e1ci\u00f3ja \u00e9rdek\u00e9ben sz\u00fcks\u00e9ges eld\u00f6nteni, hogy mely p\u00e1ciens sz\u00e1m\u00e1ra ny\u00fajt \u00e9rt\u00e9kelhet\u0151 seg\u00edts\u00e9get a \u201ehagyom\u00e1nyos\u201c \u00e9s kiknek kell nagyobb val\u00f3sz\u00edn\u0171s\u00e9ggel dent\u00e1lis implant\u00e1ci\u00f3. Fogp\u00f3tl\u00e1stani szakk\u00f6nyvekben terjedelmesen szerepelnek le\u00edr\u00e1sok arr\u00f3l, hogy a k\u00fcl\u00f6nb\u00f6z\u0151 klinikai anat\u00f3miai k\u00e9pleteknek milyen a protetikai \u00e9rt\u00e9k\u0171s\u00e9ge. Ezen \u00e1ll\u00edt\u00e1sok sokszor vit\u00e1k keresztt\u00fcz\u00e9ben \u00e1llnak, v\u00e9lem\u00e9nyvez\u00e9rek ment\u00e9n osztva meg a fogorvosokat. Jelen projekt c\u00e9lja olyan felm\u00e9r\u0151lap fejleszt\u00e9se, amely megmutatja, mely esetekben javasolt muko-implant\u00e1lis megt\u00e1maszt\u00e1s\u00fa fed\u0151lemezes fogp\u00f3tl\u00e1s k\u00e9sz\u00edt\u00e9se a \u201ehagyom\u00e1nyos\u201c teljes lemezes fogp\u00f3tl\u00e1s k\u00e9sz\u00edt\u00e9se helyett; valamint inform\u00e1ci\u00f3t szolg\u00e1ltat arra vonatkoz\u00f3lag, hogy az egyes klinikai anat\u00f3miai adotts\u00e1goknak mekkora s\u00falya van.<\/p>\n<p style=\"text-align: justify\">Budapest, 2024.01.20.<br \/>\nK\u00f6nig J\u00e1nos<\/p>\n","protected":false},"excerpt":{"rendered":"<p>A Fogp\u00f3tl\u00e1stani Klinika teljes protetikai tev\u00e9kenys\u00e9ge hossz\u00fa m\u00faltra tekint vissza. A gradu\u00e1lis \u00e9s posztgradu\u00e1lis oktat\u00e1sban egyar\u00e1nt r\u00e9szt vesz\u00fcnk. \u00c9vente egyszer fogorvos koll\u00e9g\u00e1knak tartunk eg\u00e9sznapos kurzust (\u201eFogp\u00f3tl\u00e1stan halad\u00f3knak\u201c). 1088 Budapest, Szentkir\u00e1lyi utca 47. VI. emelet Bejelentkez\u00e9s: Budapest, Szentkir\u00e1lyi utca 47. f\u00f6ldszint, Betegfelv\u00e9tel Rendel\u00e9s id\u0151pontja: h\u00e9tf\u0151-p\u00e9ntek, 08.00 \u2013 15.30 Beutal\u00f3 nem sz\u00fcks\u00e9ges! A jelentkez\u0151ket az Or\u00e1lis Diagnosztikai &hellip;<\/p>\n","protected":false},"author":101231,"featured_media":0,"parent":5099,"menu_order":13,"comment_status":"closed","ping_status":"closed","template":"","meta":{"_acf_changed":false,"footnotes":""},"categories":[],"tags":[],"class_list":["post-8953","page","type-page","status-publish","hentry"],"acf":[],"_links":{"self":[{"href":"https:\/\/semmelweis.hu\/fogpotlastan\/wp-json\/wp\/v2\/pages\/8953","targetHints":{"allow":["GET"]}}],"collection":[{"href":"https:\/\/semmelweis.hu\/fogpotlastan\/wp-json\/wp\/v2\/pages"}],"about":[{"href":"https:\/\/semmelweis.hu\/fogpotlastan\/wp-json\/wp\/v2\/types\/page"}],"author":[{"embeddable":true,"href":"https:\/\/semmelweis.hu\/fogpotlastan\/wp-json\/wp\/v2\/users\/101231"}],"replies":[{"embeddable":true,"href":"https:\/\/semmelweis.hu\/fogpotlastan\/wp-json\/wp\/v2\/comments?post=8953"}],"version-history":[{"count":1,"href":"https:\/\/semmelweis.hu\/fogpotlastan\/wp-json\/wp\/v2\/pages\/8953\/revisions"}],"predecessor-version":[{"id":8954,"href":"https:\/\/semmelweis.hu\/fogpotlastan\/wp-json\/wp\/v2\/pages\/8953\/revisions\/8954"}],"up":[{"embeddable":true,"href":"https:\/\/semmelweis.hu\/fogpotlastan\/wp-json\/wp\/v2\/pages\/5099"}],"wp:attachment":[{"href":"https:\/\/semmelweis.hu\/fogpotlastan\/wp-json\/wp\/v2\/media?parent=8953"}],"wp:term":[{"taxonomy":"category","embeddable":true,"href":"https:\/\/semmelweis.hu\/fogpotlastan\/wp-json\/wp\/v2\/categories?post=8953"},{"taxonomy":"post_tag","embeddable":true,"href":"https:\/\/semmelweis.hu\/fogpotlastan\/wp-json\/wp\/v2\/tags?post=8953"}],"curies":[{"name":"wp","href":"https:\/\/api.w.org\/{rel}","templated":true}]}}