{"id":8562,"date":"2023-06-22T14:46:04","date_gmt":"2023-06-22T12:46:04","guid":{"rendered":"https:\/\/semmelweis.hu\/fogpotlastan\/?page_id=8562"},"modified":"2024-05-28T14:10:28","modified_gmt":"2024-05-28T12:10:28","slug":"dr-vamos-orsolya-hagyomanyos-es-alternativ-dohanytermekek-szajuregi-hatasanak-vizsgalata","status":"publish","type":"page","link":"https:\/\/semmelweis.hu\/fogpotlastan\/kutatas\/phd-kutatasok\/dr-vamos-orsolya-hagyomanyos-es-alternativ-dohanytermekek-szajuregi-hatasanak-vizsgalata\/","title":{"rendered":"Dr. V\u00e1mos Orsolya \u2013 Hagyom\u00e1nyos \u00e9s alternat\u00edv doh\u00e1nyterm\u00e9kek sz\u00e1j\u00fcregi hat\u00e1s\u00e1nak vizsg\u00e1lata"},"content":{"rendered":"<p style=\"text-align: justify\">A doh\u00e1nyz\u00e1s eg\u00e9szs\u00e9gre k\u00e1ros hat\u00e1sa m\u00e1ra k\u00f6ztudott\u00e1 v\u00e1lt. A vil\u00e1gszerte \u00e9rv\u00e9nyben lev\u0151 korl\u00e1toz\u00e1soknak h\u00e1la a hagyom\u00e1nyos cigaretta haszn\u00e1lata visszaszorul\u00f3ban van, azonban \u00fajabb alternat\u00edv doh\u00e1nyterm\u00e9kek jelentek meg a piacon, mint a hev\u00edtett doh\u00e1nyterm\u00e9kek (pl. IQOS), illetve az ENDS (Electronic Nicotine Delivery System) k\u00fcl\u00f6nb\u00f6z\u0151 t\u00edpusai, mely legelterjedtebb k\u00e9pvisel\u0151je az elektronikus cigaretta (e-cigaretta). Ezek egyre nagyobb n\u00e9pszer\u0171s\u00e9gre tesznek szert \u00e9s a doh\u00e1nyz\u00e1si szok\u00e1sok \u00e1talakul\u00e1s\u00e1hoz vezetnek. Jelenleg vil\u00e1gszerte t\u00f6bb mint 35 milli\u00f3 ember haszn\u00e1l alternat\u00edv doh\u00e1nyterm\u00e9keket, \u00e9s a piacuk rohamosan n\u0151. A fogyaszt\u00f3k ezekre az eszk\u00f6z\u00f6kre sokszor \u00fagy tekintenek, mint a hagyom\u00e1nyos cigaretta kev\u00e9sb\u00e9 k\u00e1ros alternat\u00edv\u00e1ja, azonban az irodalomban ellentmond\u00e1sos eredm\u00e9nyeket tal\u00e1lunk eg\u00e9szs\u00e9g\u00fcgyi hat\u00e1saikat tekintve.<\/p>\n<p style=\"text-align: justify\">A hagyom\u00e1nyos cigaretta \u00e9g\u00e9se sor\u00e1n az \u00e9g\u0151 pap\u00edrb\u00f3l \u00e9s doh\u00e1nyb\u00f3l sz\u00e1mos k\u00f6zismerten k\u00e1ros, r\u00e1kkelt\u0151 anyag szabadul fel. Ezek el\u0151seg\u00edtik a sz\u00edv- \u00e9s \u00e9rrendszeri, valamint a l\u00e9gz\u0151szervi probl\u00e9m\u00e1k kialakul\u00e1s\u00e1t, n\u00f6velik a daganatos megbeteged\u00e9sek kock\u00e1zat\u00e1t. Fontos k\u00fcl\u00f6nbs\u00e9g a hagyom\u00e1nyos cigarett\u00e1hoz k\u00e9pest, hogy a hev\u00edtett doh\u00e1nyterm\u00e9kek m\u0171k\u00f6d\u00e9se sor\u00e1n nincs \u00e9g\u00e9s, hanem a doh\u00e1ny alacsonyabb h\u0151m\u00e9rs\u00e9klet\u0171 hev\u00edt\u00e9se t\u00f6rt\u00e9nik. Az e-cigaretta nem tartalmaz doh\u00e1nyt, hanem egy folyad\u00e9kot porlaszt. Az e-liquid porlaszt\u00e1s\u00e1hoz sz\u00fcks\u00e9ges magas h\u0151m\u00e9rs\u00e9kleten e-aeroszol k\u00e9pz\u0151dik. A liquid f\u0151 \u00f6sszetev\u0151i, a propil\u00e9n-glikol \u00e9s a n\u00f6v\u00e9nyi glicerin, az \u00edzes\u00edt\u0151 arom\u00e1k \u00e9s adal\u00e9kanyagok a h\u0151 hat\u00e1s\u00e1ra k\u00e9miai reakci\u00f3kba l\u00e9pnek, ez\u00e1ltal potenci\u00e1lisan k\u00e1ros anyagok k\u00e9pz\u0151dhetnek. A sz\u00e1j\u00fcreg sz\u00f6vetei vannak el\u0151sz\u00f6r kit\u00e9ve a bel\u00e9legzett aeroszolnak, toxinjai \u00e9s k\u00e9miai anyagai ezekkel a sz\u00f6vetekkel direkt k\u00f6lcs\u00f6nhat\u00e1sba l\u00e9pnek. Hab\u00e1r ezen aeroszolok k\u00e1ros anyag tartalm\u00e1t kevesebbnek mondj\u00e1k, mint a hagyom\u00e1nyos cigaretta f\u00fcst\u00e9t, a hossz\u00fat\u00e1v\u00fa haszn\u00e1lat negat\u00edv hat\u00e1ssal lehet a sz\u00e1j\u00fcregi eg\u00e9szs\u00e9gre.<\/p>\n<p style=\"text-align: justify\">Kutat\u00e1sunk c\u00e9lja \u00f6sszehasonl\u00edtani a hagyom\u00e1nyos cigarett\u00e1z\u00f3k, a k\u00fcl\u00f6nb\u00f6z\u0151 alternat\u00edv doh\u00e1nyterm\u00e9k haszn\u00e1l\u00f3k, valamint a nemdoh\u00e1nyz\u00f3k or\u00e1lis eg\u00e9szs\u00e9gi \u00e1llapot\u00e1t.<\/p>\n<p style=\"text-align: justify\">Jelenleg k\u00e9t meta-anal\u00edzisen dolgozunk. Az els\u0151ben a k\u00fcl\u00f6nb\u00f6z\u0151 hagyom\u00e1nyos \u00e9s alternat\u00edv doh\u00e1nyterm\u00e9k haszn\u00e1l\u00f3k klinikai, radiol\u00f3giai \u00e9s immunol\u00f3giai peri-implant\u00e1ris param\u00e9tereit hasonl\u00edtjuk \u00f6ssze. A m\u00e1sodik meta-anal\u00edzisunk a hagyom\u00e1nyos \u00e9s elektromos cigaretta hat\u00e1s\u00e1t vizsg\u00e1lja a nem-seb\u00e9szi parodont\u00e1lis ter\u00e1pia sikeress\u00e9g\u00e9re n\u00e9zve. Ezen k\u00edv\u00fcl folyamatban van egy saj\u00e1t klinikai kutat\u00e1sunk, melyben a hagyom\u00e1nyos cigaretta illetve a hev\u00edtett doh\u00e1nyterm\u00e9k haszn\u00e1l\u00f3k parodont\u00e1lis param\u00e9tereit szeretn\u00e9nk \u00f6sszehasonl\u00edtani.<\/p>\n","protected":false},"excerpt":{"rendered":"<p>A doh\u00e1nyz\u00e1s eg\u00e9szs\u00e9gre k\u00e1ros hat\u00e1sa m\u00e1ra k\u00f6ztudott\u00e1 v\u00e1lt. A vil\u00e1gszerte \u00e9rv\u00e9nyben lev\u0151 korl\u00e1toz\u00e1soknak h\u00e1la a hagyom\u00e1nyos cigaretta haszn\u00e1lata visszaszorul\u00f3ban van, azonban \u00fajabb alternat\u00edv doh\u00e1nyterm\u00e9kek jelentek meg a piacon, mint a hev\u00edtett doh\u00e1nyterm\u00e9kek (pl. IQOS), illetve az ENDS (Electronic Nicotine Delivery System) k\u00fcl\u00f6nb\u00f6z\u0151 t\u00edpusai, mely legelterjedtebb k\u00e9pvisel\u0151je az elektronikus cigaretta (e-cigaretta). Ezek egyre nagyobb n\u00e9pszer\u0171s\u00e9gre tesznek &hellip;<\/p>\n","protected":false},"author":101231,"featured_media":0,"parent":5097,"menu_order":0,"comment_status":"closed","ping_status":"closed","template":"","meta":{"_acf_changed":false,"footnotes":""},"categories":[],"tags":[],"class_list":["post-8562","page","type-page","status-publish","hentry"],"acf":[],"_links":{"self":[{"href":"https:\/\/semmelweis.hu\/fogpotlastan\/wp-json\/wp\/v2\/pages\/8562","targetHints":{"allow":["GET"]}}],"collection":[{"href":"https:\/\/semmelweis.hu\/fogpotlastan\/wp-json\/wp\/v2\/pages"}],"about":[{"href":"https:\/\/semmelweis.hu\/fogpotlastan\/wp-json\/wp\/v2\/types\/page"}],"author":[{"embeddable":true,"href":"https:\/\/semmelweis.hu\/fogpotlastan\/wp-json\/wp\/v2\/users\/101231"}],"replies":[{"embeddable":true,"href":"https:\/\/semmelweis.hu\/fogpotlastan\/wp-json\/wp\/v2\/comments?post=8562"}],"version-history":[{"count":1,"href":"https:\/\/semmelweis.hu\/fogpotlastan\/wp-json\/wp\/v2\/pages\/8562\/revisions"}],"predecessor-version":[{"id":8563,"href":"https:\/\/semmelweis.hu\/fogpotlastan\/wp-json\/wp\/v2\/pages\/8562\/revisions\/8563"}],"up":[{"embeddable":true,"href":"https:\/\/semmelweis.hu\/fogpotlastan\/wp-json\/wp\/v2\/pages\/5097"}],"wp:attachment":[{"href":"https:\/\/semmelweis.hu\/fogpotlastan\/wp-json\/wp\/v2\/media?parent=8562"}],"wp:term":[{"taxonomy":"category","embeddable":true,"href":"https:\/\/semmelweis.hu\/fogpotlastan\/wp-json\/wp\/v2\/categories?post=8562"},{"taxonomy":"post_tag","embeddable":true,"href":"https:\/\/semmelweis.hu\/fogpotlastan\/wp-json\/wp\/v2\/tags?post=8562"}],"curies":[{"name":"wp","href":"https:\/\/api.w.org\/{rel}","templated":true}]}}