{"id":8547,"date":"2023-05-23T15:41:44","date_gmt":"2023-05-23T13:41:44","guid":{"rendered":"https:\/\/semmelweis.hu\/fogpotlastan\/?page_id=8547"},"modified":"2023-05-23T15:42:36","modified_gmt":"2023-05-23T13:42:36","slug":"dr-rona-virag-antibakterialis-polimerek-fogorvosi-felhasznalhatosaganak-vizsgalata","status":"publish","type":"page","link":"https:\/\/semmelweis.hu\/fogpotlastan\/kutatas\/phd-kutatasok\/dr-rona-virag-antibakterialis-polimerek-fogorvosi-felhasznalhatosaganak-vizsgalata\/","title":{"rendered":"Dr. R\u00f3na Vir\u00e1g \u2013 Antibakteri\u00e1lis polimerek fogorvosi felhaszn\u00e1lhat\u00f3s\u00e1g\u00e1nak vizsg\u00e1lata"},"content":{"rendered":"<p style=\"text-align: justify\">Munkacsoportunk az elm\u00falt \u00e9vekben t\u00f6bb antimikrobi\u00e1lis tulajdons\u00e1g\u00fa anyaggal is dolgozott. Kor\u00e1bban a polietil\u00e9n-imin volt f\u0151 szerepben, most a kitoz\u00e1n \u00e9s a folsav az aktu\u00e1lis kutat\u00e1si ir\u00e1ny.<br \/>\nA kitoz\u00e1n egy line\u00e1ris poliszacharid, amit a r\u00e1kok p\u00e1nc\u00e9lj\u00e1b\u00f3l kivont kitin n\u00e1trium-hidroxiddal (deacetil\u00e1l\u00e1s) val\u00f3 kezel\u00e9s\u00e9vel \u00e1ll\u00edtanak el\u0151. Az eg\u00e9szs\u00e9g\u00fcgy sz\u00e1mos ter\u00fclet\u00e9n alkalmazz\u00e1k, jelent\u0151s h\u00e1tt\u00e9rirodalommal rendelkezik \u00e9s exponenci\u00e1lisan n\u00f6vekszik a vele foglalkoz\u00f3 publik\u00e1ci\u00f3k sz\u00e1ma. Ennek alapja az antibakteri\u00e1lis-, v\u00e9rz\u00e9scsillap\u00edt\u00f3- \u00e9s kiv\u00e1l\u00f3 gy\u00f3gyszerbevitelre (drug delivery) alkalmas tulajdons\u00e1g\u00e1ban keresend\u0151. Manaps\u00e1g egyre gyakrabban cser\u00e9lik le a gy\u00f3gyszerbeviteln\u00e9l haszn\u00e1latos gy\u00f3gyszervegy\u00fcleteket kitoz\u00e1nra, amely egy\u00e1ltal\u00e1n nem toxikus. Mukoadhez\u00edv, biokompatibilis, biodegrad\u00e1bilis anyag, melyet a sz\u00f6vetekben \u00e9s szekr\u00e9tumokban tal\u00e1lhat\u00f3 enzimek bontanak. Mellette az agr\u00e1rtudom\u00e1nyban is kihaszn\u00e1lj\u00e1k antibakteri\u00e1lis\/antifung\u00e1lis hat\u00e1s\u00e1t. A nem pro anal tisztas\u00e1g\u00fa kitoz\u00e1nt nagy mennyis\u00e9gben felhaszn\u00e1lj\u00e1k t\u00e1pl\u00e1l\u00e9lkieg\u00e9sz\u00edt\u0151kben, el\u0151ny\u00f6s tulajdons\u00e1gai \u00e9s kedvez\u0151 \u00e1rfekv\u00e9se miatt. A kitoz\u00e1n k\u00f6zponti alkot\u00f3eleme a legk\u00fcl\u00f6nb\u00f6z\u0151bb t\u00edpus\u00fa a gy\u00f3gy\u00edt\u00e1sban alkalmazott hidrog\u00e9leknek \u00e9s egy\u00e9b anyagoknak. <br \/>\nDr. R\u00f3na Vir\u00e1g a SE R\u00e1cz K\u00e1roly Doktori Iskola \u00e9s a Transzl\u00e1ci\u00f3s Medicina programban val\u00f3 munk\u00e1ja sor\u00e1n a kor\u00e1bbiakban le\u00edrt polimer antimikrobi\u00e1lis tulajdons\u00e1gaival kapcsolatban jelenleg k\u00e9t metaanal\u00edzis\/systematic review el\u0151k\u00e9sz\u00edt\u00e9se van folyamatban.<br \/>\nLaborat\u00f3riumunkban a szint\u00e9zis mechanizmusa \u00e9s pilot vizsg\u00e1latok m\u00e1r megt\u00f6rt\u00e9netek. Kor\u00e1bban ebben a t\u00e9m\u00e1ban a munkacsoport tagjai \u00e1ltal t\u00f6bb, impakt faktorral rendelkez\u0151 publik\u00e1ci\u00f3 jelent meg.<\/p>\n","protected":false},"excerpt":{"rendered":"<p>Munkacsoportunk az elm\u00falt \u00e9vekben t\u00f6bb antimikrobi\u00e1lis tulajdons\u00e1g\u00fa anyaggal is dolgozott. Kor\u00e1bban a polietil\u00e9n-imin volt f\u0151 szerepben, most a kitoz\u00e1n \u00e9s a folsav az aktu\u00e1lis kutat\u00e1si ir\u00e1ny. A kitoz\u00e1n egy line\u00e1ris poliszacharid, amit a r\u00e1kok p\u00e1nc\u00e9lj\u00e1b\u00f3l kivont kitin n\u00e1trium-hidroxiddal (deacetil\u00e1l\u00e1s) val\u00f3 kezel\u00e9s\u00e9vel \u00e1ll\u00edtanak el\u0151. Az eg\u00e9szs\u00e9g\u00fcgy sz\u00e1mos ter\u00fclet\u00e9n alkalmazz\u00e1k, jelent\u0151s h\u00e1tt\u00e9rirodalommal rendelkezik \u00e9s exponenci\u00e1lisan n\u00f6vekszik a &hellip;<\/p>\n","protected":false},"author":101231,"featured_media":0,"parent":5097,"menu_order":0,"comment_status":"closed","ping_status":"closed","template":"","meta":{"_acf_changed":false,"footnotes":""},"categories":[],"tags":[],"class_list":["post-8547","page","type-page","status-publish","hentry"],"acf":[],"_links":{"self":[{"href":"https:\/\/semmelweis.hu\/fogpotlastan\/wp-json\/wp\/v2\/pages\/8547","targetHints":{"allow":["GET"]}}],"collection":[{"href":"https:\/\/semmelweis.hu\/fogpotlastan\/wp-json\/wp\/v2\/pages"}],"about":[{"href":"https:\/\/semmelweis.hu\/fogpotlastan\/wp-json\/wp\/v2\/types\/page"}],"author":[{"embeddable":true,"href":"https:\/\/semmelweis.hu\/fogpotlastan\/wp-json\/wp\/v2\/users\/101231"}],"replies":[{"embeddable":true,"href":"https:\/\/semmelweis.hu\/fogpotlastan\/wp-json\/wp\/v2\/comments?post=8547"}],"version-history":[{"count":2,"href":"https:\/\/semmelweis.hu\/fogpotlastan\/wp-json\/wp\/v2\/pages\/8547\/revisions"}],"predecessor-version":[{"id":8549,"href":"https:\/\/semmelweis.hu\/fogpotlastan\/wp-json\/wp\/v2\/pages\/8547\/revisions\/8549"}],"up":[{"embeddable":true,"href":"https:\/\/semmelweis.hu\/fogpotlastan\/wp-json\/wp\/v2\/pages\/5097"}],"wp:attachment":[{"href":"https:\/\/semmelweis.hu\/fogpotlastan\/wp-json\/wp\/v2\/media?parent=8547"}],"wp:term":[{"taxonomy":"category","embeddable":true,"href":"https:\/\/semmelweis.hu\/fogpotlastan\/wp-json\/wp\/v2\/categories?post=8547"},{"taxonomy":"post_tag","embeddable":true,"href":"https:\/\/semmelweis.hu\/fogpotlastan\/wp-json\/wp\/v2\/tags?post=8547"}],"curies":[{"name":"wp","href":"https:\/\/api.w.org\/{rel}","templated":true}]}}