{"id":8,"date":"2012-01-26T11:48:28","date_gmt":"2012-01-26T10:48:28","guid":{"rendered":"http:\/\/semmelweis-egyetem.hu\/fogpotlastan\/?page_id=8"},"modified":"2024-02-01T12:00:30","modified_gmt":"2024-02-01T11:00:30","slug":"oktatas","status":"publish","type":"page","link":"https:\/\/semmelweis.hu\/fogpotlastan\/oktatas\/","title":{"rendered":"Oktat\u00e1s"},"content":{"rendered":"<p>&nbsp;<\/p>\n<table style=\"border-collapse: collapse;width: 100%;height: 462px\" border=\"1\">\n<tbody>\n<tr style=\"height: 33px\">\n<td style=\"width: 12.483%;height: 33px;text-align: center\">F\u00e9l\u00e9v<\/td>\n<td style=\"width: 50.17%;height: 33px;text-align: center\">Tant\u00e1rgy<\/td>\n<td style=\"width: 13.4354%;height: 33px;text-align: center\">Szemin\u00e1rium<\/td>\n<td style=\"width: 11.4116%;height: 33px;text-align: center\">Gyakorlat<\/td>\n<td style=\"width: 12.5%;height: 33px\">Sz\u00e1monk\u00e9r\u00e9s<\/td>\n<\/tr>\n<tr style=\"height: 33px\">\n<td style=\"width: 12.483%;height: 33px;text-align: center\">2.<\/td>\n<td style=\"width: 50.17%;height: 33px\">Fog\u00e1szati \u00c1ltal\u00e1nos Anyagtan<\/td>\n<td style=\"width: 13.4354%;height: 33px;text-align: center\">1<\/td>\n<td style=\"width: 11.4116%;height: 33px;text-align: center\">0<\/td>\n<td style=\"width: 12.5%;height: 33px\">Kollokvium<\/td>\n<\/tr>\n<tr style=\"height: 33px\">\n<td style=\"width: 12.483%;height: 33px;text-align: center\">\u00a0<\/td>\n<td style=\"width: 50.17%;height: 33px\">Odontotechnol\u00f3gia \u00e9s Fogp\u00f3tl\u00e1stani Propedeutika ny\u00e1ri gyakorlat<\/td>\n<td style=\"width: 13.4354%;height: 33px;text-align: center\">0<\/td>\n<td style=\"width: 11.4116%;height: 33px;text-align: center\">60<\/td>\n<td style=\"width: 12.5%;height: 33px\">Al\u00e1\u00edr\u00e1s<\/td>\n<\/tr>\n<tr style=\"height: 33px\">\n<td style=\"width: 12.483%;height: 33px;text-align: center\">3.<\/td>\n<td style=\"width: 50.17%;height: 33px\">Odontotechnol\u00f3gia \u00e9s Fogp\u00f3tl\u00e1stani Propedeutika I.<\/td>\n<td style=\"width: 13.4354%;height: 33px;text-align: center\">1<\/td>\n<td style=\"width: 11.4116%;height: 33px;text-align: center\">2<\/td>\n<td style=\"width: 12.5%;height: 33px\">Gyakorlati jegy<\/td>\n<\/tr>\n<tr style=\"height: 33px\">\n<td style=\"width: 12.483%;height: 33px;text-align: center\">4.<\/td>\n<td style=\"width: 50.17%;height: 33px\">Odontotechnol\u00f3gia \u00e9s Fogp\u00f3tl\u00e1stani Propedeutika II.<\/td>\n<td style=\"width: 13.4354%;height: 33px;text-align: center\">1<\/td>\n<td style=\"width: 11.4116%;height: 33px;text-align: center\">3<\/td>\n<td style=\"width: 12.5%;height: 33px\">Gyakorlati jegy<\/td>\n<\/tr>\n<tr style=\"height: 33px\">\n<td style=\"width: 12.483%;height: 33px;text-align: center\">5.<\/td>\n<td style=\"width: 50.17%;height: 33px\">Odontotechnol\u00f3gia \u00e9s Fogp\u00f3tl\u00e1stani Propedeutika III.<\/td>\n<td style=\"width: 13.4354%;height: 33px;text-align: center\">0<\/td>\n<td style=\"width: 11.4116%;height: 33px;text-align: center\">3<\/td>\n<td style=\"width: 12.5%;height: 33px\">Szigorlat<\/td>\n<\/tr>\n<tr style=\"height: 33px\">\n<td style=\"width: 12.483%;height: 33px;text-align: center\">6.<\/td>\n<td style=\"width: 50.17%;height: 33px\">Fogp\u00f3tl\u00e1stan I.<\/td>\n<td style=\"width: 13.4354%;height: 33px;text-align: center\">1<\/td>\n<td style=\"width: 11.4116%;height: 33px;text-align: center\">3<\/td>\n<td style=\"width: 12.5%;height: 33px\">Gyakorlati jegy<\/td>\n<\/tr>\n<tr>\n<td style=\"width: 12.483%;text-align: center\">6.<\/td>\n<td style=\"width: 50.17%\">Gnatol\u00f3gia<\/td>\n<td style=\"width: 13.4354%;text-align: center\">1<\/td>\n<td style=\"width: 11.4116%;text-align: center\">2<\/td>\n<td style=\"width: 12.5%\">Kiemelt kollokvium<\/td>\n<\/tr>\n<tr style=\"height: 33px\">\n<td style=\"width: 12.483%;height: 33px;text-align: center\">7.<\/td>\n<td style=\"width: 50.17%;height: 33px\">Fogp\u00f3tl\u00e1stan II.<\/td>\n<td style=\"width: 13.4354%;height: 33px;text-align: center\">1<\/td>\n<td style=\"width: 11.4116%;height: 33px;text-align: center\">6<\/td>\n<td style=\"width: 12.5%;height: 33px\">Kollokvium<\/td>\n<\/tr>\n<tr style=\"height: 33px\">\n<td style=\"width: 12.483%;height: 33px;text-align: center\">8.<\/td>\n<td style=\"width: 50.17%;height: 33px\">Fogp\u00f3tl\u00e1stan III.<\/td>\n<td style=\"width: 13.4354%;height: 33px;text-align: center\">1<\/td>\n<td style=\"width: 11.4116%;height: 33px;text-align: center\">4<\/td>\n<td style=\"width: 12.5%;height: 33px\">Gyakorlati jegy<\/td>\n<\/tr>\n<tr>\n<td style=\"width: 12.483%;text-align: center\">\u00a0<\/td>\n<td style=\"width: 50.17%\">\u00c1ltal\u00e1nos fog\u00e1szati ny\u00e1ri gyakorlat<\/td>\n<td style=\"width: 13.4354%;text-align: center\">0<\/td>\n<td style=\"width: 11.4116%;text-align: center\">120<\/td>\n<td style=\"width: 12.5%\">\u00a0<\/td>\n<\/tr>\n<tr style=\"height: 33px\">\n<td style=\"width: 12.483%;height: 33px;text-align: center\">9.<\/td>\n<td style=\"width: 50.17%;height: 33px\">Fogp\u00f3tl\u00e1stan IV.<\/td>\n<td style=\"width: 13.4354%;height: 33px;text-align: center\">0<\/td>\n<td style=\"width: 11.4116%;height: 33px;text-align: center\">4<\/td>\n<td style=\"width: 12.5%;height: 33px\">Gyakorlati jegy<\/td>\n<\/tr>\n<tr style=\"height: 33px\">\n<td style=\"width: 12.483%;text-align: center;height: 33px\">9.<\/td>\n<td style=\"width: 50.17%;height: 33px\">Klinikai fog\u00e1szat I.<\/td>\n<td style=\"width: 13.4354%;text-align: center;height: 33px\">0<\/td>\n<td style=\"width: 11.4116%;text-align: center;height: 33px\">5<\/td>\n<td style=\"width: 12.5%;height: 33px\">Gyakorlati jegy<\/td>\n<\/tr>\n<tr style=\"height: 33px\">\n<td style=\"width: 12.483%;text-align: center;height: 33px\">10.<\/td>\n<td style=\"width: 50.17%;height: 33px\">Fogp\u00f3tl\u00e1stan V.<\/td>\n<td style=\"width: 13.4354%;text-align: center;height: 33px\">0<\/td>\n<td style=\"width: 11.4116%;text-align: center;height: 33px\">3<\/td>\n<td style=\"width: 12.5%;height: 33px\">Szigorlat<\/td>\n<\/tr>\n<tr style=\"height: 33px\">\n<td style=\"width: 12.483%;text-align: center;height: 33px\">10.<\/td>\n<td style=\"width: 50.17%;height: 33px\">Klinikai fog\u00e1szat II.<\/td>\n<td style=\"width: 13.4354%;text-align: center;height: 33px\">0<\/td>\n<td style=\"width: 11.4116%;text-align: center;height: 33px\">5<\/td>\n<td style=\"width: 12.5%;height: 33px\">Gyakorlati jegy<\/td>\n<\/tr>\n<\/tbody>\n<\/table>\n<p>&nbsp;<\/p>\n<p><a href=\"https:\/\/semmelweis.hu\/fogpotlastan\/files\/2019\/02\/RS87524_IMG_6920-scr.jpg\"><img loading=\"lazy\" decoding=\"async\" class=\"alignnone  wp-image-5032\" src=\"https:\/\/semmelweis.hu\/fogpotlastan\/files\/2019\/02\/RS87524_IMG_6920-scr-300x200.jpg\" alt=\"\" width=\"714\" height=\"476\" srcset=\"https:\/\/semmelweis.hu\/fogpotlastan\/files\/2019\/02\/RS87524_IMG_6920-scr-300x200.jpg 300w, https:\/\/semmelweis.hu\/fogpotlastan\/files\/2019\/02\/RS87524_IMG_6920-scr-768x512.jpg 768w, https:\/\/semmelweis.hu\/fogpotlastan\/files\/2019\/02\/RS87524_IMG_6920-scr-753x502.jpg 753w, https:\/\/semmelweis.hu\/fogpotlastan\/files\/2019\/02\/RS87524_IMG_6920-scr-203x135.jpg 203w, https:\/\/semmelweis.hu\/fogpotlastan\/files\/2019\/02\/RS87524_IMG_6920-scr.jpg 950w\" sizes=\"auto, (max-width: 714px) 100vw, 714px\" \/><\/a><\/p>\n","protected":false},"excerpt":{"rendered":"<p>&nbsp; F\u00e9l\u00e9v Tant\u00e1rgy Szemin\u00e1rium Gyakorlat Sz\u00e1monk\u00e9r\u00e9s 2. Fog\u00e1szati \u00c1ltal\u00e1nos Anyagtan 1 0 Kollokvium \u00a0 Odontotechnol\u00f3gia \u00e9s Fogp\u00f3tl\u00e1stani Propedeutika ny\u00e1ri gyakorlat 0 60 Al\u00e1\u00edr\u00e1s 3. Odontotechnol\u00f3gia \u00e9s Fogp\u00f3tl\u00e1stani Propedeutika I. 1 2 Gyakorlati jegy 4. Odontotechnol\u00f3gia \u00e9s Fogp\u00f3tl\u00e1stani Propedeutika II. 1 3 Gyakorlati jegy 5. Odontotechnol\u00f3gia \u00e9s Fogp\u00f3tl\u00e1stani Propedeutika III. 0 3 Szigorlat 6. Fogp\u00f3tl\u00e1stan I. &hellip;<\/p>\n","protected":false},"author":8,"featured_media":0,"parent":0,"menu_order":1,"comment_status":"open","ping_status":"closed","template":"","meta":{"_acf_changed":false,"footnotes":""},"categories":[],"tags":[],"class_list":["post-8","page","type-page","status-publish","hentry"],"acf":[],"_links":{"self":[{"href":"https:\/\/semmelweis.hu\/fogpotlastan\/wp-json\/wp\/v2\/pages\/8","targetHints":{"allow":["GET"]}}],"collection":[{"href":"https:\/\/semmelweis.hu\/fogpotlastan\/wp-json\/wp\/v2\/pages"}],"about":[{"href":"https:\/\/semmelweis.hu\/fogpotlastan\/wp-json\/wp\/v2\/types\/page"}],"author":[{"embeddable":true,"href":"https:\/\/semmelweis.hu\/fogpotlastan\/wp-json\/wp\/v2\/users\/8"}],"replies":[{"embeddable":true,"href":"https:\/\/semmelweis.hu\/fogpotlastan\/wp-json\/wp\/v2\/comments?post=8"}],"version-history":[{"count":10,"href":"https:\/\/semmelweis.hu\/fogpotlastan\/wp-json\/wp\/v2\/pages\/8\/revisions"}],"predecessor-version":[{"id":8971,"href":"https:\/\/semmelweis.hu\/fogpotlastan\/wp-json\/wp\/v2\/pages\/8\/revisions\/8971"}],"wp:attachment":[{"href":"https:\/\/semmelweis.hu\/fogpotlastan\/wp-json\/wp\/v2\/media?parent=8"}],"wp:term":[{"taxonomy":"category","embeddable":true,"href":"https:\/\/semmelweis.hu\/fogpotlastan\/wp-json\/wp\/v2\/categories?post=8"},{"taxonomy":"post_tag","embeddable":true,"href":"https:\/\/semmelweis.hu\/fogpotlastan\/wp-json\/wp\/v2\/tags?post=8"}],"curies":[{"name":"wp","href":"https:\/\/api.w.org\/{rel}","templated":true}]}}