{"id":7187,"date":"2021-04-22T13:29:55","date_gmt":"2021-04-22T11:29:55","guid":{"rendered":"https:\/\/semmelweis.hu\/fogpotlastan\/?page_id=7187"},"modified":"2025-03-14T14:02:02","modified_gmt":"2025-03-14T13:02:02","slug":"dr-feher-dora","status":"publish","type":"page","link":"https:\/\/semmelweis.hu\/fogpotlastan\/munkatarsak-terv\/dr-feher-dora\/","title":{"rendered":"Dr. Feh\u00e9r D\u00f3ra"},"content":{"rendered":"<p style=\"text-align: justify\"><strong><span style=\"font-size: 12pt\">Tanulm\u00e1nyok, szakk\u00e9pes\u00edt\u00e9s<img loading=\"lazy\" decoding=\"async\" class=\"size-medium wp-image-5563 alignright\" src=\"https:\/\/semmelweis.hu\/fogpotlastan\/files\/2019\/10\/Dr.-Feh\u00e9r-D\u00f3ra-200x300.jpg\" alt=\"\" width=\"200\" height=\"300\" srcset=\"https:\/\/semmelweis.hu\/fogpotlastan\/files\/2019\/10\/Dr.-Feh\u00e9r-D\u00f3ra-200x300.jpg 200w, https:\/\/semmelweis.hu\/fogpotlastan\/files\/2019\/10\/Dr.-Feh\u00e9r-D\u00f3ra.jpg 500w\" sizes=\"auto, (max-width: 200px) 100vw, 200px\" \/><br \/>\n<\/span><\/strong><span style=\"font-size: 12pt\">2022- Fogp\u00f3tl\u00e1stan szakvizsga &#8211; Semmelweis Egyetem, Fogorvostudom\u00e1nyi Kar<\/span><br \/>\n<span style=\"font-size: 12pt\">2021- PhD-hallgat\u00f3 \u2013 Semmelweis Egyetem, R\u00e1cz K\u00e1roly Klinikai Orvostudom\u00e1nyok Doktori Iskola<\/span><br \/>\n<span style=\"font-size: 12pt\">2019 Fogorvosi diploma \u2013 Semmelweis Egyetem, Fogorvostudom\u00e1nyi Kar<\/span><\/p>\n<p><span style=\"font-size: 12pt\"><strong>Szakmai tapasztalat \/ klinikai el\u0151menetel<br \/>\n<\/strong><\/span><span style=\"font-size: 12pt\">2023- Fogp\u00f3tl\u00e1stani Klinika \u2013 klinikai szakorvos, egyetemi tan\u00e1rseg\u00e9d<\/span><br \/>\n<span style=\"font-size: 12pt\">2019-2023. Fogp\u00f3tl\u00e1stan Klinika \u2013 klinikai orvos<\/span><\/p>\n<p><span style=\"font-size: 12pt\"><strong>Tudom\u00e1nyos tev\u00e9kenys\u00e9g<\/strong><\/span><br \/>\n<span style=\"font-size: 12pt\">PhD-t\u00e9ma: Kombin\u00e1lt egyedi fogsz\u00ednkulcsos vizu\u00e1lis \u00e9s digit\u00e1lis fogsz\u00edn-meghat\u00e1roz\u00e1si protokoll<\/span><br \/>\n<span style=\"font-size: 12pt\">Munkacsoport: Digit\u00e1lis Fog\u00e1szati Munkacsoport<\/span><\/p>\n<p><span style=\"font-size: 12pt\"><strong>Rektori p\u00e1ly\u00e1zat<\/strong><\/span><br \/>\n<span style=\"font-size: 12pt\">Feh\u00e9r D\u00f3ra, Sal\u00e1ta J\u00f3zsef: \u00dcvegker\u00e1mi\u00e1k spektrofotometriai vizsg\u00e1lata (2018) II. hely<\/span><\/p>\n<p><span style=\"font-size: 12pt\"><strong>El\u0151ad\u00e1sok<\/strong><\/span><br \/>\n<span style=\"font-size: 12pt\"><em>Orsz\u00e1gos Tudom\u00e1nyos Di\u00e1kk\u00f6ri Konferencia:<\/em><em><br \/>\n<\/em>\u2022 Feh\u00e9r D\u00f3ra, Sal\u00e1ta J\u00f3zsef: Monolitikus cirk\u00f3nium-dioxid fogp\u00f3tl\u00e1sok anyag\u00e1nak spektrofotometriai vizsg\u00e1lata (2019)<br \/>\n<\/span><span style=\"font-size: 12pt\"><em>Semmelweis Egyetem Tudom\u00e1nyos Di\u00e1kk\u00f6ri Konferencia:<\/em><em><br \/>\n<\/em>\u2022 Feh\u00e9r D\u00f3ra, Sal\u00e1ta J\u00f3zsef: \u00dcvegker\u00e1mia fogp\u00f3tl\u00e1sok v\u00e1rhat\u00f3 sz\u00edn\u00e9nek meghat\u00e1roz\u00e1sa szisztematikus spektrofotometriai m\u00e9r\u00e9ssel (2017)<\/span><br \/>\n<span style=\"font-size: 12pt\">\u2022 Sal\u00e1ta J\u00f3zsef, Feh\u00e9r D\u00f3ra: \u00dcvegker\u00e1mi\u00e1k spektrofotometriai vizsg\u00e1lata (2018)<\/span><br \/>\n<span style=\"font-size: 12pt\">\u2022 Feh\u00e9r D\u00f3ra, Sal\u00e1ta J\u00f3zsef: Monolitikus cirk\u00f3nium-dioxid fogp\u00f3tl\u00e1sok anyag\u00e1nak spektrofotometriai vizsg\u00e1lata (2019) I. hely<br \/>\n<\/span><span style=\"font-size: 12pt\"><em>Hazai \u00e9s nemzetk\u00f6zi tudom\u00e1nyos el\u0151ad\u00e1sok,poszterek:<\/em><em><br \/>\n<\/em>\u2022 Dr. \u00c1br\u00e1m Emese, Feh\u00e9r D\u00f3ra, Sal\u00e1ta J\u00f3zsef, Dr. Ujhelyi Ferenc, Dr. Gajd\u00e1tsy G\u00e1bor, Dr. Borb\u00e9ly Judit, Prof. Dr. Hermann P\u00e9ter: \u00dcvegker\u00e1mi\u00e1k transzmisszi\u00f3s \u00e9s reflexi\u00f3s vizsg\u00e1lata, MA\u00c1SZT-MFE Kongresszus, Debrecen (2017. 09. 28-30.)<\/span><br \/>\n<span style=\"font-size: 12pt\">\u2022 Dr. \u00c1br\u00e1m Emese, Dr. Sal\u00e1ta J\u00f3zsef, Dr. Feh\u00e9r D\u00f3ra, Beleznai Szabolcs, Dr. Gajd\u00e1tsy G\u00e1bor, Prof. Dr. Hermann P\u00e9ter, Dr. Borb\u00e9ly Judit: Colour Determination of Dental Materials, XVII. Lux et Color Vesprimiensis, Veszpr\u00e9m (2019. 10. 10-11.)<\/span><br \/>\n<span style=\"font-size: 12pt\">\u2022 Dr. Judit Borb\u00e9ly, Dr. Alexandra Czigola, Dr. D\u00f3ra Feh\u00e9r, Dr. Gell\u00e9rt Jo\u00f3sKov\u00e1cs, Dr. Yvett R\u00f3th, Dr. Vikt\u00f3ria Vitai- Intraoral scanners in Hungary: a review by the Department of Prosthodontics, Semmelweis University, Dental World Digital 2020<br \/>\n<\/span><span style=\"font-size: 12pt\">\u2022 J\u00f3zsef Sal\u00e1ta, D\u00f3ra Feh\u00e9r, Judit Borb\u00e9ly, Emese \u00c1br\u00e1m: Spectrophotometric examination of the optical properties of lithium-silicate glass-ceramics with different substrates. Digital Dentistry Society Global Congress 2021, Cernobbio, Olaszorsz\u00e1g, 2021.11.04-06. (poszter)<br \/>\n<\/span><span style=\"font-size: 12pt\">\u2022 D\u00f3ra Feh\u00e9r, Ahmad Reza Mohaghegh, \u00c1rp\u00e1d Gy\u00f6rgy Keskeny, Judit Borb\u00e9ly: Comparison of Colour Parameters of Custom-made CAD\/CAM Shade Tabs and Corresponding VITA Classical Shade Tabs, Semmelweis Symposium 2022, Budapest, Hungary, 2022.11.07-09. (poszter)<\/span><\/p>\n<p><span style=\"font-size: 12pt\"><strong>Nemzetk\u00f6zi szakmai tov\u00e1bbk\u00e9pz\u00e9sek r\u00e9szvev\u0151k\u00e9nt<\/strong><\/span><br \/>\n<span style=\"font-size: 12pt\">\u2022 Dentist of the Future Contest, 3M Oral Care Solutions Division, International Scientific Conference, Seefeld, N\u00e9metorsz\u00e1g (2018. 09. 04-05.)<br \/>\n\u2022 <\/span><span style=\"font-size: 12pt\">Digital Dentistry Society Global Congress 2021, Cernobbio, Olaszorsz\u00e1g, (2021.11.04-06)<\/span><\/p>\n<p><span style=\"font-size: 12pt\"><strong>Nyelvismeret<\/strong><\/span><br \/>\n<span style=\"font-size: 12pt\">magyar \u2013 anyanyelv<\/span><br \/>\n<span style=\"font-size: 12pt\">angol \u2013 fels\u0151fok<\/span><\/p>\n<p><span style=\"font-size: 12pt\"><strong>D\u00edjak<br \/>\n<\/strong><\/span><span style=\"font-size: 12pt\">\u2022 Dentist of the Future Contest, II. helyez\u00e9s (2018)<br \/>\n<\/span><span style=\"font-size: 12pt\">\u2022 MFE Fogp\u00f3tl\u00e1stani T\u00e1rsas\u00e1g d\u00edja az Orsz\u00e1gos Tudom\u00e1nyos Di\u00e1kk\u00f6ri Konferenci\u00e1n ny\u00fajtott teljes\u00edtm\u00e9ny\u00e9rt (2019)<br \/>\n<\/span><span style=\"font-size: 12pt\">\u2022 K\u00f6rm\u00f6czi P\u00e1lyad\u00edj (MFE) III. helyez\u00e9s (2024)<\/span><\/p>\n<p><span style=\"font-size: 12pt\"><strong>Egy\u00e9b<br \/>\n<\/strong><\/span><span style=\"font-size: 12pt\">H\u00e1zas<\/span><\/p>\n<p><a href=\"https:\/\/m2.mtmt.hu\/gui2\/?type=authors&amp;mode=browse&amp;sel=authors10081864\"><span style=\"font-size: 12pt\">Tudom\u00e1nyos k\u00f6zlem\u00e9nyek<\/span><\/a><\/p>\n<p><span style=\"font-size: 12pt\"><em>Az el\u00e9rhet\u0151s\u00e9gi adatok nem haszn\u00e1lhat\u00f3k fel az 1995. \u00e9vi CXIX. t\u00f6rv\u00e9ny szerinti kutat\u00e1s \u00e9s k\u00f6zvetlen \u00fczletszerz\u00e9s c\u00e9lj\u00e1ra.<\/em><\/span><\/p>\n","protected":false},"excerpt":{"rendered":"<p>Tanulm\u00e1nyok, szakk\u00e9pes\u00edt\u00e9s 2022- Fogp\u00f3tl\u00e1stan szakvizsga &#8211; Semmelweis Egyetem, Fogorvostudom\u00e1nyi Kar 2021- PhD-hallgat\u00f3 \u2013 Semmelweis Egyetem, R\u00e1cz K\u00e1roly Klinikai Orvostudom\u00e1nyok Doktori Iskola 2019 Fogorvosi diploma \u2013 Semmelweis Egyetem, Fogorvostudom\u00e1nyi Kar Szakmai tapasztalat \/ klinikai el\u0151menetel 2023- Fogp\u00f3tl\u00e1stani Klinika \u2013 klinikai szakorvos, egyetemi tan\u00e1rseg\u00e9d 2019-2023. Fogp\u00f3tl\u00e1stan Klinika \u2013 klinikai orvos Tudom\u00e1nyos tev\u00e9kenys\u00e9g PhD-t\u00e9ma: Kombin\u00e1lt egyedi fogsz\u00ednkulcsos vizu\u00e1lis &hellip;<\/p>\n","protected":false},"author":101231,"featured_media":0,"parent":9019,"menu_order":1,"comment_status":"closed","ping_status":"closed","template":"","meta":{"_acf_changed":false,"footnotes":""},"categories":[],"tags":[],"class_list":["post-7187","page","type-page","status-publish","hentry"],"acf":[],"_links":{"self":[{"href":"https:\/\/semmelweis.hu\/fogpotlastan\/wp-json\/wp\/v2\/pages\/7187","targetHints":{"allow":["GET"]}}],"collection":[{"href":"https:\/\/semmelweis.hu\/fogpotlastan\/wp-json\/wp\/v2\/pages"}],"about":[{"href":"https:\/\/semmelweis.hu\/fogpotlastan\/wp-json\/wp\/v2\/types\/page"}],"author":[{"embeddable":true,"href":"https:\/\/semmelweis.hu\/fogpotlastan\/wp-json\/wp\/v2\/users\/101231"}],"replies":[{"embeddable":true,"href":"https:\/\/semmelweis.hu\/fogpotlastan\/wp-json\/wp\/v2\/comments?post=7187"}],"version-history":[{"count":9,"href":"https:\/\/semmelweis.hu\/fogpotlastan\/wp-json\/wp\/v2\/pages\/7187\/revisions"}],"predecessor-version":[{"id":9497,"href":"https:\/\/semmelweis.hu\/fogpotlastan\/wp-json\/wp\/v2\/pages\/7187\/revisions\/9497"}],"up":[{"embeddable":true,"href":"https:\/\/semmelweis.hu\/fogpotlastan\/wp-json\/wp\/v2\/pages\/9019"}],"wp:attachment":[{"href":"https:\/\/semmelweis.hu\/fogpotlastan\/wp-json\/wp\/v2\/media?parent=7187"}],"wp:term":[{"taxonomy":"category","embeddable":true,"href":"https:\/\/semmelweis.hu\/fogpotlastan\/wp-json\/wp\/v2\/categories?post=7187"},{"taxonomy":"post_tag","embeddable":true,"href":"https:\/\/semmelweis.hu\/fogpotlastan\/wp-json\/wp\/v2\/tags?post=7187"}],"curies":[{"name":"wp","href":"https:\/\/api.w.org\/{rel}","templated":true}]}}