{"id":6642,"date":"2021-02-01T11:06:57","date_gmt":"2021-02-01T10:06:57","guid":{"rendered":"https:\/\/semmelweis.hu\/fogpotlastan\/?page_id=6642"},"modified":"2025-09-04T15:18:16","modified_gmt":"2025-09-04T13:18:16","slug":"dr-tajti-peter","status":"publish","type":"page","link":"https:\/\/semmelweis.hu\/fogpotlastan\/munkatarsak-terv\/dr-tajti-peter\/","title":{"rendered":"Dr. Tajti P\u00e9ter"},"content":{"rendered":"<p><span style=\"font-size: 12pt\"><strong><a href=\"https:\/\/semmelweis.hu\/fogpotlastan\/files\/2024\/07\/Dr.-Tajti-Peter-scaled.jpg\"><img loading=\"lazy\" decoding=\"async\" class=\" wp-image-9154 alignright\" src=\"https:\/\/semmelweis.hu\/fogpotlastan\/files\/2024\/07\/Dr.-Tajti-Peter-267x400.jpg\" alt=\"\" width=\"172\" height=\"258\" srcset=\"https:\/\/semmelweis.hu\/fogpotlastan\/files\/2024\/07\/Dr.-Tajti-Peter-267x400.jpg 267w, https:\/\/semmelweis.hu\/fogpotlastan\/files\/2024\/07\/Dr.-Tajti-Peter-683x1024.jpg 683w, https:\/\/semmelweis.hu\/fogpotlastan\/files\/2024\/07\/Dr.-Tajti-Peter-768x1152.jpg 768w, https:\/\/semmelweis.hu\/fogpotlastan\/files\/2024\/07\/Dr.-Tajti-Peter-1024x1536.jpg 1024w, https:\/\/semmelweis.hu\/fogpotlastan\/files\/2024\/07\/Dr.-Tajti-Peter-1365x2048.jpg 1365w, https:\/\/semmelweis.hu\/fogpotlastan\/files\/2024\/07\/Dr.-Tajti-Peter-753x1130.jpg 753w, https:\/\/semmelweis.hu\/fogpotlastan\/files\/2024\/07\/Dr.-Tajti-Peter-scaled.jpg 1707w\" sizes=\"auto, (max-width: 172px) 100vw, 172px\" \/><\/a><\/strong><\/span><strong><span style=\"font-size: 12pt\">Tanulm\u00e1nyok, szakk\u00e9pes\u00edt\u00e9s<\/span><\/strong><br \/>\n<span style=\"font-size: 12pt\">2025 PhD-fokozatszerz\u00e9s<\/span><br \/>\n<span style=\"font-size: 12pt\">2023 Fogp\u00f3tl\u00e1stan szakvizsga<\/span><br \/>\n<span style=\"font-size: 12pt\">2021 PhD-hallgat\u00f3 \u2013 Semmelweis Egyetem Doktori Iskola<\/span><br \/>\n<span style=\"font-size: 12pt\">2020 Fogorvos diploma \u2013 Semmelweis Egyetem Fogorvostudom\u00e1nyi Kar<\/span><\/p>\n<p><strong><span style=\"font-size: 12pt\">Szakmai tapasztalat \/ klinikai el\u0151menetel<\/span><\/strong><br \/>\n<span style=\"font-size: 12pt\">2024 Fogp\u00f3tl\u00e1stani Klinika \u2013 egyetemi tan\u00e1rseg\u00e9d<\/span><br \/>\n<span style=\"font-size: 12pt\">2023 Fogp\u00f3tl\u00e1stani Klinika \u2013 klinikai szakorvos<\/span><br \/>\n<span style=\"font-size: 12pt\">2020 Fogp\u00f3tl\u00e1stani Klinika \u2013 klinikai orvos<\/span><\/p>\n<p><strong><span style=\"font-size: 12pt\">Tudom\u00e1nyos tev\u00e9kenys\u00e9g<\/span><\/strong><br \/>\n<span style=\"font-size: 12pt\">PhD-t\u00e9ma: Bioanyagok \u00e9s a protetikai design hat\u00e1sa a peri-implant\u00e1lis l\u00e1gy- \u00e9s kem\u00e9nysz\u00f6vetek stabilit\u00e1s\u00e1ra<\/span><\/p>\n<p><span style=\"font-size: 12pt\"><strong>Munkacsoport<\/strong> <br \/>\nImplant\u00e1ci\u00f3s Protetika Munkacsoport<\/span><\/p>\n<p><strong><span style=\"font-size: 12pt\">El\u0151ad\u00e1sok \/ poszterek<\/span><\/strong><br \/>\n<span style=\"font-size: 12pt\">DDS Global Congress Casablanca 2023, poszter: Complex rehabilitation of erosive tooth wear with digital workflows<br \/>\n<\/span><span style=\"font-size: 12pt\">Osteology Symposium Barcelona 2023, poszter: Less marginal bone loss around bone-level implants restored with long abutments: A systematic review and meta-analysis<br \/>\n<\/span><span style=\"font-size: 12pt\">Semmelweis Symposium 2022, poszter: Monolithic zirconia as a valid alternative to metal-ceramic for implant-supported single crowns in the posterior region: A systematic review and meta-analysis of randomized controlled trials<br \/>\n<\/span><span style=\"font-size: 12pt\">FAM\u00c9 Konferencia 2019, poszter: BonMaker elj\u00e1r\u00e1ssal el\u0151\u00e1ll\u00edtott saj\u00e1tfog-csontgraft hat\u00e9konys\u00e1g\u00e1nak hisztol\u00f3giai \u00e9rt\u00e9kel\u00e9se alveolus prezerv\u00e1ci\u00f3 sor\u00e1n<br \/>\n<\/span><span style=\"font-size: 12pt\">OTDK Konferencia 2019: BonMaker elj\u00e1r\u00e1ssal el\u0151\u00e1ll\u00edtott saj\u00e1tfog-csontgraft hat\u00e9konys\u00e1g\u00e1nak hisztol\u00f3giai \u00e9rt\u00e9kel\u00e9se alveolus prezerv\u00e1ci\u00f3 sor\u00e1n<br \/>\n<\/span><span style=\"font-size: 12pt\">SE TDK Konferencia 2019: BonMaker elj\u00e1r\u00e1ssal el\u0151\u00e1ll\u00edtott saj\u00e1tfog-csontgraft hat\u00e9konys\u00e1g\u00e1nak hisztol\u00f3giai \u00e9rt\u00e9kel\u00e9se alveolus prezerv\u00e1ci\u00f3 sor\u00e1n<\/span><\/p>\n<p><strong><span style=\"font-size: 12pt\">Szakmai szervezeti tags\u00e1gok<\/span><\/strong><br \/>\n<span style=\"font-size: 12pt\">2020 Gnatol\u00f3giai T\u00e1rsas\u00e1g<\/span><br \/>\n<span style=\"font-size: 12pt\">2020 Magyar Orvosi Kamara, Fogorvosi Tagozat<\/span><\/p>\n<p><strong><span style=\"font-size: 12pt\">Egy\u00e9b<\/span><\/strong><br \/>\n<span style=\"font-size: 12pt\">Fogtechnikus oktat\u00e1s \u2013 Semmelweis Egyetem, B\u00f3kay J\u00e1nos T\u00f6bbc\u00e9l\u00fa Szakk\u00e9pz\u0151 Int\u00e9zm\u00e9nye<\/span><br \/>\n<span style=\"font-size: 12pt\">Manu\u00e1lis versenyek:<\/span><br \/>\n<span style=\"font-size: 12pt\">III. B\u00e1n\u00f3czy Jol\u00e1n gyakorlati fogorvostudom\u00e1nyi verseny 2019<\/span><br \/>\n<span style=\"font-size: 12pt\">II. Gy\u0151ztesek Versenye, GC, Dental World 2019<\/span><br \/>\n<span style=\"font-size: 12pt\">XVI. Jules Allemand Trophy 2019-2020<\/span><\/p>\n<p><strong><span style=\"font-size: 12pt\">Nyelvismeret<\/span><\/strong><br \/>\n<span style=\"font-size: 12pt\">magyar<\/span><br \/>\n<span style=\"font-size: 12pt\">angol<\/span><br \/>\n<span style=\"font-size: 12pt\">francia<\/span><\/p>\n<p><span style=\"font-size: 12pt\"><a href=\"https:\/\/m2.mtmt.hu\/gui2\/?type=authors&amp;mode=browse&amp;sel=authors10081113\">Tudom\u00e1nyos k\u00f6zlem\u00e9nyek<\/a><\/span><\/p>\n<p><span style=\"font-size: 10pt\"><em>Az el\u00e9rhet\u0151s\u00e9gi adatok nem haszn\u00e1lhat\u00f3k fel az 1995. \u00e9vi CXIX. t\u00f6rv\u00e9ny szerinti kutat\u00e1s \u00e9s k\u00f6zvetlen \u00fczletszerz\u00e9s c\u00e9lj\u00e1ra.<\/em><\/span><\/p>\n<p>&nbsp;<\/p>\n","protected":false},"excerpt":{"rendered":"<p><a href=\"https:\/\/semmelweis.hu\/fogpotlastan\/files\/2024\/07\/Dr.-Tajti-Peter-scaled.jpg\"><\/a> Tanulm\u00e1nyok, szakk\u00e9pes\u00edt\u00e9s 2025 PhD-fokozatszerz\u00e9s 2023 Fogp\u00f3tl\u00e1stan szakvizsga 2021 PhD-hallgat\u00f3 \u2013 Semmelweis Egyetem Doktori Iskola 2020 Fogorvos diploma \u2013 Semmelweis Egyetem Fogorvostudom\u00e1nyi Kar Szakmai tapasztalat \/ klinikai el\u0151menetel 2024 Fogp\u00f3tl\u00e1stani Klinika \u2013 egyetemi tan\u00e1rseg\u00e9d 2023 Fogp\u00f3tl\u00e1stani Klinika \u2013 klinikai szakorvos 2020 Fogp\u00f3tl\u00e1stani Klinika \u2013 klinikai orvos Tudom\u00e1nyos tev\u00e9kenys\u00e9g PhD-t\u00e9ma: Bioanyagok \u00e9s a protetikai design hat\u00e1sa a &hellip;<\/p>\n","protected":false},"author":101231,"featured_media":0,"parent":9019,"menu_order":1,"comment_status":"closed","ping_status":"closed","template":"","meta":{"_acf_changed":false,"footnotes":""},"categories":[],"tags":[],"class_list":["post-6642","page","type-page","status-publish","hentry"],"acf":[],"_links":{"self":[{"href":"https:\/\/semmelweis.hu\/fogpotlastan\/wp-json\/wp\/v2\/pages\/6642","targetHints":{"allow":["GET"]}}],"collection":[{"href":"https:\/\/semmelweis.hu\/fogpotlastan\/wp-json\/wp\/v2\/pages"}],"about":[{"href":"https:\/\/semmelweis.hu\/fogpotlastan\/wp-json\/wp\/v2\/types\/page"}],"author":[{"embeddable":true,"href":"https:\/\/semmelweis.hu\/fogpotlastan\/wp-json\/wp\/v2\/users\/101231"}],"replies":[{"embeddable":true,"href":"https:\/\/semmelweis.hu\/fogpotlastan\/wp-json\/wp\/v2\/comments?post=6642"}],"version-history":[{"count":10,"href":"https:\/\/semmelweis.hu\/fogpotlastan\/wp-json\/wp\/v2\/pages\/6642\/revisions"}],"predecessor-version":[{"id":9798,"href":"https:\/\/semmelweis.hu\/fogpotlastan\/wp-json\/wp\/v2\/pages\/6642\/revisions\/9798"}],"up":[{"embeddable":true,"href":"https:\/\/semmelweis.hu\/fogpotlastan\/wp-json\/wp\/v2\/pages\/9019"}],"wp:attachment":[{"href":"https:\/\/semmelweis.hu\/fogpotlastan\/wp-json\/wp\/v2\/media?parent=6642"}],"wp:term":[{"taxonomy":"category","embeddable":true,"href":"https:\/\/semmelweis.hu\/fogpotlastan\/wp-json\/wp\/v2\/categories?post=6642"},{"taxonomy":"post_tag","embeddable":true,"href":"https:\/\/semmelweis.hu\/fogpotlastan\/wp-json\/wp\/v2\/tags?post=6642"}],"curies":[{"name":"wp","href":"https:\/\/api.w.org\/{rel}","templated":true}]}}

Dr. Tajti Péter

<p><span style="font-size: 12pt"><strong><a href="https://semmelweis.hu/fogpotlastan/files/2024/07/Dr.-Tajti-Peter-scaled.jpg"><img loading="lazy" decoding="async" class=" wp-image-9154 alignright" src="https://semmelweis.hu/fogpotlastan/files/2024/07/Dr.-Tajti-Peter-267x400.jpg" alt="" width="172" height="258" srcset="https://semmelweis.hu/fogpotlastan/files/2024/07/Dr.-Tajti-Peter-267x400.jpg 267w, https://semmelweis.hu/fogpotlastan/files/2024/07/Dr.-Tajti-Peter-683x1024.jpg 683w, https://semmelweis.hu/fogpotlastan/files/2024/07/Dr.-Tajti-Peter-768x1152.jpg 768w, https://semmelweis.hu/fogpotlastan/files/2024/07/Dr.-Tajti-Peter-1024x1536.jpg 1024w, https://semmelweis.hu/fogpotlastan/files/2024/07/Dr.-Tajti-Peter-1365x2048.jpg 1365w, https://semmelweis.hu/fogpotlastan/files/2024/07/Dr.-Tajti-Peter-753x1130.jpg 753w, https://semmelweis.hu/fogpotlastan/files/2024/07/Dr.-Tajti-Peter-scaled.jpg 1707w" sizes="auto, (max-width: 172px) 100vw, 172px" /></a></strong></span><strong><span style="font-size: 12pt">Tanulmányok, szakképesítés</span></strong><br />
<span style="font-size: 12pt">2025 PhD-fokozatszerzés</span><br />
<span style="font-size: 12pt">2023 Fogpótlástan szakvizsga</span><br />
<span style="font-size: 12pt">2021 PhD-hallgató – Semmelweis Egyetem Doktori Iskola</span><br />
<span style="font-size: 12pt">2020 Fogorvos diploma – Semmelweis Egyetem Fogorvostudományi Kar</span></p>
<p><strong><span style="font-size: 12pt">Szakmai tapasztalat / klinikai előmenetel</span></strong><br />
<span style="font-size: 12pt">2024 Fogpótlástani Klinika – egyetemi tanársegéd</span><br />
<span style="font-size: 12pt">2023 Fogpótlástani Klinika – klinikai szakorvos</span><br />
<span style="font-size: 12pt">2020 Fogpótlástani Klinika – klinikai orvos</span></p>
<p><strong><span style="font-size: 12pt">Tudományos tevékenység</span></strong><br />
<span style="font-size: 12pt">PhD-téma: Bioanyagok és a protetikai design hatása a peri-implantális lágy- és keményszövetek stabilitására</span></p>
<p><span style="font-size: 12pt"><strong>Munkacsoport</strong> <br />
Implantációs Protetika Munkacsoport</span></p>
<p><strong><span style="font-size: 12pt">Előadások / poszterek</span></strong><br />
<span style="font-size: 12pt">DDS Global Congress Casablanca 2023, poszter: Complex rehabilitation of erosive tooth wear with digital workflows<br />
</span><span style="font-size: 12pt">Osteology Symposium Barcelona 2023, poszter: Less marginal bone loss around bone-level implants restored with long abutments: A systematic review and meta-analysis<br />
</span><span style="font-size: 12pt">Semmelweis Symposium 2022, poszter: Monolithic zirconia as a valid alternative to metal-ceramic for implant-supported single crowns in the posterior region: A systematic review and meta-analysis of randomized controlled trials<br />
</span><span style="font-size: 12pt">FAMÉ Konferencia 2019, poszter: BonMaker eljárással előállított sajátfog-csontgraft hatékonyságának hisztológiai értékelése alveolus prezerváció során<br />
</span><span style="font-size: 12pt">OTDK Konferencia 2019: BonMaker eljárással előállított sajátfog-csontgraft hatékonyságának hisztológiai értékelése alveolus prezerváció során<br />
</span><span style="font-size: 12pt">SE TDK Konferencia 2019: BonMaker eljárással előállított sajátfog-csontgraft hatékonyságának hisztológiai értékelése alveolus prezerváció során</span></p>
<p><strong><span style="font-size: 12pt">Szakmai szervezeti tagságok</span></strong><br />
<span style="font-size: 12pt">2020 Gnatológiai Társaság</span><br />
<span style="font-size: 12pt">2020 Magyar Orvosi Kamara, Fogorvosi Tagozat</span></p>
<p><strong><span style="font-size: 12pt">Egyéb</span></strong><br />
<span style="font-size: 12pt">Fogtechnikus oktatás – Semmelweis Egyetem, Bókay János Többcélú Szakképző Intézménye</span><br />
<span style="font-size: 12pt">Manuális versenyek:</span><br />
<span style="font-size: 12pt">III. Bánóczy Jolán gyakorlati fogorvostudományi verseny 2019</span><br />
<span style="font-size: 12pt">II. Győztesek Versenye, GC, Dental World 2019</span><br />
<span style="font-size: 12pt">XVI. Jules Allemand Trophy 2019-2020</span></p>
<p><strong><span style="font-size: 12pt">Nyelvismeret</span></strong><br />
<span style="font-size: 12pt">magyar</span><br />
<span style="font-size: 12pt">angol</span><br />
<span style="font-size: 12pt">francia</span></p>
<p><span style="font-size: 12pt"><a href="https://m2.mtmt.hu/gui2/?type=authors&amp;mode=browse&amp;sel=authors10081113">Tudományos közlemények</a></span></p>
<p><span style="font-size: 10pt"><em>Az elérhetőségi adatok nem használhatók fel az 1995. évi CXIX. törvény szerinti kutatás és közvetlen üzletszerzés céljára.</em></span></p>
<p>&nbsp;</p>

<p><a href="https://semmelweis.hu/fogpotlastan/files/2024/07/Dr.-Tajti-Peter-scaled.jpg"></a> Tanulmányok, szakképesítés 2025 PhD-fokozatszerzés 2023 Fogpótlástan szakvizsga 2021 PhD-hallgató – Semmelweis Egyetem Doktori Iskola 2020 Fogorvos diploma – Semmelweis Egyetem Fogorvostudományi Kar Szakmai tapasztalat / klinikai előmenetel 2024 Fogpótlástani Klinika – egyetemi tanársegéd 2023 Fogpótlástani Klinika – klinikai szakorvos 2020 Fogpótlástani Klinika – klinikai orvos Tudományos tevékenység PhD-téma: Bioanyagok és a protetikai design hatása a &hellip;</p>
