{"id":6610,"date":"2021-01-28T10:34:58","date_gmt":"2021-01-28T09:34:58","guid":{"rendered":"https:\/\/semmelweis.hu\/fogpotlastan\/?page_id=6610"},"modified":"2025-03-14T14:12:27","modified_gmt":"2025-03-14T13:12:27","slug":"dr-hegedus-tamas","status":"publish","type":"page","link":"https:\/\/semmelweis.hu\/fogpotlastan\/munkatarsak-terv\/dr-hegedus-tamas\/","title":{"rendered":"Dr. Heged\u0171s Tam\u00e1s"},"content":{"rendered":"<p><strong><span style=\"font-size: 12pt\">Tanulm\u00e1nyok, szakk\u00e9pes\u00edt\u00e9s<img loading=\"lazy\" decoding=\"async\" class=\" wp-image-7846 alignright\" src=\"https:\/\/semmelweis.hu\/fogpotlastan\/files\/2022\/02\/Dr.-Hegedus-Tamas-320x400.jpg\" alt=\"\" width=\"221\" height=\"276\" srcset=\"https:\/\/semmelweis.hu\/fogpotlastan\/files\/2022\/02\/Dr.-Hegedus-Tamas-320x400.jpg 320w, https:\/\/semmelweis.hu\/fogpotlastan\/files\/2022\/02\/Dr.-Hegedus-Tamas-819x1024.jpg 819w, https:\/\/semmelweis.hu\/fogpotlastan\/files\/2022\/02\/Dr.-Hegedus-Tamas-768x960.jpg 768w, https:\/\/semmelweis.hu\/fogpotlastan\/files\/2022\/02\/Dr.-Hegedus-Tamas-1229x1536.jpg 1229w, https:\/\/semmelweis.hu\/fogpotlastan\/files\/2022\/02\/Dr.-Hegedus-Tamas-1638x2048.jpg 1638w, https:\/\/semmelweis.hu\/fogpotlastan\/files\/2022\/02\/Dr.-Hegedus-Tamas-753x941.jpg 753w, https:\/\/semmelweis.hu\/fogpotlastan\/files\/2022\/02\/Dr.-Hegedus-Tamas-scaled.jpg 2048w\" sizes=\"auto, (max-width: 221px) 100vw, 221px\" \/><br \/>\n<\/span><\/strong><span style=\"font-size: 12pt\">2024 Fogp\u00f3tl\u00e1stan szakvizsga<br \/>\n2020- Semmelweis Egyetem Klinikai Orvostudom\u00e1nyok Doktori Iskola <\/span><br \/>\n<span style=\"font-size: 12pt\">2020 Fogorvos diploma \u2013 Semmelweis Egyetem Fogorvostudom\u00e1nyi Kar<br \/>\n<\/span><br \/>\n<strong><span style=\"font-size: 12pt\">Szakmai tapasztalat \/ klinikai el\u0151menetel<br \/>\n<\/span><\/strong><span style=\"font-size: 12pt\">2024 Fogp\u00f3tl\u00e1stan Klinika \u2013 klinikai szakorvos<\/span><strong><span style=\"font-size: 12pt\"><br \/>\n<\/span><\/strong><span style=\"font-size: 12pt\">2020-2024. Fogp\u00f3tl\u00e1stan Klinika \u2013 klinikai orvos<\/span><br \/>\n<span style=\"font-size: 12pt\"><br \/>\n<strong>Tudom\u00e1nyos tev\u00e9kenys\u00e9g<\/strong><\/span><br \/>\n<span style=\"font-size: 12pt\">munkacsoport: Diab\u00e9teszes fog\u00e1szati munkacsoport<\/span><br \/>\n<span style=\"font-size: 12pt\">PhD: Ciszt\u00e1s fibr\u00f3zisban szenved\u0151 betegek fog\u00e1szati ell\u00e1t\u00e1s\u00e1nak vizsg\u00e1lata<\/span><br \/>\n<span style=\"font-size: 12pt\"><br \/>\n<strong>Szakmai szervezeti tags\u00e1gok<\/strong><\/span><br \/>\n<span style=\"font-size: 12pt\">2020- Magyar Orvosi Kamara Fogorvosi Tagozat<\/span><br \/>\n<span style=\"font-size: 12pt\">2020- Gnatol\u00f3giai T\u00e1rsas\u00e1g<\/span><br \/>\n<span style=\"font-size: 12pt\"><br \/>\n<strong>Nyelvismeret<\/strong><\/span><br \/>\n<span style=\"font-size: 12pt\">magyar &#8211; anyanyelv<\/span><br \/>\n<span style=\"font-size: 12pt\">angol &#8211; k\u00f6z\u00e9pfok<\/span><br \/>\n<span style=\"font-size: 12pt\">francia &#8211; k\u00f6z\u00e9pfok<\/span><br \/>\n<span style=\"font-size: 12pt\">spanyol &#8211; fels\u0151fok<\/span><\/p>\n<p><span style=\"font-size: 12pt\"><a href=\"https:\/\/m2.mtmt.hu\/gui2\/?type=authors&amp;mode=browse&amp;sel=10074124\">Tudom\u00e1nyos k\u00f6zlem\u00e9nyek<\/a><\/p>\n<p><span style=\"font-size: 10pt\"><em>Az el\u00e9rhet\u0151s\u00e9gi adatok nem haszn\u00e1lhat\u00f3k fel az 1995. \u00e9vi CXIX. t\u00f6rv\u00e9ny szerinti kutat\u00e1s \u00e9s k\u00f6zvetlen \u00fczletszerz\u00e9s c\u00e9lj\u00e1ra.<\/em><\/span><br \/>\n<\/span><\/p>\n","protected":false},"excerpt":{"rendered":"<p>Tanulm\u00e1nyok, szakk\u00e9pes\u00edt\u00e9s 2024 Fogp\u00f3tl\u00e1stan szakvizsga 2020- Semmelweis Egyetem Klinikai Orvostudom\u00e1nyok Doktori Iskola 2020 Fogorvos diploma \u2013 Semmelweis Egyetem Fogorvostudom\u00e1nyi Kar Szakmai tapasztalat \/ klinikai el\u0151menetel 2024 Fogp\u00f3tl\u00e1stan Klinika \u2013 klinikai szakorvos 2020-2024. Fogp\u00f3tl\u00e1stan Klinika \u2013 klinikai orvos Tudom\u00e1nyos tev\u00e9kenys\u00e9g munkacsoport: Diab\u00e9teszes fog\u00e1szati munkacsoport PhD: Ciszt\u00e1s fibr\u00f3zisban szenved\u0151 betegek fog\u00e1szati ell\u00e1t\u00e1s\u00e1nak vizsg\u00e1lata Szakmai szervezeti tags\u00e1gok 2020- &hellip;<\/p>\n","protected":false},"author":101231,"featured_media":0,"parent":9019,"menu_order":1,"comment_status":"closed","ping_status":"closed","template":"","meta":{"_acf_changed":false,"footnotes":""},"categories":[],"tags":[],"class_list":["post-6610","page","type-page","status-publish","hentry"],"acf":[],"_links":{"self":[{"href":"https:\/\/semmelweis.hu\/fogpotlastan\/wp-json\/wp\/v2\/pages\/6610","targetHints":{"allow":["GET"]}}],"collection":[{"href":"https:\/\/semmelweis.hu\/fogpotlastan\/wp-json\/wp\/v2\/pages"}],"about":[{"href":"https:\/\/semmelweis.hu\/fogpotlastan\/wp-json\/wp\/v2\/types\/page"}],"author":[{"embeddable":true,"href":"https:\/\/semmelweis.hu\/fogpotlastan\/wp-json\/wp\/v2\/users\/101231"}],"replies":[{"embeddable":true,"href":"https:\/\/semmelweis.hu\/fogpotlastan\/wp-json\/wp\/v2\/comments?post=6610"}],"version-history":[{"count":8,"href":"https:\/\/semmelweis.hu\/fogpotlastan\/wp-json\/wp\/v2\/pages\/6610\/revisions"}],"predecessor-version":[{"id":9501,"href":"https:\/\/semmelweis.hu\/fogpotlastan\/wp-json\/wp\/v2\/pages\/6610\/revisions\/9501"}],"up":[{"embeddable":true,"href":"https:\/\/semmelweis.hu\/fogpotlastan\/wp-json\/wp\/v2\/pages\/9019"}],"wp:attachment":[{"href":"https:\/\/semmelweis.hu\/fogpotlastan\/wp-json\/wp\/v2\/media?parent=6610"}],"wp:term":[{"taxonomy":"category","embeddable":true,"href":"https:\/\/semmelweis.hu\/fogpotlastan\/wp-json\/wp\/v2\/categories?post=6610"},{"taxonomy":"post_tag","embeddable":true,"href":"https:\/\/semmelweis.hu\/fogpotlastan\/wp-json\/wp\/v2\/tags?post=6610"}],"curies":[{"name":"wp","href":"https:\/\/api.w.org\/{rel}","templated":true}]}}