{"id":6244,"date":"2020-08-25T13:51:37","date_gmt":"2020-08-25T11:51:37","guid":{"rendered":"https:\/\/semmelweis.hu\/fogpotlastan\/?page_id=6244"},"modified":"2025-02-25T10:24:27","modified_gmt":"2025-02-25T09:24:27","slug":"omvh-eng","status":"publish","type":"page","link":"https:\/\/semmelweis.hu\/fogpotlastan\/en\/angol\/omvh-eng\/","title":{"rendered":"Opinions of Students"},"content":{"rendered":"<p style=\"text-align: center\">Opinions of Students Regarding the Work of Teachers<\/p>\n<p><strong>2024\/2025 I. Semester<\/strong><\/p>\n<p><a href=\"https:\/\/semmelweis.hu\/fogpotlastan\/files\/2025\/02\/Intezkedesi-terv-angol.pdf\">Action plan 2024\/2025 I<\/a><\/p>\n<p><strong>2022\/2023 II. Semester<\/strong><\/p>\n<p><a href=\"https:\/\/semmelweis.hu\/fogpotlastan\/files\/2023\/09\/Intezkedesi-terv-angol-202223II.pdf\">Action plan 2022\/2023 II<\/a><\/p>\n<p><strong>2022\/2023 I. Semester<\/strong><\/p>\n<p><a href=\"https:\/\/semmelweis.hu\/fogpotlastan\/files\/2023\/03\/Intezkedesi-terv-angol-202223I.pdf\">Action plan 2022\/2023 I<\/a><\/p>\n<p><strong>2021\/2022 I. Semester<\/strong><\/p>\n<p><a href=\"https:\/\/semmelweis.hu\/fogpotlastan\/files\/2022\/03\/Intezkedesi-terv-angol-202122I.pdf\">Action plan 2021\/2022 I<\/a><\/p>\n<p><strong>2020\/2021 II. Semester<\/strong><\/p>\n<p><a href=\"https:\/\/semmelweis.hu\/fogpotlastan\/files\/2021\/09\/Int\u00e9zked\u00e9si-terv-angol-202122I.pdf\">Action plan 2020\/2021 II<\/a><\/p>\n<p><strong>2020\/2021 I. Semester<\/strong><\/p>\n<table style=\"width: 89.7285%;height: 268px\">\n<tbody>\n<tr style=\"height: 30px\">\n<td style=\"text-align: center;height: 30px;width: 25.3414%\" width=\"113\">Creditcode<\/td>\n<td style=\"text-align: center;height: 30px;width: 53.7177%\" width=\"346\">Name of the course<\/td>\n<td style=\"text-align: center;height: 30px;width: 20.7891%\" width=\"138\">Department<\/td>\n<\/tr>\n<tr style=\"height: 57px\">\n<td style=\"width: 25.3414%;height: 10px\">FOKOFPK253_4A<\/td>\n<td style=\"height: 10px;width: 53.7177%\"><a href=\"https:\/\/semmelweis.hu\/fogpotlastan\/files\/2021\/03\/Fogp\u00f3t-IV-EN.pdf\">Prosthodontics IV.<\/a><\/td>\n<td style=\"height: 10px;width: 20.7891%\">Department of Prosthodontics<\/td>\n<\/tr>\n<tr style=\"height: 57px\">\n<td style=\"height: 57px;width: 25.3414%\">FOKOFPK154_1A<\/td>\n<td style=\"height: 57px;width: 53.7177%\"><a href=\"https:\/\/semmelweis.hu\/fogpotlastan\/files\/2021\/03\/Odonto-I-EN.pdf\">Odontotechnology and Prosthodontics Preclinical Course I.<\/a><\/td>\n<td style=\"height: 57px;width: 20.7891%\">Department of Prosthodontics<\/td>\n<\/tr>\n<tr style=\"height: 57px\">\n<td style=\"width: 25.3414%;height: 57px\">FOKOFPK154_3A<\/td>\n<td style=\"height: 57px;width: 53.7177%\"><a href=\"https:\/\/semmelweis.hu\/fogpotlastan\/files\/2021\/03\/Odonto-III-EN.pdf\">Odontotechnology and Prosthodontics Preclinical Course III.<\/a><\/td>\n<td style=\"height: 57px;width: 20.7891%\">Department of Prosthodontics<\/td>\n<\/tr>\n<tr style=\"height: 57px\">\n<td style=\"height: 57px;width: 25.3414%\">FOKOFPK248_1A<\/td>\n<td style=\"height: 57px;width: 53.7177%\"><a href=\"https:\/\/semmelweis.hu\/fogpotlastan\/files\/2021\/03\/Gnatol\u00f3gia-EN.pdf\">Gnathology<\/a><\/td>\n<td style=\"height: 57px;width: 20.7891%\">Department of Prosthodontics<\/td>\n<\/tr>\n<tr style=\"height: 57px\">\n<td style=\"height: 57px;width: 25.3414%\">\u00a0<\/td>\n<td style=\"height: 57px;width: 53.7177%\"><a href=\"https:\/\/semmelweis.hu\/fogpotlastan\/files\/2021\/03\/Klinikai-fog\u00e1szat-I-EN.pdf\">Clinical Dentistry I.<\/a><\/td>\n<td style=\"height: 57px;width: 20.7891%\">Department of Prosthodontics<\/td>\n<\/tr>\n<\/tbody>\n<\/table>\n<p>\n<a href=\"https:\/\/semmelweis.hu\/fogpotlastan\/files\/2020\/08\/Int\u00e9zked\u00e9si-terv-2020.-angol.pdf\">Action plan 2020\/2021 I<\/a><\/p>\n<p>&nbsp;<\/p>\n<p><strong>2019\/2020 II. Semester<\/strong><\/p>\n<table style=\"width: 104.864%;height: 466px\" width=\"772\">\n<tbody>\n<tr style=\"height: 57px\">\n<td style=\"text-align: center;height: 10px\" width=\"113\">Creditcode<\/td>\n<td style=\"text-align: center;height: 10px\" width=\"346\">Name of the course<\/td>\n<td style=\"text-align: center;height: 10px\" width=\"138\">Department<\/td>\n<td style=\"text-align: center;height: 10px\" width=\"175\">OFMSZK TOTAL SCORE<\/td>\n<\/tr>\n<tr style=\"height: 57px\">\n<td style=\"height: 57px\">FOKOFPK017_1A<\/td>\n<td style=\"height: 57px\"><a href=\"https:\/\/semmelweis.hu\/fogpotlastan\/files\/2020\/08\/Fog\u00e1szati-\u00e1ltal\u00e1nos-anyagtan-ENG.pdf\">General Dental Materials<\/a><\/td>\n<td style=\"height: 57px\">Department of Prosthodontics<\/td>\n<td style=\"height: 57px;text-align: center\">-8,5<\/td>\n<\/tr>\n<tr style=\"height: 57px\">\n<td style=\"height: 57px\">FOKOFPK050_1A<\/td>\n<td style=\"height: 57px\"><a href=\"https:\/\/semmelweis.hu\/fogpotlastan\/files\/2020\/08\/Fogp\u00f3tl\u00e1stan-I.-ENG.pdf\">Prosthodontics I.<\/a><\/td>\n<td style=\"height: 57px\">Department of Prosthodontics<\/td>\n<td style=\"height: 57px;text-align: center\">-5<\/td>\n<\/tr>\n<tr style=\"height: 57px\">\n<td style=\"height: 57px\">FOKOFPK154_2A<\/td>\n<td style=\"height: 57px\"><a href=\"https:\/\/semmelweis.hu\/fogpotlastan\/files\/2020\/08\/Odontotechnol\u00f3gia-\u00e9s-Fogp\u00f3tl\u00e1stani-propedeutika-II.-ENG.pdf\">Odontotechnology and Prosthodontics Preclinical course II.<\/a><\/td>\n<td style=\"height: 57px\">Department of Prosthodontics<\/td>\n<td style=\"height: 57px;text-align: center\">-5,5<\/td>\n<\/tr>\n<tr style=\"height: 57px\">\n<td style=\"height: 57px\">FOKOFPK154_3A<\/td>\n<td style=\"height: 57px\"><a href=\"https:\/\/semmelweis.hu\/fogpotlastan\/files\/2020\/08\/Odontotechnol\u00f3gia-\u00e9s-Fogp\u00f3tl\u00e1stani-propedeutika-III.-ENG.pdf\">Odontotechnology and Prosthodontics Preclinical course III.<\/a><\/td>\n<td style=\"height: 57px\">Department of Prosthodontics<\/td>\n<td style=\"height: 57px;text-align: center\">0<\/td>\n<\/tr>\n<tr style=\"height: 57px\">\n<td style=\"height: 57px\">FOKOFPK253_3A<\/td>\n<td style=\"height: 57px\"><a href=\"https:\/\/semmelweis.hu\/fogpotlastan\/files\/2020\/08\/Fogp\u00f3tl\u00e1stan-III.-ENG.pdf\">Prosthodontics III.<\/a><\/td>\n<td style=\"height: 57px\">Department of Prosthodontics<\/td>\n<td style=\"height: 57px;text-align: center\">-4<\/td>\n<\/tr>\n<tr style=\"height: 57px\">\n<td style=\"height: 57px\">FOKOFPK253_5A<\/td>\n<td style=\"height: 57px\"><a href=\"https:\/\/semmelweis.hu\/fogpotlastan\/files\/2020\/08\/Fogp\u00f3tl\u00e1stan-V.-253DE.pdf\">Prosthodontics V.<\/a><\/td>\n<td style=\"height: 57px\">Department of Prosthodontics<\/td>\n<td style=\"height: 57px;text-align: center\">5<\/td>\n<\/tr>\n<tr style=\"height: 57px\">\n<td style=\"height: 57px\">FOKOFPK261_2A<\/td>\n<td style=\"height: 57px\"><a href=\"https:\/\/semmelweis.hu\/fogpotlastan\/files\/2020\/08\/Klinikai-fog\u00e1szat-II.-ENG.pdf\">Clinical Dentistry II.<\/a><\/td>\n<td style=\"height: 57px\">Department of Prosthodontics<\/td>\n<td style=\"height: 57px;text-align: center\">7<\/td>\n<\/tr>\n<tr style=\"height: 57px\">\n<td style=\"height: 57px\">FOSVFPK214_1A<\/td>\n<td style=\"height: 57px\"><a href=\"https:\/\/semmelweis.hu\/fogpotlastan\/files\/2020\/08\/Basic-Restorative-Digital-Dentistry.pdf\">Basic Restorative Digital Dentistry<\/a><\/td>\n<td style=\"height: 57px\">Department of Prosthodontics<\/td>\n<td style=\"height: 57px;text-align: center\">5<\/td>\n<\/tr>\n<\/tbody>\n<\/table>\n<p>&nbsp;<\/p>\n<p>&nbsp;<\/p>\n","protected":false},"excerpt":{"rendered":"<p>Opinions of Students Regarding the Work of Teachers 2024\/2025 I. Semester <a href=\"https:\/\/semmelweis.hu\/fogpotlastan\/files\/2025\/02\/Intezkedesi-terv-angol.pdf\">Action plan 2024\/2025 I<\/a> 2022\/2023 II. Semester <a href=\"https:\/\/semmelweis.hu\/fogpotlastan\/files\/2023\/09\/Intezkedesi-terv-angol-202223II.pdf\">Action plan 2022\/2023 II<\/a> 2022\/2023 I. Semester <a href=\"https:\/\/semmelweis.hu\/fogpotlastan\/files\/2023\/03\/Intezkedesi-terv-angol-202223I.pdf\">Action plan 2022\/2023 I<\/a> 2021\/2022 I. Semester <a href=\"https:\/\/semmelweis.hu\/fogpotlastan\/files\/2022\/03\/Intezkedesi-terv-angol-202122I.pdf\">Action plan 2021\/2022 I<\/a> 2020\/2021 II. Semester <a href=\"https:\/\/semmelweis.hu\/fogpotlastan\/files\/2021\/09\/Int\u00e9zked\u00e9si-terv-angol-202122I.pdf\">Action plan 2020\/2021 II<\/a> 2020\/2021 I. Semester Creditcode Name of the course Department FOKOFPK253_4A <a href=\"https:\/\/semmelweis.hu\/fogpotlastan\/files\/2021\/03\/Fogp\u00f3t-IV-EN.pdf\">Prosthodontics IV.<\/a> Department of Prosthodontics FOKOFPK154_1A <a href=\"https:\/\/semmelweis.hu\/fogpotlastan\/files\/2021\/03\/Odonto-I-EN.pdf\">Odontotechnology and Prosthodontics Preclinical Course I.<\/a> Department of Prosthodontics FOKOFPK154_3A <a href=\"https:\/\/semmelweis.hu\/fogpotlastan\/files\/2021\/03\/Odonto-III-EN.pdf\">Odontotechnology and Prosthodontics Preclinical Course III.<\/a> Department of Prosthodontics FOKOFPK248_1A <a href=\"https:\/\/semmelweis.hu\/fogpotlastan\/files\/2021\/03\/Gnatol\u00f3gia-EN.pdf\">Gnathology<\/a> Department of Prosthodontics \u00a0 <a href=\"https:\/\/semmelweis.hu\/fogpotlastan\/files\/2021\/03\/Klinikai-fog\u00e1szat-I-EN.pdf\">Clinical Dentistry I.<\/a> Department of Prosthodontics <a href=\"https:\/\/semmelweis.hu\/fogpotlastan\/files\/2020\/08\/Int\u00e9zked\u00e9si-terv-2020.-angol.pdf\">Action plan 2020\/2021 I<\/a> &nbsp; 2019\/2020 II. &hellip;<\/p>\n","protected":false},"author":101231,"featured_media":0,"parent":220,"menu_order":8,"comment_status":"closed","ping_status":"closed","template":"","meta":{"_acf_changed":false,"footnotes":""},"categories":[],"tags":[],"class_list":["post-6244","page","type-page","status-publish","hentry"],"acf":[],"_links":{"self":[{"href":"https:\/\/semmelweis.hu\/fogpotlastan\/wp-json\/wp\/v2\/pages\/6244","targetHints":{"allow":["GET"]}}],"collection":[{"href":"https:\/\/semmelweis.hu\/fogpotlastan\/wp-json\/wp\/v2\/pages"}],"about":[{"href":"https:\/\/semmelweis.hu\/fogpotlastan\/wp-json\/wp\/v2\/types\/page"}],"author":[{"embeddable":true,"href":"https:\/\/semmelweis.hu\/fogpotlastan\/wp-json\/wp\/v2\/users\/101231"}],"replies":[{"embeddable":true,"href":"https:\/\/semmelweis.hu\/fogpotlastan\/wp-json\/wp\/v2\/comments?post=6244"}],"version-history":[{"count":10,"href":"https:\/\/semmelweis.hu\/fogpotlastan\/wp-json\/wp\/v2\/pages\/6244\/revisions"}],"predecessor-version":[{"id":9470,"href":"https:\/\/semmelweis.hu\/fogpotlastan\/wp-json\/wp\/v2\/pages\/6244\/revisions\/9470"}],"up":[{"embeddable":true,"href":"https:\/\/semmelweis.hu\/fogpotlastan\/wp-json\/wp\/v2\/pages\/220"}],"wp:attachment":[{"href":"https:\/\/semmelweis.hu\/fogpotlastan\/wp-json\/wp\/v2\/media?parent=6244"}],"wp:term":[{"taxonomy":"category","embeddable":true,"href":"https:\/\/semmelweis.hu\/fogpotlastan\/wp-json\/wp\/v2\/categories?post=6244"},{"taxonomy":"post_tag","embeddable":true,"href":"https:\/\/semmelweis.hu\/fogpotlastan\/wp-json\/wp\/v2\/tags?post=6244"}],"curies":[{"name":"wp","href":"https:\/\/api.w.org\/{rel}","templated":true}]}}