{"id":5023,"date":"2019-02-04T09:38:28","date_gmt":"2019-02-04T08:38:28","guid":{"rendered":"http:\/\/semmelweis.hu\/fogpotlastan\/?page_id=5023"},"modified":"2025-02-28T15:15:40","modified_gmt":"2025-02-28T14:15:40","slug":"diplomarbeit-themen","status":"publish","type":"page","link":"https:\/\/semmelweis.hu\/fogpotlastan\/de\/nemet\/diplomarbeit-themen\/","title":{"rendered":"Diplomarbeit Themen"},"content":{"rendered":"<p style=\"text-align: justify\">Im Folgenden erl\u00e4utern wir das Verfahren f\u00fcr die Erstellung der Diplomarbeit (ab dem akademischen Jahr 2022\/2023, in aufsteigender Abfolge): Vergleichen Sie dazu diese in ungarischer Sprache verfasste Internetseite zum geltenden Fakult\u00e4tsverfahren: <a href=\"https:\/\/semmelweis.hu\/fok\/oktatas\/altalanos-informaciok-a-hallgatok-reszere\/szakdolgozat-2\/\">https:\/\/semmelweis.hu\/fok\/oktatas\/altalanos-informaciok-a-hallgatok-reszere\/szakdolgozat-2\/<\/a><\/p>\n<blockquote class=\"wp-embedded-content\" data-secret=\"LuGEY3qf17\"><p><a href=\"https:\/\/semmelweis.hu\/deutsch\/studium\/unterrichts-und-prufungsordnung\/\">Studien- und Pr\u00fcfungsordnung, Regelungen<\/a><\/p><\/blockquote>\n<p><iframe loading=\"lazy\" class=\"wp-embedded-content\" sandbox=\"allow-scripts\" security=\"restricted\" style=\"position: absolute; clip: rect(1px, 1px, 1px, 1px);\" title=\"&#8222;Studien- und Pr\u00fcfungsordnung, Regelungen&#8220; &#8212; Deutschsprachiges Studium\" src=\"https:\/\/semmelweis.hu\/deutsch\/studium\/unterrichts-und-prufungsordnung\/embed\/#?secret=9UqBY9axDH#?secret=LuGEY3qf17\" data-secret=\"LuGEY3qf17\" width=\"600\" height=\"338\" frameborder=\"0\" marginwidth=\"0\" marginheight=\"0\" scrolling=\"no\"><\/iframe><\/p>\n<p style=\"text-align: justify\">1.) Die\/der Studierende w\u00e4hlt gem\u00e4\u00df dem Verfahren im siebten Semester ein Thema und eine\/einen Betreuerin\/Betreuer. Die Dokumentation der Themenwahl wird von der\/dem\u00a0 Betreuerin\/Betreuer und von der\/dem Studiengangsverantwortlichen unterzeichnet.<\/p>\n<p style=\"text-align: justify\">2.) Im achten Semester erstellt die\/der Studierende bis zum 31. Mai das Inhaltsverzeichnis sowie die dazugeh\u00f6rige Literaturliste und legt beides der\/dem Betreuerin\/Betreuer vor. Er\/sie begutachtet das Material innerhalb von zehn Arbeitstagen und gibt an, welche Kapitel nach dem Zeitplan f\u00fcr die Konsultation 1, welche f\u00fcr die Konsultation 2 und welche f\u00fcr die Konsultation 3 schriftlich zu verfassen sind.<\/p>\n<p style=\"text-align: justify\">3.) Im neunten Semester legt die\/der Studierende bis zum 30. September der\/dem Betreuerin\/Betreuer den kompletten ersten Teil der Diplomarbeit, entsprechend der vorgegebenen ersten Phase, zur Begutachtung vor. Die Begutachtung erfolgt innerhalb von zehn Arbeitstagen.<\/p>\n<p style=\"text-align: justify\">4.) Im neunten Semester legt die\/der Studierende bis zum 31. Oktober der\/dem Betreuerin\/Betreuer den kompletten zweiten Teil der Diplomarbeit und die Korrekturen des ersten Teils zur Begutachtung vor. Die\/der Betreuerin\/Betreuer begutachtet das Material innerhalb von zehn Arbeitstagen.<\/p>\n<p style=\"text-align: justify\">5.) Im neunten Semester legt die\/der Studierende bis zum 30. November der\/dem Betreuerin\/Betreuer den kompletten dritten Teil der Diplomarbeit und die Korrekturen des zweiten Teils zur Begutachtung vor. Die\/der Betreuerin\/Betreuer begutachtet beides innerhalb von zehn Arbeitstagen.<\/p>\n<p style=\"text-align: justify\">6) Die\/der Studierende hat somit zwei Monate Zeit, um vor der Abgabefrist am 15. Februar weitere formale und inhaltliche Korrekturen vorzunehmen.<\/p>\n<p><a href=\"https:\/\/semmelweis.hu\/fogpotlastan\/files\/2025\/02\/Szakdolgokat-cimek-2526-DE.pdf\">Diplomarbeit Thema f\u00fcr das 2025\/2026 Studienjahr<\/a><\/p>\n<table width=\"964\">\n<tbody>\n<tr>\n<td width=\"201\">\n<p>Dr. V\u00e9gh D\u00e1niel<\/p>\n<\/td>\n<td width=\"762\">\n<p>Internationale Fortbildungsm\u00f6glichkeiten im Bereich der Prothetik<\/p>\n<\/td>\n<\/tr>\n<\/tbody>\n<\/table>\n<p>&nbsp;<\/p>\n<p><a href=\"https:\/\/semmelweis.hu\/fogpotlastan\/files\/2024\/01\/Nemet-nyelvu-szakdolgozat-cimek-2024-2025.pdf\">Diplomarbeit Thema f\u00fcr das 2024\/2025 Studienjahr<\/a><\/p>\n<table width=\"964\">\n<tbody>\n<tr>\n<td width=\"201\">\n<p>Dr. Lipt\u00e1k Klaudia<\/p>\n<\/td>\n<td width=\"762\">\n<p>Orale L\u00e4sionen bei Diabetikern mit und ohne Neuropathie<\/p>\n<\/td>\n<\/tr>\n<\/tbody>\n<\/table>\n<p>&nbsp;<\/p>\n<p style=\"text-align: justify\"><a href=\"https:\/\/semmelweis.hu\/fogpotlastan\/files\/2023\/01\/Nemet-nyelvu-szakdolgozat-cimek-2023-2024.pdf\">Diplomarbeit Thema f\u00fcr das 2023\/2024 Studienjahr<\/a><\/p>\n<table width=\"964\">\n<tbody>\n<tr>\n<td width=\"201\">\n<p>Dr. N\u00e9meth Fanni<\/p>\n<\/td>\n<td width=\"762\">\n<p>M\u00f6glichkeiten der protetischen Versorgung der epileptischer Patienten<\/p>\n<\/td>\n<\/tr>\n<tr>\n<td width=\"201\">\n<p>Dr. Somogyi Andrea<\/p>\n<\/td>\n<td width=\"762\">\n<p>Die Entwicklung und Gesichte der Zahnpr\u00e4paration<\/p>\n<\/td>\n<\/tr>\n<\/tbody>\n<\/table>\n<p style=\"text-align: justify\"><strong>\u00a0<\/strong><\/p>\n<p style=\"text-align: justify\"><a href=\"https:\/\/semmelweis.hu\/fogpotlastan\/files\/2022\/01\/Nemet-nyelvu-szakdolgozat-cimek-2022-2023.pdf\">Diplomarbeit Thema f\u00fcr das 2022\/2023 Studienjahr<\/a><\/p>\n<table width=\"964\">\n<tbody>\n<tr>\n<td width=\"201\">\n<p>Dr. Schmidt P\u00e9ter<\/p>\n<\/td>\n<td width=\"762\">\n<p>Kiefergelenkerkrankungen (CMD) in Hinsicht verschiedener medizinischen Disziplinen<\/p>\n<\/td>\n<\/tr>\n<\/tbody>\n<\/table>\n","protected":false},"excerpt":{"rendered":"<p>Im Folgenden erl\u00e4utern wir das Verfahren f\u00fcr die Erstellung der Diplomarbeit (ab dem akademischen Jahr 2022\/2023, in aufsteigender Abfolge): Vergleichen Sie dazu diese in ungarischer Sprache verfasste Internetseite zum geltenden Fakult\u00e4tsverfahren: <a href=\"https:\/\/semmelweis.hu\/fok\/oktatas\/altalanos-informaciok-a-hallgatok-reszere\/szakdolgozat-2\/\">https:\/\/semmelweis.hu\/fok\/oktatas\/altalanos-informaciok-a-hallgatok-reszere\/szakdolgozat-2\/<\/a> <a href=\"https:\/\/semmelweis.hu\/deutsch\/studium\/unterrichts-und-prufungsordnung\/\">Studien- und Pr\u00fcfungsordnung, Regelungen<\/a> 1.) Die\/der Studierende w\u00e4hlt gem\u00e4\u00df dem Verfahren im siebten Semester ein Thema und eine\/einen Betreuerin\/Betreuer. Die Dokumentation der Themenwahl wird von der\/dem\u00a0 Betreuerin\/Betreuer und &hellip;<\/p>\n","protected":false},"author":101231,"featured_media":0,"parent":221,"menu_order":4,"comment_status":"closed","ping_status":"closed","template":"","meta":{"_acf_changed":false,"footnotes":""},"categories":[],"tags":[],"class_list":["post-5023","page","type-page","status-publish","hentry"],"acf":[],"_links":{"self":[{"href":"https:\/\/semmelweis.hu\/fogpotlastan\/wp-json\/wp\/v2\/pages\/5023","targetHints":{"allow":["GET"]}}],"collection":[{"href":"https:\/\/semmelweis.hu\/fogpotlastan\/wp-json\/wp\/v2\/pages"}],"about":[{"href":"https:\/\/semmelweis.hu\/fogpotlastan\/wp-json\/wp\/v2\/types\/page"}],"author":[{"embeddable":true,"href":"https:\/\/semmelweis.hu\/fogpotlastan\/wp-json\/wp\/v2\/users\/101231"}],"replies":[{"embeddable":true,"href":"https:\/\/semmelweis.hu\/fogpotlastan\/wp-json\/wp\/v2\/comments?post=5023"}],"version-history":[{"count":10,"href":"https:\/\/semmelweis.hu\/fogpotlastan\/wp-json\/wp\/v2\/pages\/5023\/revisions"}],"predecessor-version":[{"id":9479,"href":"https:\/\/semmelweis.hu\/fogpotlastan\/wp-json\/wp\/v2\/pages\/5023\/revisions\/9479"}],"up":[{"embeddable":true,"href":"https:\/\/semmelweis.hu\/fogpotlastan\/wp-json\/wp\/v2\/pages\/221"}],"wp:attachment":[{"href":"https:\/\/semmelweis.hu\/fogpotlastan\/wp-json\/wp\/v2\/media?parent=5023"}],"wp:term":[{"taxonomy":"category","embeddable":true,"href":"https:\/\/semmelweis.hu\/fogpotlastan\/wp-json\/wp\/v2\/categories?post=5023"},{"taxonomy":"post_tag","embeddable":true,"href":"https:\/\/semmelweis.hu\/fogpotlastan\/wp-json\/wp\/v2\/tags?post=5023"}],"curies":[{"name":"wp","href":"https:\/\/api.w.org\/{rel}","templated":true}]}}