{"id":4886,"date":"2019-01-30T13:34:34","date_gmt":"2019-01-30T12:34:34","guid":{"rendered":"http:\/\/semmelweis.hu\/fogpotlastan\/?page_id=4886"},"modified":"2026-03-26T14:50:46","modified_gmt":"2026-03-26T13:50:46","slug":"szakdolgozat-cimek","status":"publish","type":"page","link":"https:\/\/semmelweis.hu\/fogpotlastan\/oktatas\/szakdolgozat-cimek\/","title":{"rendered":"Szakdolgozat c\u00edmek"},"content":{"rendered":"<p style=\"text-align: justify\">A szakdolgozat \u00edr\u00e1s\u00e1nak elj\u00e1r\u00e1srendje (a 2022\/2023-as tan\u00e9vt\u0151l felmen\u0151 rendszerben) a k\u00f6vetkez\u0151:<\/p>\n<p style=\"text-align: justify\">Kari hat\u00e1lyos elj\u00e1r\u00e1srend: <a href=\"https:\/\/semmelweis.hu\/fok\/oktatas\/altalanos-informaciok-a-hallgatok-reszere\/szakdolgozat-2\/\">https:\/\/semmelweis.hu\/fok\/oktatas\/altalanos-informaciok-a-hallgatok-reszere\/szakdolgozat-2\/<\/a><\/p>\n<p style=\"text-align: justify\">1.) A hallgat\u00f3 az elj\u00e1r\u00e1srend szerint a 7. f\u00e9l\u00e9vben t\u00e9m\u00e1t \u00e9s konzulenst v\u00e1laszt. A t\u00e9mav\u00e1laszt\u00e1s dokument\u00e1ci\u00f3j\u00e1t a konzulens \u00e9s az \u00e9vfolyamfelel\u0151s al\u00e1\u00edrja.<\/p>\n<p style=\"text-align: justify\">2.) A 8. f\u00e9l\u00e9vben, m\u00e1jus 31-ig a hallgat\u00f3 a tartalomjegyz\u00e9ket \u00e9s a k\u00f6r\u00fclbel\u00fcli irodalomjegyz\u00e9ket \u00f6ssze\u00e1ll\u00edtja \u00e9s bemutatja a t\u00e9mavezet\u0151nek. A konzulens ezt 10 munkanapon bel\u00fcl v\u00e9lem\u00e9nyezi, \u00e9s kijel\u00f6li, hogy az \u00fctemez\u00e9s szerint mely fejezeteket kell az 1., melyeket a 2. \u00e9s melyeket a 3. konzult\u00e1ci\u00f3ra sz\u00f6vegszer\u0171en elk\u00e9sz\u00edteni.<\/p>\n<p style=\"text-align: justify\">3.) A 9. f\u00e9l\u00e9vben, szeptember 30-ig a szakdolgozat el\u0151re meghat\u00e1rozott els\u0151 \u00fctem\u00e9nek megfelel\u0151 r\u00e9sz teljes tartalm\u00e1t a konzulens\u00e9nek beny\u00fajtja a hallgat\u00f3 v\u00e9lem\u00e9nyez\u00e9sre. A v\u00e9lem\u00e9nyez\u00e9s megt\u00f6rt\u00e9nik 10 munkanapon bel\u00fcl.<\/p>\n<p style=\"text-align: justify\">4.) A 9. f\u00e9l\u00e9vben, okt\u00f3ber 31-ig a szakdolgozat el\u0151re meghat\u00e1rozott m\u00e1sodik \u00fctem\u00e9nek megfelel\u0151 r\u00e9sz teljes tartalma, \u00e9s az els\u0151 r\u00e9sz jav\u00edt\u00e1sai lead\u00e1sra ker\u00fclnek a konzulensnek, aki azt 10 munkanapon bel\u00fcl v\u00e9lem\u00e9nyezi.<\/p>\n<p style=\"text-align: justify\">5.) A 9. f\u00e9l\u00e9vben, november 30-ig a szakdolgozat el\u0151re meghat\u00e1rozott harmadik \u00fctem\u00e9nek megfelel\u0151 r\u00e9sz teljes tartalma, \u00e9s a m\u00e1sodik r\u00e9sz jav\u00edt\u00e1sai lead\u00e1sra ker\u00fclnek a konzulensnek, aki azt 10 munkanapon bel\u00fcl v\u00e9lem\u00e9nyezi.<\/p>\n<p style=\"text-align: justify\">6.) \u00cdgy a tov\u00e1bbi formai \u00e9s tartalmi jav\u00edt\u00e1sokra marad 2 h\u00f3napja a hallgat\u00f3nak a febru\u00e1r 15-i lead\u00e1s hat\u00e1rid\u0151ig.<\/p>\n<p><a href=\"https:\/\/semmelweis.hu\/fogpotlastan\/files\/2026\/03\/Magyar-nyelvu-szakdolgozat-cimek-a-20262027.-tanevre.pdf\">Magyar nyelv\u0171 szakdolgozat c\u00edmek a 2026-2027-es tan\u00e9vre<\/a><\/p>\n<table>\n<tbody>\n<tr>\n<td width=\"226\">\n<p>Dr. Borb\u00e9ly Judit<\/p>\n<\/td>\n<td width=\"680\">\n<p>A Trios szoftver mesters\u00e9ges intelligenci\u00e1n alapul\u00f3 megold\u00e1sai<\/p>\n<\/td>\n<\/tr>\n<tr>\n<td width=\"226\">\n<p>Dr. Borb\u00e9ly Judit<\/p>\n<\/td>\n<td width=\"680\">\n<p>Vertik\u00e1lis prepar\u00e1ci\u00f3s technik\u00e1k a modern protetikai ell\u00e1t\u00e1sban<\/p>\n<\/td>\n<\/tr>\n<tr>\n<td width=\"226\">\n<p>Dr. K\u00e1rolyh\u00e1zy Katalin<\/p>\n<\/td>\n<td width=\"680\">\n<p>Parkinson szindr\u00f3m\u00e1ban szenved\u0151 p\u00e1ciensek fog\u00e1szati ell\u00e1totts\u00e1ga<\/p>\n<\/td>\n<\/tr>\n<tr>\n<td width=\"226\">\n<p>Dr. K\u00f6rmendi Szandra<\/p>\n<\/td>\n<td width=\"680\">\n<p>Meghat\u00e1roz\u00f3 fogorvos csal\u00e1dok t\u00f6rt\u00e9nete<\/p>\n<\/td>\n<\/tr>\n<tr>\n<td width=\"226\">\n<p>Dr. Oszl\u00e1nszky Judit<\/p>\n<\/td>\n<td width=\"680\">\n<p>A sz\u00e1j\u00fcregi eg\u00e9szs\u00e9ghez kapcsol\u00f3d\u00f3 \u00e9letmin\u0151s\u00e9g m\u00e9r\u00e9se \u00e9s jelent\u0151s\u00e9ge<\/p>\n<\/td>\n<\/tr>\n<tr>\n<td width=\"226\">\n<p>Dr. Oszl\u00e1nszky Judit<\/p>\n<\/td>\n<td width=\"680\">\n<p>K\u00e9rd\u0151\u00edves \u00e9letmin\u0151s\u00e9g-m\u00e9r\u00e9s elm\u00e9lete \u00e9s gyakorlata a fogorvostudom\u00e1nyban<\/p>\n<\/td>\n<\/tr>\n<tr>\n<td width=\"226\">\n<p>Dr. Tak\u00e1cs Em\u0151ke<\/p>\n<\/td>\n<td width=\"680\">\n<p>Hospitaliz\u00e1lt betegek fog\u00e1pol\u00e1s\u00e1nak fontoss\u00e1ga<\/p>\n<\/td>\n<\/tr>\n<\/tbody>\n<\/table>\n<p>&nbsp;<\/p>\n<p><a href=\"https:\/\/semmelweis.hu\/fogpotlastan\/files\/2025\/02\/Szakdolgozat-cimek-2526-HU.pdf\">Magyar nyelv\u0171 szakdolgozat c\u00edmek a 2025-2026-os tan\u00e9vre<\/a><\/p>\n<p><a href=\"https:\/\/semmelweis.hu\/fogpotlastan\/files\/2025\/07\/2025-26-valasztott-szakdolgozat-cimek_Fogpotlastani-Klinika.pdf\">V\u00e1lasztott szakdolgozat c\u00edmek a 2025\/2026-os tan\u00e9vre<\/a><\/p>\n<table>\n<tbody>\n<tr>\n<td width=\"226\">\n<p>Dr. K\u00e1rolyh\u00e1zy Katalin<\/p>\n<\/td>\n<td width=\"680\">\n<p>Parkinson-k\u00f3rban \u00e9rintett p\u00e1ciensek fog\u00e1szati ell\u00e1t\u00e1sa<\/p>\n<\/td>\n<\/tr>\n<tr>\n<td width=\"226\">\n<p>Dr. K\u00f6rmendi Szandra<\/p>\n<\/td>\n<td width=\"680\">\n<p>A temporomandibul\u00e1ris diszfunkci\u00f3 \u00e9s f\u00e1jdalom modern megk\u00f6zel\u00edt\u00e9se<\/p>\n<\/td>\n<\/tr>\n<tr>\n<td width=\"226\">\n<p>Dr. K\u00f6rmendi Szandra<\/p>\n<\/td>\n<td width=\"680\">\n<p>A r\u00e9szleges lemezes fogp\u00f3tl\u00e1sok meg\u00edt\u00e9l\u00e9se korszer\u0171 anyagok t\u00fckr\u00e9ben<\/p>\n<\/td>\n<\/tr>\n<tr>\n<td width=\"226\">\n<p>Dr. Linninger Mercedes<\/p>\n<\/td>\n<td width=\"680\">\n<p>F\u00e9mek a fog\u00e1szatban. M\u00falt, jelen, j\u00f6v\u0151<\/p>\n<\/td>\n<\/tr>\n<tr>\n<td width=\"226\">\n<p>Dr. Oszl\u00e1nszky Judit<\/p>\n<\/td>\n<td width=\"680\">\n<p>A v\u00e1laszlehet\u0151s\u00e9gek sz\u00e1m\u00e1nak jelent\u0151s\u00e9ge sz\u00e1j\u00fcregi \u00e9letmin\u0151s\u00e9g m\u00e9r\u0151 k\u00e9rd\u0151\u00edvek eset\u00e9n<\/p>\n<\/td>\n<\/tr>\n<tr>\n<td width=\"226\">\n<p>Dr. Oszl\u00e1nszky Judit<\/p>\n<\/td>\n<td width=\"680\">\n<p>Szem\u00e9lyes preferenci\u00e1k m\u00e9r\u00e9se k\u00fcl\u00f6nb\u00f6z\u0151 popul\u00e1ci\u00f3kban a sz\u00e1j\u00fcregi \u00e9letmin\u0151s\u00e9g k\u00fcl\u00f6nb\u00f6z\u0151 dimenzi\u00f3i eset\u00e9n<\/p>\n<\/td>\n<\/tr>\n<tr>\n<td width=\"226\">\n<p>Dr. Oszl\u00e1nszky Judit<\/p>\n<\/td>\n<td width=\"680\">\n<p>Fog\u00e1szati szorong\u00e1si sk\u00e1la (DAS) \u00e9s a sz\u00e1j\u00fcregi \u00e9letmin\u0151s\u00e9g \u00f6sszef\u00fcgg\u00e9sei<\/p>\n<\/td>\n<\/tr>\n<tr>\n<td width=\"226\">\n<p>Dr. Palaszk\u00f3 D\u00e9nes<\/p>\n<\/td>\n<td width=\"680\">\n<p>A fog\u00e1szatban elterjedt\u00a0 3D nyomtat\u00f3k pontoss\u00e1g\u00e1t befoly\u00e1sol\u00f3 t\u00e9nyez\u0151k<\/p>\n<\/td>\n<\/tr>\n<tr>\n<td width=\"226\">\n<p>Dr. Sal\u00e1ta J\u00f3zsef<\/p>\n<\/td>\n<td width=\"680\">\n<p>A fog\u00e1szati ker\u00e1miah\u00e9jak indik\u00e1ci\u00f3ja \u00e9s k\u00e9sz\u00edt\u00e9se<\/p>\n<\/td>\n<\/tr>\n<tr>\n<td width=\"226\">\n<p>Dr. V\u00e9gh D\u00e1niel<\/p>\n<\/td>\n<td width=\"680\">\n<p>Tudom\u00e1nykommunik\u00e1ci\u00f3 a fogorvostudom\u00e1ny ter\u00fclet\u00e9n: kih\u00edv\u00e1sok \u00e9s lehet\u0151s\u00e9gek<\/p>\n<\/td>\n<\/tr>\n<tr>\n<td width=\"226\">\n<p>Dr. V\u00e9gh D\u00e1niel<\/p>\n<\/td>\n<td width=\"680\">\n<p>Ker\u00e1miaimplant\u00e1tumok hossz\u00fa t\u00e1v\u00fa sikeress\u00e9ge \u00e9s protetikai rehabilit\u00e1ci\u00f3ja<\/p>\n<\/td>\n<\/tr>\n<tr>\n<td width=\"226\">\n<p>Dr. Vitai Vikt\u00f3ria<\/p>\n<\/td>\n<td width=\"680\">\n<p>A mesters\u00e9ges intelligencia szerepe a fogp\u00f3tl\u00e1stanban<\/p>\n<\/td>\n<\/tr>\n<tr>\n<td width=\"226\">\n<p>Dr. Vitai Vikt\u00f3ria<\/p>\n<\/td>\n<td width=\"680\">\n<p>Az intraor\u00e1lis szkennerek, mint az ut\u00e1nk\u00f6vet\u00e9s eszk\u00f6zei<\/p>\n<\/td>\n<\/tr>\n<\/tbody>\n<\/table>\n<p>&nbsp;<\/p>\n<p><a href=\"https:\/\/semmelweis.hu\/fogpotlastan\/files\/2024\/01\/Magyar-nyelvu-szakdolgozat-cimek-2024-2025.pdf\">Magyar nyelv\u0171 szakdolgozat c\u00edmek a 2024-2025-\u00f6s tan\u00e9vre<\/a><\/p>\n<table>\n<tbody>\n<tr>\n<td width=\"226\">\n<p>Dr. \u00c1br\u00e1m Emese<\/p>\n<\/td>\n<td width=\"680\">\n<p>CAD\/CAM anyagok, f\u00e9mek 3D nyomtat\u00e1sa<\/p>\n<\/td>\n<\/tr>\n<tr>\n<td width=\"226\">\n<p>Dr. Ambrus Szilvia<\/p>\n<\/td>\n<td width=\"680\">\n<p>TMD alternat\u00edv ter\u00e1pi\u00e1s lehet\u0151s\u00e9gei<\/p>\n<\/td>\n<\/tr>\n<tr>\n<td width=\"226\">\n<p>Dr. Borb\u00e9ly Judit<\/p>\n<\/td>\n<td width=\"680\">\n<p>CAD\/CAM diagnosztikus s\u00ednek (DEFS- CAD\/CAM Diagnostic Esthetic Functional Splint) a protetikai kezel\u00e9si terv eszt\u00e9tikai \u00e9s funkcion\u00e1lis ki\u00e9rt\u00e9kel\u00e9s\u00e9ben<\/p>\n<\/td>\n<\/tr>\n<tr>\n<td width=\"226\">\n<p>Dr. G\u00e9czi Zolt\u00e1n<\/p>\n<\/td>\n<td width=\"680\">\n<p>Nanoanyagok a fogorvosl\u00e1sban<\/p>\n<\/td>\n<\/tr>\n<tr>\n<td width=\"226\">\n<p>Dr. K\u00e1rolyh\u00e1zy Katalin<\/p>\n<\/td>\n<td width=\"680\">\n<p>Cirk\u00f3nium-dioxid hidak tervez\u00e9s\u00e9nek szempontjai<\/p>\n<\/td>\n<\/tr>\n<tr>\n<td width=\"226\">\n<p>Dr. Kisp\u00e9lyi Barbara<\/p>\n<\/td>\n<td width=\"680\">\n<p>Implant\u00e1tum elhorgonyz\u00e1s\u00fa, kivehet\u0151 lemezes fogp\u00f3tl\u00e1sok t\u00edpusai<\/p>\n<\/td>\n<\/tr>\n<tr>\n<td width=\"226\">\n<p>Dr. K\u00f6rmendi Szandra<\/p>\n<\/td>\n<td width=\"680\">\n<p>A digit\u00e1lis axiogr\u00e1fok jelent\u0151s\u00e9ge a fog\u00e1szatban<\/p>\n<\/td>\n<\/tr>\n<tr>\n<td width=\"226\">\n<p>Dr. R\u00f3th Ivett<\/p>\n<\/td>\n<td width=\"680\">\n<p>A sz\u00e1jpadl\u00e1s digitaliz\u00e1l\u00e1s\u00e1nak jelent\u0151s\u00e9ge az intraor\u00e1lis szkennel\u00e9s pontoss\u00e1g\u00e1nak szempontj\u00e1b\u00f3l<\/p>\n<\/td>\n<\/tr>\n<\/tbody>\n<\/table>\n<p>&nbsp;<\/p>\n<p><a href=\"https:\/\/semmelweis.hu\/fogpotlastan\/files\/2023\/01\/Magyar-nyelvu-szakdolgozat-cimek-2023-2024.pdf\">Magyar nyelv\u0171 szakdolgozat c\u00edmek a 2023\/2024-es tan\u00e9vre<\/a><\/p>\n<table>\n<tbody>\n<tr>\n<td width=\"226\">\n<p>Dr. Ambrus Szilvia<\/p>\n<\/td>\n<td width=\"680\">\n<p>TMD alternat\u00edv ter\u00e1pi\u00e1s lehet\u0151s\u00e9gei<\/p>\n<\/td>\n<\/tr>\n<tr>\n<td width=\"226\">\n<p>Dr. Borb\u00e9ly Judit<\/p>\n<\/td>\n<td width=\"680\">\n<p>CAD\/CAM \u00a0diagnosztikus s\u00ednek (DEFS- CAD\/CAM Diagnostic Esthetic Functional Splint) a protetikai kezel\u00e9si terv\u00a0eszt\u00e9tikai \u00e9s funkcion\u00e1lis\u00a0ki\u00e9rt\u00e9kel\u00e9s\u00e9ben\u00a0<\/p>\n<\/td>\n<\/tr>\n<tr>\n<td width=\"226\">\n<p>Dr. J\u00e1sz M\u00e1t\u00e9<\/p>\n<\/td>\n<td width=\"680\">\n<p>CR meghat\u00e1roz\u00e1s\u00e1ra haszn\u00e1lt m\u00f3dszerek \u00f6sszevet\u00e9se<\/p>\n<\/td>\n<\/tr>\n<tr>\n<td width=\"226\">\n<p>Dr. Jo\u00f3s-Kov\u00e1cs Gell\u00e9rt<\/p>\n<\/td>\n<td width=\"680\">\n<p>CEREC rendszerrel k\u00e9sz\u00edthet\u0151 ideiglenes fogp\u00f3tl\u00e1sok<\/p>\n<\/td>\n<\/tr>\n<tr>\n<td width=\"226\">\n<p>Dr. Kisp\u00e9lyi Barbara<\/p>\n<\/td>\n<td width=\"680\">\n<p>Implant\u00e1tum elhorgonyz\u00e1s\u00fa, kivehet\u0151 lemezes fogp\u00f3tl\u00e1sok t\u00edpusai<\/p>\n<\/td>\n<\/tr>\n<tr>\n<td width=\"226\">\n<p>Dr. K\u00f6rmendi Szandra<\/p>\n<\/td>\n<td width=\"680\">\n<p>A rejtett elhorgonyz\u00e1si eszk\u00f6z\u00f6k m\u00faltja \u00e9s j\u00f6v\u0151je<\/p>\n<\/td>\n<\/tr>\n<tr>\n<td width=\"226\">\n<p>Dr. K\u00f6nig J\u00e1nos<\/p>\n<\/td>\n<td width=\"680\">\n<p>Helyre\u00e1ll\u00edt\u00f3 protetikai ell\u00e1t\u00e1s szervez\u00e9se Magyarorsz\u00e1gon \u00e9s k\u00fclf\u00f6ld\u00f6n<\/p>\n<\/td>\n<\/tr>\n<tr>\n<td width=\"226\">\n<p>Dr. K\u00e1rolyh\u00e1zy Katalin<\/p>\n<\/td>\n<td width=\"680\">\n<p>Cirk\u00f3nium-dioxid hidak tervez\u00e9s\u00e9nek szempontjai<\/p>\n<\/td>\n<\/tr>\n<tr>\n<td width=\"226\">\n<p>Dr. R\u00f3th Ivett<\/p>\n<\/td>\n<td width=\"680\">\n<p>Intaror\u00e1lis szkennerek tanul\u00e1si g\u00f6rb\u00e9j\u00e9nek vizsg\u00e1lata<\/p>\n<\/td>\n<\/tr>\n<tr>\n<td width=\"226\">\n<p>Dr. R\u00f3th Ivett<\/p>\n<\/td>\n<td width=\"680\">\n<p>Intraor\u00e1lis szkennerek ergon\u00f3miai param\u00e9tereinek jelent\u0151s\u00e9ge a digit\u00e1lis lenyomatv\u00e9telben<\/p>\n<\/td>\n<\/tr>\n<\/tbody>\n<\/table>\n<p>&nbsp;<\/p>\n<p><a href=\"https:\/\/semmelweis.hu\/fogpotlastan\/files\/2022\/01\/Magyar-nyelvu-szakdolgozat-cimek-2022-2023.pdf\">Magyar nyelv\u0171 szakdolgozat c\u00edmek a 2022\/2023-as tan\u00e9vben<\/a><\/p>\n<table>\n<tbody>\n<tr>\n<td width=\"226\">\n<p>Dr. Berze Ildik\u00f3<\/p>\n<\/td>\n<td width=\"680\">\n<p>A dent\u00e1lis er\u00f3zi\u00f3 in vivo vizsg\u00e1lata, k\u00fcl\u00f6n\u00f6s tekintettel a GERD popul\u00e1ci\u00f3ra<\/p>\n<\/td>\n<\/tr>\n<tr>\n<td width=\"226\">\n<p>Dr. Borb\u00e9ly Judit<\/p>\n<\/td>\n<td width=\"680\">\n<p>Computer Aided Maunfacturing: mar\u00e1s \u00e9s 3D nyomtat\u00e1s \u00f6sszehasonl\u00edt\u00e1sa<\/p>\n<\/td>\n<\/tr>\n<tr>\n<td width=\"226\">\n<p>Dr. Jo\u00f3s-Kov\u00e1cs Gell\u00e9rt<\/p>\n<\/td>\n<td width=\"680\">\n<p>Az intraor\u00e1lis szkennerekkel sz\u00e9k mellett k\u00e9sz\u00edtett fogp\u00f3tl\u00e1sok pontoss\u00e1ga<\/p>\n<\/td>\n<\/tr>\n<tr>\n<td width=\"226\">\n<p>Dr. Kisp\u00e9lyi Barbara<\/p>\n<\/td>\n<td width=\"680\">\n<p>Implant\u00e1tum elhorgonyz\u00e1s\u00fa, kivehet\u0151 lemezes fogp\u00f3tl\u00e1sok t\u00edpusai<\/p>\n<\/td>\n<\/tr>\n<tr>\n<td width=\"226\">\n<p>Dr. K\u00f6rmendi Szandra<\/p>\n<\/td>\n<td width=\"680\">\n<p>A rejtett elhorgonyz\u00e1si eszk\u00f6z\u00f6k m\u00faltja \u00e9s j\u00f6v\u0151je<\/p>\n<\/td>\n<\/tr>\n<tr>\n<td width=\"226\">\n<p>Dr. K\u00f6nig J\u00e1nos<\/p>\n<\/td>\n<td width=\"680\">\n<p>Helyre\u00e1ll\u00edt\u00f3 protetikai ell\u00e1t\u00e1s szervez\u00e9se Magyarorsz\u00e1gon \u00e9s k\u00fclf\u00f6ld\u00f6n<\/p>\n<\/td>\n<\/tr>\n<tr>\n<td width=\"226\">\n<p>Dr. Laki-Czigola Alexandra<\/p>\n<\/td>\n<td width=\"680\">\n<p>Monolitikus ker\u00e1mia fogp\u00f3tl\u00e1sok eszt\u00e9tik\u00e1ja<\/p>\n<\/td>\n<\/tr>\n<tr>\n<td width=\"226\">\n<p>Dr. Linninger Mercedes<\/p>\n<\/td>\n<td width=\"680\">\n<p>Az eg\u00e9szs\u00e9g\u00fcgyi tev\u00e9kenys\u00e9g rekl\u00e1moz\u00e1s\u00e1nak lehet\u0151s\u00e9gei haz\u00e1nkban, \u00f6sszehasonl\u00edtva m\u00e1s eur\u00f3pai orsz\u00e1gokkal<\/p>\n<\/td>\n<\/tr>\n<\/tbody>\n<\/table>\n<p>&nbsp;<\/p>\n","protected":false},"excerpt":{"rendered":"<p>A szakdolgozat \u00edr\u00e1s\u00e1nak elj\u00e1r\u00e1srendje (a 2022\/2023-as tan\u00e9vt\u0151l felmen\u0151 rendszerben) a k\u00f6vetkez\u0151: Kari hat\u00e1lyos elj\u00e1r\u00e1srend: <a href=\"https:\/\/semmelweis.hu\/fok\/oktatas\/altalanos-informaciok-a-hallgatok-reszere\/szakdolgozat-2\/\">https:\/\/semmelweis.hu\/fok\/oktatas\/altalanos-informaciok-a-hallgatok-reszere\/szakdolgozat-2\/<\/a> 1.) A hallgat\u00f3 az elj\u00e1r\u00e1srend szerint a 7. f\u00e9l\u00e9vben t\u00e9m\u00e1t \u00e9s konzulenst v\u00e1laszt. A t\u00e9mav\u00e1laszt\u00e1s dokument\u00e1ci\u00f3j\u00e1t a konzulens \u00e9s az \u00e9vfolyamfelel\u0151s al\u00e1\u00edrja. 2.) A 8. f\u00e9l\u00e9vben, m\u00e1jus 31-ig a hallgat\u00f3 a tartalomjegyz\u00e9ket \u00e9s a k\u00f6r\u00fclbel\u00fcli irodalomjegyz\u00e9ket \u00f6ssze\u00e1ll\u00edtja \u00e9s bemutatja a t\u00e9mavezet\u0151nek. &hellip;<\/p>\n","protected":false},"author":101231,"featured_media":0,"parent":8,"menu_order":4,"comment_status":"closed","ping_status":"closed","template":"","meta":{"_acf_changed":false,"footnotes":""},"categories":[],"tags":[],"class_list":["post-4886","page","type-page","status-publish","hentry"],"acf":[],"_links":{"self":[{"href":"https:\/\/semmelweis.hu\/fogpotlastan\/wp-json\/wp\/v2\/pages\/4886","targetHints":{"allow":["GET"]}}],"collection":[{"href":"https:\/\/semmelweis.hu\/fogpotlastan\/wp-json\/wp\/v2\/pages"}],"about":[{"href":"https:\/\/semmelweis.hu\/fogpotlastan\/wp-json\/wp\/v2\/types\/page"}],"author":[{"embeddable":true,"href":"https:\/\/semmelweis.hu\/fogpotlastan\/wp-json\/wp\/v2\/users\/101231"}],"replies":[{"embeddable":true,"href":"https:\/\/semmelweis.hu\/fogpotlastan\/wp-json\/wp\/v2\/comments?post=4886"}],"version-history":[{"count":10,"href":"https:\/\/semmelweis.hu\/fogpotlastan\/wp-json\/wp\/v2\/pages\/4886\/revisions"}],"predecessor-version":[{"id":9973,"href":"https:\/\/semmelweis.hu\/fogpotlastan\/wp-json\/wp\/v2\/pages\/4886\/revisions\/9973"}],"up":[{"embeddable":true,"href":"https:\/\/semmelweis.hu\/fogpotlastan\/wp-json\/wp\/v2\/pages\/8"}],"wp:attachment":[{"href":"https:\/\/semmelweis.hu\/fogpotlastan\/wp-json\/wp\/v2\/media?parent=4886"}],"wp:term":[{"taxonomy":"category","embeddable":true,"href":"https:\/\/semmelweis.hu\/fogpotlastan\/wp-json\/wp\/v2\/categories?post=4886"},{"taxonomy":"post_tag","embeddable":true,"href":"https:\/\/semmelweis.hu\/fogpotlastan\/wp-json\/wp\/v2\/tags?post=4886"}],"curies":[{"name":"wp","href":"https:\/\/api.w.org\/{rel}","templated":true}]}}