{"id":4886,"date":"2019-01-30T13:34:34","date_gmt":"2019-01-30T12:34:34","guid":{"rendered":"http:\/\/semmelweis.hu\/fogpotlastan\/?page_id=4886"},"modified":"2026-08-25T13:21:03","modified_gmt":"2026-08-25T11:21:03","slug":"szakdolgozat-cimek","status":"publish","type":"page","link":"https:\/\/semmelweis.hu\/fogpotlastan\/oktatas\/szakdolgozat-cimek\/","title":{"rendered":"Szakdolgozat c\u00edmek"},"content":{"rendered":"<p style=\"text-align: justify\">Fogorvostudom\u00e1nyi Kar D\u00e9k\u00e1ni Hivatal &#8211; <a href=\"https:\/\/semmelweis.hu\/fok\/oktatas\/altalanos-informaciok-a-hallgatok-reszere\/szakdolgozat-2\/\">Szakdolgozat<\/a><\/p>\n<p><a href=\"https:\/\/semmelweis.hu\/fogpotlastan\/files\/2026\/03\/Magyar-nyelvu-szakdolgozat-cimek-a-20262027.-tanevre.pdf\">Magyar nyelv\u0171 szakdolgozat c\u00edmek a 2026-2027-es tan\u00e9vre<\/a><\/p>\n<table>\n<tbody>\n<tr>\n<td width=\"226\">\n<p>Dr. Borb\u00e9ly Judit<\/p>\n<\/td>\n<td width=\"680\">\n<p>A Trios szoftver mesters\u00e9ges intelligenci\u00e1n alapul\u00f3 megold\u00e1sai<\/p>\n<\/td>\n<\/tr>\n<tr>\n<td width=\"226\">\n<p>Dr. Borb\u00e9ly Judit<\/p>\n<\/td>\n<td width=\"680\">\n<p>Vertik\u00e1lis prepar\u00e1ci\u00f3s technik\u00e1k a modern protetikai ell\u00e1t\u00e1sban<\/p>\n<\/td>\n<\/tr>\n<tr>\n<td width=\"226\">\n<p>Dr. K\u00e1rolyh\u00e1zy Katalin<\/p>\n<\/td>\n<td width=\"680\">\n<p>Parkinson szindr\u00f3m\u00e1ban szenved\u0151 p\u00e1ciensek fog\u00e1szati ell\u00e1totts\u00e1ga<\/p>\n<\/td>\n<\/tr>\n<tr>\n<td width=\"226\">\n<p>Dr. K\u00f6rmendi Szandra<\/p>\n<\/td>\n<td width=\"680\">\n<p>Meghat\u00e1roz\u00f3 fogorvos csal\u00e1dok t\u00f6rt\u00e9nete<\/p>\n<\/td>\n<\/tr>\n<tr>\n<td width=\"226\">\n<p>Dr. Oszl\u00e1nszky Judit<\/p>\n<\/td>\n<td width=\"680\">\n<p>A sz\u00e1j\u00fcregi eg\u00e9szs\u00e9ghez kapcsol\u00f3d\u00f3 \u00e9letmin\u0151s\u00e9g m\u00e9r\u00e9se \u00e9s jelent\u0151s\u00e9ge<\/p>\n<\/td>\n<\/tr>\n<tr>\n<td width=\"226\">\n<p>Dr. Oszl\u00e1nszky Judit<\/p>\n<\/td>\n<td width=\"680\">\n<p>K\u00e9rd\u0151\u00edves \u00e9letmin\u0151s\u00e9g-m\u00e9r\u00e9s elm\u00e9lete \u00e9s gyakorlata a fogorvostudom\u00e1nyban<\/p>\n<\/td>\n<\/tr>\n<tr>\n<td width=\"226\">\n<p>Dr. Tak\u00e1cs Em\u0151ke<\/p>\n<\/td>\n<td width=\"680\">\n<p>Hospitaliz\u00e1lt betegek fog\u00e1pol\u00e1s\u00e1nak fontoss\u00e1ga<\/p>\n<\/td>\n<\/tr>\n<\/tbody>\n<\/table>\n<p>&nbsp;<\/p>\n<p>&nbsp;<\/p>\n","protected":false},"excerpt":{"rendered":"<p>Fogorvostudom\u00e1nyi Kar D\u00e9k\u00e1ni Hivatal &#8211; <a href=\"https:\/\/semmelweis.hu\/fok\/oktatas\/altalanos-informaciok-a-hallgatok-reszere\/szakdolgozat-2\/\">Szakdolgozat<\/a> <a href=\"https:\/\/semmelweis.hu\/fogpotlastan\/files\/2026\/03\/Magyar-nyelvu-szakdolgozat-cimek-a-20262027.-tanevre.pdf\">Magyar nyelv\u0171 szakdolgozat c\u00edmek a 2026-2027-es tan\u00e9vre<\/a> Dr. Borb\u00e9ly Judit A Trios szoftver mesters\u00e9ges intelligenci\u00e1n alapul\u00f3 megold\u00e1sai Dr. Borb\u00e9ly Judit Vertik\u00e1lis prepar\u00e1ci\u00f3s technik\u00e1k a modern protetikai ell\u00e1t\u00e1sban Dr. K\u00e1rolyh\u00e1zy Katalin Parkinson szindr\u00f3m\u00e1ban szenved\u0151 p\u00e1ciensek fog\u00e1szati ell\u00e1totts\u00e1ga Dr. K\u00f6rmendi Szandra Meghat\u00e1roz\u00f3 fogorvos csal\u00e1dok t\u00f6rt\u00e9nete Dr. Oszl\u00e1nszky Judit A sz\u00e1j\u00fcregi eg\u00e9szs\u00e9ghez kapcsol\u00f3d\u00f3 \u00e9letmin\u0151s\u00e9g m\u00e9r\u00e9se \u00e9s jelent\u0151s\u00e9ge Dr. Oszl\u00e1nszky Judit &hellip;<\/p>\n","protected":false},"author":101231,"featured_media":0,"parent":8,"menu_order":4,"comment_status":"closed","ping_status":"closed","template":"","meta":{"_acf_changed":false,"footnotes":""},"categories":[],"tags":[],"class_list":["post-4886","page","type-page","status-publish","hentry"],"acf":[],"_links":{"self":[{"href":"https:\/\/semmelweis.hu\/fogpotlastan\/wp-json\/wp\/v2\/pages\/4886","targetHints":{"allow":["GET"]}}],"collection":[{"href":"https:\/\/semmelweis.hu\/fogpotlastan\/wp-json\/wp\/v2\/pages"}],"about":[{"href":"https:\/\/semmelweis.hu\/fogpotlastan\/wp-json\/wp\/v2\/types\/page"}],"author":[{"embeddable":true,"href":"https:\/\/semmelweis.hu\/fogpotlastan\/wp-json\/wp\/v2\/users\/101231"}],"replies":[{"embeddable":true,"href":"https:\/\/semmelweis.hu\/fogpotlastan\/wp-json\/wp\/v2\/comments?post=4886"}],"version-history":[{"count":10,"href":"https:\/\/semmelweis.hu\/fogpotlastan\/wp-json\/wp\/v2\/pages\/4886\/revisions"}],"predecessor-version":[{"id":10022,"href":"https:\/\/semmelweis.hu\/fogpotlastan\/wp-json\/wp\/v2\/pages\/4886\/revisions\/10022"}],"up":[{"embeddable":true,"href":"https:\/\/semmelweis.hu\/fogpotlastan\/wp-json\/wp\/v2\/pages\/8"}],"wp:attachment":[{"href":"https:\/\/semmelweis.hu\/fogpotlastan\/wp-json\/wp\/v2\/media?parent=4886"}],"wp:term":[{"taxonomy":"category","embeddable":true,"href":"https:\/\/semmelweis.hu\/fogpotlastan\/wp-json\/wp\/v2\/categories?post=4886"},{"taxonomy":"post_tag","embeddable":true,"href":"https:\/\/semmelweis.hu\/fogpotlastan\/wp-json\/wp\/v2\/tags?post=4886"}],"curies":[{"name":"wp","href":"https:\/\/api.w.org\/{rel}","templated":true}]}}

Szakdolgozat címek

<p style="text-align: justify">Fogorvostudományi Kar Dékáni Hivatal &#8211; <a href="https://semmelweis.hu/fok/oktatas/altalanos-informaciok-a-hallgatok-reszere/szakdolgozat-2/">Szakdolgozat</a></p>
<p><a href="https://semmelweis.hu/fogpotlastan/files/2026/03/Magyar-nyelvu-szakdolgozat-cimek-a-20262027.-tanevre.pdf">Magyar nyelvű szakdolgozat címek a 2026-2027-es tanévre</a></p>
<table>
<tbody>
<tr>
<td width="226">
<p>Dr. Borbély Judit</p>
</td>
<td width="680">
<p>A Trios szoftver mesterséges intelligencián alapuló megoldásai</p>
</td>
</tr>
<tr>
<td width="226">
<p>Dr. Borbély Judit</p>
</td>
<td width="680">
<p>Vertikális preparációs technikák a modern protetikai ellátásban</p>
</td>
</tr>
<tr>
<td width="226">
<p>Dr. Károlyházy Katalin</p>
</td>
<td width="680">
<p>Parkinson szindrómában szenvedő páciensek fogászati ellátottsága</p>
</td>
</tr>
<tr>
<td width="226">
<p>Dr. Körmendi Szandra</p>
</td>
<td width="680">
<p>Meghatározó fogorvos családok története</p>
</td>
</tr>
<tr>
<td width="226">
<p>Dr. Oszlánszky Judit</p>
</td>
<td width="680">
<p>A szájüregi egészséghez kapcsolódó életminőség mérése és jelentősége</p>
</td>
</tr>
<tr>
<td width="226">
<p>Dr. Oszlánszky Judit</p>
</td>
<td width="680">
<p>Kérdőíves életminőség-mérés elmélete és gyakorlata a fogorvostudományban</p>
</td>
</tr>
<tr>
<td width="226">
<p>Dr. Takács Emőke</p>
</td>
<td width="680">
<p>Hospitalizált betegek fogápolásának fontossága</p>
</td>
</tr>
</tbody>
</table>
<p>&nbsp;</p>
<p>&nbsp;</p>

<p>Fogorvostudományi Kar Dékáni Hivatal &#8211; <a href="https://semmelweis.hu/fok/oktatas/altalanos-informaciok-a-hallgatok-reszere/szakdolgozat-2/">Szakdolgozat</a> <a href="https://semmelweis.hu/fogpotlastan/files/2026/03/Magyar-nyelvu-szakdolgozat-cimek-a-20262027.-tanevre.pdf">Magyar nyelvű szakdolgozat címek a 2026-2027-es tanévre</a> Dr. Borbély Judit A Trios szoftver mesterséges intelligencián alapuló megoldásai Dr. Borbély Judit Vertikális preparációs technikák a modern protetikai ellátásban Dr. Károlyházy Katalin Parkinson szindrómában szenvedő páciensek fogászati ellátottsága Dr. Körmendi Szandra Meghatározó fogorvos családok története Dr. Oszlánszky Judit A szájüregi egészséghez kapcsolódó életminőség mérése és jelentősége Dr. Oszlánszky Judit &hellip;</p>
