{"id":4358,"date":"2018-12-01T13:49:14","date_gmt":"2018-12-01T12:49:14","guid":{"rendered":"http:\/\/semmelweis.hu\/fogpotlastan\/?page_id=4358"},"modified":"2026-02-09T08:12:26","modified_gmt":"2026-02-09T07:12:26","slug":"implantacios-protetika-munkacsoport","status":"publish","type":"page","link":"https:\/\/semmelweis.hu\/fogpotlastan\/kutatas\/munkacsoportok\/implantacios-protetika-munkacsoport\/","title":{"rendered":"Implant\u00e1ci\u00f3s-protetika munkacsoport"},"content":{"rendered":"<p>A munkacsoport vezet\u0151i: <br \/>\n\u27a2 <strong>Dr. Mikul\u00e1s Krisztina<\/strong> <br \/>\n\u27a2 <strong>Dr. K\u00e1d\u00e1r L\u00e1szl\u00f3<\/strong><\/p>\n<p style=\"text-align: justify\">Az implant\u00e1ci\u00f3s-protetikai munkacsoport f\u0151 tev\u00e9kenys\u00e9ge implant\u00e1tum elhorgonyz\u00e1s\u00fa \u00e9s megt\u00e1maszt\u00e1s\u00fa fogp\u00f3tl\u00e1sok k\u00e9sz\u00edt\u00e9se, valamint implant\u00e1ci\u00f3s fogp\u00f3tl\u00e1sok k\u00e9sz\u00edt\u00e9se digit\u00e1lis tervez\u00e9ssel \u00e9s CAD\/CAM technol\u00f3gi\u00e1val.<\/p>\n<p style=\"text-align: justify\">A munkacsoport tagjai: <br \/>\n\u27a2 Prof. Dr. Hermann P\u00e9ter<br \/>\n\u27a2 Dr. Kisp\u00e9lyi Barbara<br \/>\n\u27a2 Prof. Dr. Borb\u00e9ly Judit<br \/>\n\u27a2 Dr. \u00c1br\u00e1m Emese<br \/>\n\u27a2 Dr. Berze Ildik\u00f3<br \/>\n\u27a2 Dr. Czigola Alexandra<br \/>\n\u27a2 Dr. D\u00e9ri Tam\u00e1s<br \/>\n\u27a2 Dr. Dank\u00f3 Mariann<br \/>\n\u27a2 Dr. K\u00f6nig J\u00e1nos<br \/>\n\u27a2 Dr. K\u00f6rmendi Szandra<br \/>\n\u27a2 Dr. Mikola \u00c9va<br \/>\n\u27a2 Dr. Nagy Zsanett<br \/>\n\u27a2 Dr. N\u00e9meth Fanni<br \/>\n\u27a2 Dr. Tak\u00e1cs Em\u0151ke<br \/>\n\u27a2 Dr. T\u00f3th Vikt\u00f3ria<br \/>\n\u27a2 Dr. T\u00f6r\u00f6k Gr\u00e9ta<\/p>\n<p style=\"text-align: justify\">Tudom\u00e1nyos tev\u00e9kenys\u00e9g:<br \/>\n\u25cf Milyen protetikai t\u00e9nyez\u0151k hatnak az implant\u00e1ci\u00f3s fogp\u00f3tl\u00e1s hossz\u00fa t\u00e1v\u00fa stabilit\u00e1s\u00e1ra?<br \/>\n\u25cf Cement \u00e9s csavar r\u00f6gz\u00edt\u00e9s\u0171 implant\u00e1tum elhorgonyz\u00e1s\u00fa fogp\u00f3tl\u00e1sok hossz\u00fa t\u00e1v\u00fa k\u00f6vet\u00e9se<br \/>\n\u25cf Digit\u00e1lis versus klasszikus \u00faton k\u00e9sz\u00fcl\u0151 implant\u00e1ci\u00f3s fogp\u00f3tl\u00e1sok k\u00f6vet\u00e9se<br \/>\n\u25cf Az individualiz\u00e1lt CAD\/CAM gy\u00f3gyul\u00e1si csavar \u00e9s az ideiglenes restaur\u00e1ci\u00f3 szerepe az ide\u00e1lis emergencia profil kialak\u00edt\u00e1s\u00e1ban az eszt\u00e9tikai z\u00f3n\u00e1ban, protetikai l\u00e1gyr\u00e9sz management<br \/>\n\u25cf Az egyedileg kialak\u00edtott implant\u00e1tumfej design \u00e9s az emergencia profil kapcsolata<br \/>\n\u25cf Ti \u00e9s ZrO 2 fejek eszt\u00e9tikai meg\u00edt\u00e9l\u00e9se l\u00edtium-diszilik\u00e1t full contour-, cut-back technik\u00e1val k\u00e9sz\u00fclt, cirk\u00f3nium-dioxid alap\u00fa ill. f\u00f6ldp\u00e1t alap\u00fa ker\u00e1mia restaur\u00e1ci\u00f3k eset\u00e9n, figyelembe v\u00e9ve a periimplantaris mucosa sz\u00e9less\u00e9g\u00e9t \u00e9s vastags\u00e1g\u00e1t. A restaur\u00e1ci\u00f3k hossz\u00fa t\u00e1v\u00fa k\u00f6vet\u00e9se.<\/p>\n<p style=\"text-align: justify\">Publik\u00e1ci\u00f3k list\u00e1ja:<br \/>\n\u25cf Mikulas K. Complex prosthodontic therapy after elimination of tumors in the maxillofacial region and treatment of patients with combined cleft lip and palate. Special case reports with short- and long-term aftercare. 2012 j\u00fanius: 14th INTERNATIONAL CONFERENCE &amp;quot;Dental Engineering &#8211; Biomaterials&amp;quot; Ustro\u0144 -POLAND : megh\u00edvott el\u0151ad\u00f3<br \/>\n\u25cf Mikulas K, Bogdan S , Windisch P , Hermann P , Molnar B. Implant therapy and reconstruction of lost hard- and soft tissues in the atrophic mandible: a case report Mikul\u00e1s K, Hermann P, Gera I, Koml\u00f3di T , Horv\u00e1th G, Ambrus A , Tretter L . Triethylene glycol dimethacrylate impairs bioenergetic functions and induces oxidative stress in mitochondria via inhibiting respiratory Complex I. Dent Mater. 2018 Jul;34(7):e166-e181. doi: 10.1016\/j.dental.2018.03.012. Epub 2018 Apr 16.<br \/>\n\u25cf Mikulas K, Borbely J, K\u00f6rm\u00f6czi K, Jo\u00f3b-Fancsaly A, Hermann P. A complete digital approach for implant-supported one-piece all-ceramic crown in the esthetic zone with one step supraimplant soft tissue conditioning by individualized CAD\/CAM hybrid provisional restoration: a clinical report. Europerio 2018, Amsterdam. <br \/>\n\u25cf Mikul\u00e1s K, Linninger M, Tak\u00e1cs E, Kisp\u00e9lyi B, Nagy K, Fej\u00e9rdy P, Hermann P. Paradigmav\u00e1lt\u00e1s a fogmegtart\u00f3 kezel\u00e9sben: az amalg\u00e1m korszak v\u00e9ge.Elfogadva 2018.08.23-\u00e1n az Orvosi Hetilapban.<br \/>\n\u25cf Tov\u00e1bbk\u00e9pz\u0151 el\u0151ad\u00e1sok asszisztenseknek \u00e9s rezidenseknek implant\u00e1ci\u00f3s protetika t\u00e9mak\u00f6rben 2012-t\u0151l.<\/p>\n","protected":false},"excerpt":{"rendered":"<p>A munkacsoport vezet\u0151i: \u27a2 Dr. Mikul\u00e1s Krisztina \u27a2 Dr. K\u00e1d\u00e1r L\u00e1szl\u00f3 Az implant\u00e1ci\u00f3s-protetikai munkacsoport f\u0151 tev\u00e9kenys\u00e9ge implant\u00e1tum elhorgonyz\u00e1s\u00fa \u00e9s megt\u00e1maszt\u00e1s\u00fa fogp\u00f3tl\u00e1sok k\u00e9sz\u00edt\u00e9se, valamint implant\u00e1ci\u00f3s fogp\u00f3tl\u00e1sok k\u00e9sz\u00edt\u00e9se digit\u00e1lis tervez\u00e9ssel \u00e9s CAD\/CAM technol\u00f3gi\u00e1val. A munkacsoport tagjai: \u27a2 Prof. Dr. Hermann P\u00e9ter \u27a2 Dr. Kisp\u00e9lyi Barbara \u27a2 Prof. Dr. Borb\u00e9ly Judit \u27a2 Dr. \u00c1br\u00e1m Emese \u27a2 Dr. Berze &hellip;<\/p>\n","protected":false},"author":101231,"featured_media":0,"parent":5099,"menu_order":0,"comment_status":"closed","ping_status":"closed","template":"","meta":{"_acf_changed":false,"footnotes":""},"categories":[],"tags":[],"class_list":["post-4358","page","type-page","status-publish","hentry"],"acf":[],"_links":{"self":[{"href":"https:\/\/semmelweis.hu\/fogpotlastan\/wp-json\/wp\/v2\/pages\/4358","targetHints":{"allow":["GET"]}}],"collection":[{"href":"https:\/\/semmelweis.hu\/fogpotlastan\/wp-json\/wp\/v2\/pages"}],"about":[{"href":"https:\/\/semmelweis.hu\/fogpotlastan\/wp-json\/wp\/v2\/types\/page"}],"author":[{"embeddable":true,"href":"https:\/\/semmelweis.hu\/fogpotlastan\/wp-json\/wp\/v2\/users\/101231"}],"replies":[{"embeddable":true,"href":"https:\/\/semmelweis.hu\/fogpotlastan\/wp-json\/wp\/v2\/comments?post=4358"}],"version-history":[{"count":7,"href":"https:\/\/semmelweis.hu\/fogpotlastan\/wp-json\/wp\/v2\/pages\/4358\/revisions"}],"predecessor-version":[{"id":9899,"href":"https:\/\/semmelweis.hu\/fogpotlastan\/wp-json\/wp\/v2\/pages\/4358\/revisions\/9899"}],"up":[{"embeddable":true,"href":"https:\/\/semmelweis.hu\/fogpotlastan\/wp-json\/wp\/v2\/pages\/5099"}],"wp:attachment":[{"href":"https:\/\/semmelweis.hu\/fogpotlastan\/wp-json\/wp\/v2\/media?parent=4358"}],"wp:term":[{"taxonomy":"category","embeddable":true,"href":"https:\/\/semmelweis.hu\/fogpotlastan\/wp-json\/wp\/v2\/categories?post=4358"},{"taxonomy":"post_tag","embeddable":true,"href":"https:\/\/semmelweis.hu\/fogpotlastan\/wp-json\/wp\/v2\/tags?post=4358"}],"curies":[{"name":"wp","href":"https:\/\/api.w.org\/{rel}","templated":true}]}}