{"id":4347,"date":"2018-12-01T13:37:38","date_gmt":"2018-12-01T12:37:38","guid":{"rendered":"http:\/\/semmelweis.hu\/fogpotlastan\/?page_id=4347"},"modified":"2019-09-19T08:19:07","modified_gmt":"2019-09-19T06:19:07","slug":"digitalis-fogaszati-munkacsoport","status":"publish","type":"page","link":"https:\/\/semmelweis.hu\/fogpotlastan\/kutatas\/munkacsoportok\/digitalis-fogaszati-munkacsoport\/","title":{"rendered":"Digit\u00e1lis fog\u00e1szati munkacsoport"},"content":{"rendered":"<p>A munkacsoport vezet\u0151je: <br \/>\n\u27a2<a href=\"https:\/\/semmelweis.hu\/fogpotlastan\/munkatarsak\/borbely-judit\/\"> <strong>dr. Borb\u00e9ly Judit PhD<\/strong><\/a><\/p>\n<p style=\"text-align: justify\"><a href=\"https:\/\/semmelweis.hu\/fogpotlastan\/files\/2019\/02\/RS87438_IMG_6476-scr.jpg\"><img loading=\"lazy\" decoding=\"async\" class=\" wp-image-5055 alignright\" src=\"https:\/\/semmelweis.hu\/fogpotlastan\/files\/2019\/02\/RS87438_IMG_6476-scr-300x179.jpg\" alt=\"\" width=\"335\" height=\"200\" srcset=\"https:\/\/semmelweis.hu\/fogpotlastan\/files\/2019\/02\/RS87438_IMG_6476-scr-300x179.jpg 300w, https:\/\/semmelweis.hu\/fogpotlastan\/files\/2019\/02\/RS87438_IMG_6476-scr-768x458.jpg 768w, https:\/\/semmelweis.hu\/fogpotlastan\/files\/2019\/02\/RS87438_IMG_6476-scr-753x449.jpg 753w, https:\/\/semmelweis.hu\/fogpotlastan\/files\/2019\/02\/RS87438_IMG_6476-scr.jpg 950w\" sizes=\"auto, (max-width: 335px) 100vw, 335px\" \/><\/a>A Digit\u00e1lis Fog\u00e1szati Munkacsoport 2009-ben kezdte el m\u0171k\u00f6d\u00e9s\u00e9t. A digit\u00e1lis fogsz\u00edn-meghat\u00e1roz\u00e1s lehet\u0151s\u00e9geinek vizsg\u00e1lata \u00e9s a fogsz\u00edn-meghat\u00e1roz\u00e1st oktat\u00f3 program kidolgoz\u00e1sa volt els\u0151 c\u00e9lkit\u0171z\u00e9s\u00fcnk. A term\u00e9szetes fog sz\u00edn\u00e9nek meghat\u00e1roz\u00e1s\u00e1t k\u00f6vet\u0151en a sz\u00ednreprodukci\u00f3t kezdt\u00fck vizsg\u00e1lni, a k\u00fcl\u00f6nb\u00f6z\u0151 ker\u00e1mia anyagok optikai tulajdons\u00e1gainak felt\u00e9rk\u00e9pez\u00e9s\u00e9vel. Az egyre \u00fajabb \u00e9s \u00fajabb ker\u00e1mia rendszerek korszer\u0171 feldolgoz\u00e1si lehet\u0151s\u00e9geinek vizsg\u00e1lata ind\u00edtotta el CAD\/CAM t\u00e9m\u00e1j\u00fa kutat\u00e1sainkat. A fog\u00e1szati CAD\/CAM fogorvosi eszk\u00f6zei az intraor\u00e1lis szkennerek, ezen eszk\u00f6z\u00f6k vizsg\u00e1lata lett a munkacsoportot k\u00f6vetkez\u0151 c\u00e9lkit\u0171z\u00e9se \u00e9s egyben minden vizsg\u00e1latunk k\u00f6z\u00f6s pontja: a fogsz\u00edn \u00e9s CAD\/CAM anyagtan vizsg\u00e1latainkat a digit\u00e1lis lenyomatv\u00e9telre \u00e9p\u00fcl\u0151 munkafolyamatokhoz kapcsoltuk, m\u00edg a hagyom\u00e1nyos \u00e9s a digit\u00e1lis lenyomatv\u00e9tel \u00f6sszehasonl\u00edt\u00e1sa ind\u00edtotta \u00fatj\u00e1ra lenyomati csoportunkat. Az anyagok, eszk\u00f6z\u00f6k, elj\u00e1r\u00e1sok vizsg\u00e1lat\u00e1val TDK \u00e9s PhD hallgat\u00f3k tudom\u00e1nyos munk\u00e1j\u00e1nak h\u00e1tter\u00e9t adjuk, tov\u00e1bbi c\u00e9lunk oktat\u00f3programok kidolgoz\u00e1sa \u00e9s vizsg\u00e1lt ter\u00fcleteinkhez kapcsol\u00f3d\u00f3 tank\u00f6nyv-fejezetek meg\u00edr\u00e1sa.<\/p>\n<p style=\"text-align: justify\">KUTAT\u00c1SI TER\u00dcLETEK<br \/>\n1. <a href=\"https:\/\/semmelweis.hu\/fogpotlastan\/digitalis-lenyomatvetel\/\">Digit\u00e1lis lenyomatv\u00e9tel<\/a><br \/>\n2. <a href=\"https:\/\/semmelweis.hu\/fogpotlastan\/fogszin-meghatarozas\/\">Fogsz\u00edn-meghat\u00e1roz\u00e1s<\/a>\u00a0<br \/>\n3. <a href=\"https:\/\/semmelweis.hu\/fogpotlastan\/cad-cam-anyagtan\/\">CAD\/CAM Anyagtan<\/a>\u00a0<br \/>\n4. <a href=\"https:\/\/semmelweis.hu\/fogpotlastan\/hagyomanyos-lenyomatvetel\/\">Hagyom\u00e1nyos lenyomatv\u00e9tel<\/a><\/p>\n<p style=\"text-align: justify\">A munkacsoport tagjai:<br \/>\n\u27a2 <strong><a href=\"https:\/\/semmelweis.hu\/fogpotlastan\/munkatarsak\/borbely-judit\/\">dr. Borb\u00e9ly Judit PhD<\/a><a href=\"https:\/\/semmelweis.hu\/fogpotlastan\/files\/2018\/12\/Digit\u00e1lis-Fog\u00e1szati-Munkacsoport.jpg\"><img loading=\"lazy\" decoding=\"async\" class=\" wp-image-4387 alignright\" src=\"https:\/\/semmelweis.hu\/fogpotlastan\/files\/2018\/12\/Digit\u00e1lis-Fog\u00e1szati-Munkacsoport-212x300.jpg\" alt=\"\" width=\"271\" height=\"383\" srcset=\"https:\/\/semmelweis.hu\/fogpotlastan\/files\/2018\/12\/Digit\u00e1lis-Fog\u00e1szati-Munkacsoport-212x300.jpg 212w, https:\/\/semmelweis.hu\/fogpotlastan\/files\/2018\/12\/Digit\u00e1lis-Fog\u00e1szati-Munkacsoport-768x1086.jpg 768w, https:\/\/semmelweis.hu\/fogpotlastan\/files\/2018\/12\/Digit\u00e1lis-Fog\u00e1szati-Munkacsoport-724x1024.jpg 724w, https:\/\/semmelweis.hu\/fogpotlastan\/files\/2018\/12\/Digit\u00e1lis-Fog\u00e1szati-Munkacsoport.jpg 1254w\" sizes=\"auto, (max-width: 271px) 100vw, 271px\" \/><\/a><\/strong><br \/>\n\u27a2 dr. \u00c1br\u00e1m Emese<br \/>\n\u27a2 dr. Czigola Alexandra PhD hallgat\u00f3<br \/>\n\u27a2 dr. Dalos Magdolna<br \/>\n\u27a2 dr. Dank\u00f3 Mariann<br \/>\n\u27a2 dr. J\u00e1sz M\u00e1t\u00e9<br \/>\n\u27a2 dr. Jo\u00f3s-Kov\u00e1cs Gell\u00e9rt Levente PhD hallgat\u00f3<br \/>\n\u27a2 dr. Kov\u00e1cs Zolt\u00e1n Imre<br \/>\n\u27a2 dr. K\u00f6rmendi Szandra Katalin<br \/>\n\u27a2 dr. Mikul\u00e1s Krisztina<br \/>\n\u27a2 dr. Palaszk\u00f3 D\u00e9nes<br \/>\n\u27a2 dr. R\u00f3th Ivett PhD hallgat\u00f3<br \/>\n\u27a2 dr. Vecsei B\u00e1lint<br \/>\n\u27a2 dr. Viszlai-Kov\u00e1cs M\u00e1ria<br \/>\n\u27a2 dr. Vitai Vikt\u00f3ria<\/p>\n<p style=\"text-align: justify\">TDK-hallgat\u00f3k (2019\/2020): <a href=\"https:\/\/semmelweis.hu\/fogpotlastan\/files\/2019\/09\/TDK-hallgat\u00f3k-1.jpeg\"><img loading=\"lazy\" decoding=\"async\" class=\" wp-image-5542 alignright\" src=\"https:\/\/semmelweis.hu\/fogpotlastan\/files\/2019\/09\/TDK-hallgat\u00f3k-1-300x200.jpeg\" alt=\"\" width=\"389\" height=\"259\" srcset=\"https:\/\/semmelweis.hu\/fogpotlastan\/files\/2019\/09\/TDK-hallgat\u00f3k-1-300x200.jpeg 300w, https:\/\/semmelweis.hu\/fogpotlastan\/files\/2019\/09\/TDK-hallgat\u00f3k-1-768x512.jpeg 768w, https:\/\/semmelweis.hu\/fogpotlastan\/files\/2019\/09\/TDK-hallgat\u00f3k-1-1024x683.jpeg 1024w, https:\/\/semmelweis.hu\/fogpotlastan\/files\/2019\/09\/TDK-hallgat\u00f3k-1-753x502.jpeg 753w, https:\/\/semmelweis.hu\/fogpotlastan\/files\/2019\/09\/TDK-hallgat\u00f3k-1-203x135.jpeg 203w\" sizes=\"auto, (max-width: 389px) 100vw, 389px\" \/><\/a><\/p>\n<ul>\n<li><span style=\"font-size: 1rem;text-align: left\">Benedek Patrik <\/span><\/li>\n<li><span style=\"font-size: 1rem;text-align: left\">S\u00f3s \u00c1d\u00e1m<\/span><\/li>\n<li><span style=\"font-size: 1rem;text-align: left\">V\u00e1nkos Boldizs\u00e1r<\/span><\/li>\n<li><span style=\"font-size: 1rem;text-align: left\">Bencze Bulcs\u00fa<\/span><\/li>\n<li><span style=\"font-size: 1rem;text-align: left\">Schmalzl Judit<\/span><\/li>\n<li><span style=\"font-size: 1rem;text-align: left\">N\u00e9meth Anna<\/span><\/li>\n<li><span style=\"font-size: 1rem;text-align: left\">Choi Ji Won<\/span><\/li>\n<li><span style=\"font-size: 1rem;text-align: left\">V\u00edzh\u00e1ny\u00f3 Gr\u00e9ta<\/span><\/li>\n<li><span style=\"font-size: 1rem;text-align: left\">G\u00e1bor Vir\u00e1g<\/span><\/li>\n<li><span style=\"font-size: 1rem;text-align: left\">R\u00f3na Vir\u00e1g<\/span><\/li>\n<li><span style=\"font-size: 1rem;text-align: left\">M\u00f3dos Dominika<\/span><\/li>\n<li><span style=\"font-size: 1rem;text-align: left\">V\u00e1mos Orsolya<\/span><\/li>\n<\/ul>\n\r\n        [slb_exclude]\r\n        <div class=\"row galeria-wrapper mx-0 h-auto\">\r\n            <div class=\"col-9 pl-0 pr-2\">\r\n            <span class=\"gallery-item frame\">\r\n\t\t\t\t<div class=\"galeria-left-img\"><a href=\"https:\/\/semmelweis.hu\/fogpotlastan\/files\/2019\/02\/RS87526_IMG_6930-scr-1.jpg\"><img src=https:\/\/semmelweis.hu\/fogpotlastan\/files\/2019\/02\/RS87526_IMG_6930-scr-1.jpg  \r\n                            alt=\"\" \r\n                            class=\"attachment-sote-gallery-big size-sote-gallery-big\" \r\n                            srcset=\"https:\/\/semmelweis.hu\/fogpotlastan\/files\/2019\/02\/RS87526_IMG_6930-scr-1-300x200.jpg 300w, https:\/\/semmelweis.hu\/fogpotlastan\/files\/2019\/02\/RS87526_IMG_6930-scr-1-768x512.jpg 768w, https:\/\/semmelweis.hu\/fogpotlastan\/files\/2019\/02\/RS87526_IMG_6930-scr-1-753x502.jpg 753w, https:\/\/semmelweis.hu\/fogpotlastan\/files\/2019\/02\/RS87526_IMG_6930-scr-1-203x135.jpg 203w, https:\/\/semmelweis.hu\/fogpotlastan\/files\/2019\/02\/RS87526_IMG_6930-scr-1.jpg 950w\" ><\/a><\/div>\r\n            <\/span>\r\n\r\n            <\/div>\r\n\r\n\t\t\t<div class=\"col-3 pl-0 pr-0\">\r\n\t\t\t\t<div class=\"galeria-right-img d-flex justify-content-between flex-column h-100 w-100 px-0 mx-0 \">\r\n                <div class=\"galeria-box\">\r\n\t\t\t\t\t<h3 class=\"galeria-title\">Gal\u00e9ria<\/h3>\r\n\t\t\t\t\t<div class=\"galeria-subtitle\">\r\n\r\n\t\t\t\t\t\t<div class=\"galeria-page-counter\"><span>9<\/span>k\u00e9p<\/div>\r\n                    <\/div> <\/div>\r\n                    <span class=\"gallery-item frame d-none d-md-flex\">\r\n\t\t\t\t\t<div class=\"galeria-small-img mt-0\"><a href=\"https:\/\/semmelweis.hu\/fogpotlastan\/files\/2019\/02\/RS87533_IMG_7002-scr.jpg\"><img src=https:\/\/semmelweis.hu\/fogpotlastan\/files\/2019\/02\/RS87533_IMG_7002-scr.jpg \r\n                                alt=\"\"  \r\n                                class=\"attachment-sote-gallery-small size-sote-gallery-small\" \r\n                                srcset=\"https:\/\/semmelweis.hu\/fogpotlastan\/files\/2019\/02\/RS87533_IMG_7002-scr-300x200.jpg 300w, https:\/\/semmelweis.hu\/fogpotlastan\/files\/2019\/02\/RS87533_IMG_7002-scr-768x512.jpg 768w, https:\/\/semmelweis.hu\/fogpotlastan\/files\/2019\/02\/RS87533_IMG_7002-scr-753x502.jpg 753w, https:\/\/semmelweis.hu\/fogpotlastan\/files\/2019\/02\/RS87533_IMG_7002-scr-203x135.jpg 203w, https:\/\/semmelweis.hu\/fogpotlastan\/files\/2019\/02\/RS87533_IMG_7002-scr.jpg 950w\" ><\/a><\/div>\r\n                    <\/span>\r\n                    <span class=\"gallery-item frame d-none d-md-flex\">\r\n\t\t\t\t\t<div class=\"galeria-small-img mt-0\"><a href=\"https:\/\/semmelweis.hu\/fogpotlastan\/files\/2019\/02\/RS87487_IMG_6715-scr.jpg\"><img src=https:\/\/semmelweis.hu\/fogpotlastan\/files\/2019\/02\/RS87487_IMG_6715-scr.jpg \r\n                                alt=\"\" \r\n                                class=\"attachment-sote-gallery-small size-sote-gallery-small\" \r\n                                srcset=\"https:\/\/semmelweis.hu\/fogpotlastan\/files\/2019\/02\/RS87487_IMG_6715-scr-300x200.jpg 300w, https:\/\/semmelweis.hu\/fogpotlastan\/files\/2019\/02\/RS87487_IMG_6715-scr-768x512.jpg 768w, https:\/\/semmelweis.hu\/fogpotlastan\/files\/2019\/02\/RS87487_IMG_6715-scr-753x502.jpg 753w, https:\/\/semmelweis.hu\/fogpotlastan\/files\/2019\/02\/RS87487_IMG_6715-scr-203x135.jpg 203w, https:\/\/semmelweis.hu\/fogpotlastan\/files\/2019\/02\/RS87487_IMG_6715-scr.jpg 950w\" ><\/a><\/div>\r\n                    <\/span>\r\n\r\n                <\/div>\r\n\r\n            <\/div>\r\n\r\n            <span class=\"gallery-item\"><div class=\"hidden\"><a href=\"https:\/\/semmelweis.hu\/fogpotlastan\/files\/2019\/02\/RS87475_IMG_6662-scr.jpg\">\r\n        <img src=https:\/\/semmelweis.hu\/fogpotlastan\/files\/2019\/02\/RS87475_IMG_6662-scr.jpg alt=\"\" class=\"attachment-sote-gallery-big size-sote-gallery-big\" srcset=\"https:\/\/semmelweis.hu\/fogpotlastan\/files\/2019\/02\/RS87475_IMG_6662-scr-300x200.jpg 300w, https:\/\/semmelweis.hu\/fogpotlastan\/files\/2019\/02\/RS87475_IMG_6662-scr-768x512.jpg 768w, https:\/\/semmelweis.hu\/fogpotlastan\/files\/2019\/02\/RS87475_IMG_6662-scr-753x502.jpg 753w, https:\/\/semmelweis.hu\/fogpotlastan\/files\/2019\/02\/RS87475_IMG_6662-scr-203x135.jpg 203w, https:\/\/semmelweis.hu\/fogpotlastan\/files\/2019\/02\/RS87475_IMG_6662-scr.jpg 950w\" >\r\n        <\/a><\/div><\/span><span class=\"gallery-item\"><div class=\"hidden\"><a href=\"https:\/\/semmelweis.hu\/fogpotlastan\/files\/2019\/02\/RS87477_IMG_6687-scr.jpg\">\r\n        <img src=https:\/\/semmelweis.hu\/fogpotlastan\/files\/2019\/02\/RS87477_IMG_6687-scr.jpg alt=\"\" class=\"attachment-sote-gallery-big size-sote-gallery-big\" srcset=\"https:\/\/semmelweis.hu\/fogpotlastan\/files\/2019\/02\/RS87477_IMG_6687-scr-300x200.jpg 300w, https:\/\/semmelweis.hu\/fogpotlastan\/files\/2019\/02\/RS87477_IMG_6687-scr-768x512.jpg 768w, https:\/\/semmelweis.hu\/fogpotlastan\/files\/2019\/02\/RS87477_IMG_6687-scr-753x502.jpg 753w, https:\/\/semmelweis.hu\/fogpotlastan\/files\/2019\/02\/RS87477_IMG_6687-scr-203x135.jpg 203w, https:\/\/semmelweis.hu\/fogpotlastan\/files\/2019\/02\/RS87477_IMG_6687-scr.jpg 950w\" >\r\n        <\/a><\/div><\/span><span class=\"gallery-item\"><div class=\"hidden\"><a href=\"https:\/\/semmelweis.hu\/fogpotlastan\/files\/2019\/02\/RS87490_IMG_6725-scr.jpg\">\r\n        <img src=https:\/\/semmelweis.hu\/fogpotlastan\/files\/2019\/02\/RS87490_IMG_6725-scr.jpg alt=\"\" class=\"attachment-sote-gallery-big size-sote-gallery-big\" srcset=\"https:\/\/semmelweis.hu\/fogpotlastan\/files\/2019\/02\/RS87490_IMG_6725-scr-300x200.jpg 300w, https:\/\/semmelweis.hu\/fogpotlastan\/files\/2019\/02\/RS87490_IMG_6725-scr-768x512.jpg 768w, https:\/\/semmelweis.hu\/fogpotlastan\/files\/2019\/02\/RS87490_IMG_6725-scr-753x502.jpg 753w, https:\/\/semmelweis.hu\/fogpotlastan\/files\/2019\/02\/RS87490_IMG_6725-scr-203x135.jpg 203w, https:\/\/semmelweis.hu\/fogpotlastan\/files\/2019\/02\/RS87490_IMG_6725-scr.jpg 950w\" >\r\n        <\/a><\/div><\/span><span class=\"gallery-item\"><div class=\"hidden\"><a href=\"https:\/\/semmelweis.hu\/fogpotlastan\/files\/2019\/02\/RS87519_IMG_6872-scr.jpg\">\r\n        <img src=https:\/\/semmelweis.hu\/fogpotlastan\/files\/2019\/02\/RS87519_IMG_6872-scr.jpg alt=\"\" class=\"attachment-sote-gallery-big size-sote-gallery-big\" srcset=\"https:\/\/semmelweis.hu\/fogpotlastan\/files\/2019\/02\/RS87519_IMG_6872-scr-300x200.jpg 300w, https:\/\/semmelweis.hu\/fogpotlastan\/files\/2019\/02\/RS87519_IMG_6872-scr-768x512.jpg 768w, https:\/\/semmelweis.hu\/fogpotlastan\/files\/2019\/02\/RS87519_IMG_6872-scr-753x502.jpg 753w, https:\/\/semmelweis.hu\/fogpotlastan\/files\/2019\/02\/RS87519_IMG_6872-scr-203x135.jpg 203w, https:\/\/semmelweis.hu\/fogpotlastan\/files\/2019\/02\/RS87519_IMG_6872-scr.jpg 950w\" >\r\n        <\/a><\/div><\/span><span class=\"gallery-item\"><div class=\"hidden\"><a href=\"https:\/\/semmelweis.hu\/fogpotlastan\/files\/2019\/02\/RS87440_IMG_6489-scr.jpg\">\r\n        <img src=https:\/\/semmelweis.hu\/fogpotlastan\/files\/2019\/02\/RS87440_IMG_6489-scr.jpg alt=\"\" class=\"attachment-sote-gallery-big size-sote-gallery-big\" srcset=\"https:\/\/semmelweis.hu\/fogpotlastan\/files\/2019\/02\/RS87440_IMG_6489-scr-300x185.jpg 300w, https:\/\/semmelweis.hu\/fogpotlastan\/files\/2019\/02\/RS87440_IMG_6489-scr-768x474.jpg 768w, https:\/\/semmelweis.hu\/fogpotlastan\/files\/2019\/02\/RS87440_IMG_6489-scr-753x464.jpg 753w, https:\/\/semmelweis.hu\/fogpotlastan\/files\/2019\/02\/RS87440_IMG_6489-scr-620x380.jpg 620w, https:\/\/semmelweis.hu\/fogpotlastan\/files\/2019\/02\/RS87440_IMG_6489-scr.jpg 950w\" >\r\n        <\/a><\/div><\/span><span class=\"gallery-item\"><div class=\"hidden\"><a href=\"https:\/\/semmelweis.hu\/fogpotlastan\/files\/2019\/02\/RS87511_IMG_6824-scr.jpg\">\r\n        <img src=https:\/\/semmelweis.hu\/fogpotlastan\/files\/2019\/02\/RS87511_IMG_6824-scr.jpg alt=\"\" class=\"attachment-sote-gallery-big size-sote-gallery-big\" srcset=\"https:\/\/semmelweis.hu\/fogpotlastan\/files\/2019\/02\/RS87511_IMG_6824-scr-300x200.jpg 300w, https:\/\/semmelweis.hu\/fogpotlastan\/files\/2019\/02\/RS87511_IMG_6824-scr-768x512.jpg 768w, https:\/\/semmelweis.hu\/fogpotlastan\/files\/2019\/02\/RS87511_IMG_6824-scr-753x502.jpg 753w, https:\/\/semmelweis.hu\/fogpotlastan\/files\/2019\/02\/RS87511_IMG_6824-scr-203x135.jpg 203w, https:\/\/semmelweis.hu\/fogpotlastan\/files\/2019\/02\/RS87511_IMG_6824-scr.jpg 950w\" >\r\n        <\/a><\/div><\/span>\r\n            <\/div>\r\n\r\n            [\/slb_exclude]\r\n\t\n","protected":false},"excerpt":{"rendered":"<p>A munkacsoport vezet\u0151je: \u27a2 <a href=\"https:\/\/semmelweis.hu\/fogpotlastan\/munkatarsak\/borbely-judit\/\"> dr. Borb\u00e9ly Judit PhD<\/a> <a href=\"https:\/\/semmelweis.hu\/fogpotlastan\/files\/2019\/02\/RS87438_IMG_6476-scr.jpg\"><\/a> A Digit\u00e1lis Fog\u00e1szati Munkacsoport 2009-ben kezdte el m\u0171k\u00f6d\u00e9s\u00e9t. A digit\u00e1lis fogsz\u00edn-meghat\u00e1roz\u00e1s lehet\u0151s\u00e9geinek vizsg\u00e1lata \u00e9s a fogsz\u00edn-meghat\u00e1roz\u00e1st oktat\u00f3 program kidolgoz\u00e1sa volt els\u0151 c\u00e9lkit\u0171z\u00e9s\u00fcnk. A term\u00e9szetes fog sz\u00edn\u00e9nek meghat\u00e1roz\u00e1s\u00e1t k\u00f6vet\u0151en a sz\u00ednreprodukci\u00f3t kezdt\u00fck vizsg\u00e1lni, a k\u00fcl\u00f6nb\u00f6z\u0151 ker\u00e1mia anyagok optikai tulajdons\u00e1gainak felt\u00e9rk\u00e9pez\u00e9s\u00e9vel. Az egyre \u00fajabb \u00e9s \u00fajabb ker\u00e1mia rendszerek korszer\u0171 feldolgoz\u00e1si lehet\u0151s\u00e9geinek vizsg\u00e1lata ind\u00edtotta &hellip;<\/p>\n","protected":false},"author":101231,"featured_media":0,"parent":5099,"menu_order":0,"comment_status":"closed","ping_status":"closed","template":"","meta":{"_acf_changed":false,"footnotes":""},"categories":[],"tags":[],"class_list":["post-4347","page","type-page","status-publish","hentry"],"acf":[],"_links":{"self":[{"href":"https:\/\/semmelweis.hu\/fogpotlastan\/wp-json\/wp\/v2\/pages\/4347","targetHints":{"allow":["GET"]}}],"collection":[{"href":"https:\/\/semmelweis.hu\/fogpotlastan\/wp-json\/wp\/v2\/pages"}],"about":[{"href":"https:\/\/semmelweis.hu\/fogpotlastan\/wp-json\/wp\/v2\/types\/page"}],"author":[{"embeddable":true,"href":"https:\/\/semmelweis.hu\/fogpotlastan\/wp-json\/wp\/v2\/users\/101231"}],"replies":[{"embeddable":true,"href":"https:\/\/semmelweis.hu\/fogpotlastan\/wp-json\/wp\/v2\/comments?post=4347"}],"version-history":[{"count":10,"href":"https:\/\/semmelweis.hu\/fogpotlastan\/wp-json\/wp\/v2\/pages\/4347\/revisions"}],"predecessor-version":[{"id":5543,"href":"https:\/\/semmelweis.hu\/fogpotlastan\/wp-json\/wp\/v2\/pages\/4347\/revisions\/5543"}],"up":[{"embeddable":true,"href":"https:\/\/semmelweis.hu\/fogpotlastan\/wp-json\/wp\/v2\/pages\/5099"}],"wp:attachment":[{"href":"https:\/\/semmelweis.hu\/fogpotlastan\/wp-json\/wp\/v2\/media?parent=4347"}],"wp:term":[{"taxonomy":"category","embeddable":true,"href":"https:\/\/semmelweis.hu\/fogpotlastan\/wp-json\/wp\/v2\/categories?post=4347"},{"taxonomy":"post_tag","embeddable":true,"href":"https:\/\/semmelweis.hu\/fogpotlastan\/wp-json\/wp\/v2\/tags?post=4347"}],"curies":[{"name":"wp","href":"https:\/\/api.w.org\/{rel}","templated":true}]}}