{"id":4344,"date":"2018-12-01T13:25:36","date_gmt":"2018-12-01T12:25:36","guid":{"rendered":"http:\/\/semmelweis.hu\/fogpotlastan\/?page_id=4344"},"modified":"2022-09-14T08:37:58","modified_gmt":"2022-09-14T06:37:58","slug":"diabetes-fogaszati-munkacsoport","status":"publish","type":"page","link":"https:\/\/semmelweis.hu\/fogpotlastan\/kutatas\/munkacsoportok\/diabetes-fogaszati-munkacsoport\/","title":{"rendered":"Diab\u00e9teszes fog\u00e1szati munkacsoport"},"content":{"rendered":"<p style=\"text-align: justify\"><img loading=\"lazy\" decoding=\"async\" class=\"size-medium wp-image-8227 alignleft\" src=\"https:\/\/semmelweis.hu\/fogpotlastan\/files\/2022\/09\/SE_FOGPOT_KL_logo_Diabeteszes_Mcs_hun_RGB-01-400x267.jpg\" alt=\"\" width=\"400\" height=\"267\" srcset=\"https:\/\/semmelweis.hu\/fogpotlastan\/files\/2022\/09\/SE_FOGPOT_KL_logo_Diabeteszes_Mcs_hun_RGB-01-400x267.jpg 400w, https:\/\/semmelweis.hu\/fogpotlastan\/files\/2022\/09\/SE_FOGPOT_KL_logo_Diabeteszes_Mcs_hun_RGB-01-1024x683.jpg 1024w, https:\/\/semmelweis.hu\/fogpotlastan\/files\/2022\/09\/SE_FOGPOT_KL_logo_Diabeteszes_Mcs_hun_RGB-01-768x512.jpg 768w, https:\/\/semmelweis.hu\/fogpotlastan\/files\/2022\/09\/SE_FOGPOT_KL_logo_Diabeteszes_Mcs_hun_RGB-01-753x502.jpg 753w, https:\/\/semmelweis.hu\/fogpotlastan\/files\/2022\/09\/SE_FOGPOT_KL_logo_Diabeteszes_Mcs_hun_RGB-01-203x135.jpg 203w, https:\/\/semmelweis.hu\/fogpotlastan\/files\/2022\/09\/SE_FOGPOT_KL_logo_Diabeteszes_Mcs_hun_RGB-01.jpg 1200w\" sizes=\"auto, (max-width: 400px) 100vw, 400px\" \/>A diab\u00e9tesz vil\u00e1gszerte t\u00f6bb mint 300 milli\u00f3, m\u00edg Magyarorsz\u00e1gon 750.000 embert \u00e9rint a Nemzetk\u00f6zi Diab\u00e9tesz T\u00e1rsas\u00e1g (IDF) \u00e9s a Magyar Diabetes T\u00e1rsas\u00e1g (MDT) legfrissebb \u00f6sszes\u00edt\u00e9sei szerint. E statisztika szerint haz\u00e1nkban minden 10. p\u00e1ciens, aki fogorvosi rendel\u0151be l\u00e9p, cukorbeteg, vagy a cukorbetegs\u00e9g \u201eel\u0151szob\u00e1j\u00e1nak\u201d tekinthet\u0151 prediab\u00e9tesz \u00e1llapot\u00e1ban van, emelkedett az \u00e9hgyomri v\u00e9rcukorszintje. A diab\u00e9teszes betegek rizik\u00f3csoportnak tekinthet\u0151ek a fog\u00e1szati megbeteged\u00e9sek szempontj\u00e1b\u00f3l. Nagyobb az es\u00e9ly a parodontol\u00f3giai, kariol\u00f3giai, ny\u00e1lelv\u00e1laszt\u00e1si \u00e9s egy\u00e9b sz\u00e1j\u00fcregi megbeteged\u00e9sekre, valamint a sz\u00e1j\u00fcregi r\u00e1kok incidenci\u00e1ja is statisztikailag emelkedett a diab\u00e9teszesek k\u00f6z\u00f6tt a metabolikusan nem \u00e9rintettekhez k\u00e9pest.<br \/>\nA teljes k\u00f6r\u0171 diab\u00e9tesz ell\u00e1t\u00e1snak a fogorvosi sz\u0171r\u00e9s \u00e9s ell\u00e1t\u00e1s az egyik olyan pill\u00e9re kell hogy legyen, amelynek a lehet\u0151s\u00e9g\u00e9t a j\u00f6v\u0151ben szeretn\u00e9nk megteremteni. A 2015-ben elind\u00edtott munkacsoportunk c\u00e9lj\u00e1ul azt t\u0171zt\u00fck ki, hogy a vizsg\u00e1lati \u00e9s k\u00eds\u00e9rletes eredm\u00e9nyeinkkel seg\u00edts\u00fck a cukorbetegek fog\u00e1szati ell\u00e1t\u00e1sa sor\u00e1n felmer\u00fcl\u0151 probl\u00e9m\u00e1k jobb meg\u00e9rt\u00e9s\u00e9t, \u00e9s ezzel seg\u00edts\u00fck a p\u00e1ciensek \u00e9letmin\u0151s\u00e9g\u00e9nek jav\u00edt\u00e1s\u00e1t.<br \/>\nMunk\u00e1nk sor\u00e1n folyamatos kapcsolatban \u00e1llunk a Magyar Diabetes T\u00e1rsas\u00e1ggal \u00e9s a Nemzetk\u00f6zi Diab\u00e9tesz T\u00e1rsas\u00e1ggal, fogorvosi oldalr\u00f3l pedig a Magyar Orvosi Kamara Fogorvosi Tagozat\u00e1val. <br \/>\nJelenleg a vil\u00e1gon egyed\u00fcl\u00e1ll\u00f3 m\u00f3don ingyenes fogorvosi sz\u0171r\u0151vizsg\u00e1latot biztos\u00edtunk az 1-es t\u00edpus\u00fa cukorbetegek sz\u00e1m\u00e1ra egyetemi k\u00f6rnyezetben, amely rendel\u00e9s el\u0151jegyz\u00e9s alapj\u00e1n fogadja a p\u00e1cienseket. A szakrendel\u00e9s c\u00e9lja, hogy a Semmelweis Egyetemen, de az eg\u00e9sz orsz\u00e1g ter\u00fclet\u00e9n diagnosztiz\u00e1lt 1-es t\u00edpus\u00fa cukorbetegek \u00e9venk\u00e9nti fogorvosi ellen\u0151rz\u00e9se be\u00e9p\u00fclj\u00f6n a klinikai gyakorlatba.<\/p>\n<p style=\"text-align: justify\">El\u0151jegyz\u00e9s \u00e9letkort\u00f3l f\u00fcggetlen\u00fcl: <a href=\"mailto:sediabdent@gmail.com\">sediabdent@gmail.com<\/a><br \/>\nA rendel\u00e9s helysz\u00edne: 1088 Budapest, Szentkir\u00e1lyi utca 47, Semmelweis Egyetem Fogorvostudom\u00e1nyi Kar<\/p>\n<p>A munkacsoport tagjai:<img loading=\"lazy\" decoding=\"async\" class=\"size-medium wp-image-8226 alignright\" src=\"https:\/\/semmelweis.hu\/fogpotlastan\/files\/2022\/09\/csoportkep-400x267.jpg\" alt=\"\" width=\"400\" height=\"267\" srcset=\"https:\/\/semmelweis.hu\/fogpotlastan\/files\/2022\/09\/csoportkep-400x267.jpg 400w, https:\/\/semmelweis.hu\/fogpotlastan\/files\/2022\/09\/csoportkep-1024x683.jpg 1024w, https:\/\/semmelweis.hu\/fogpotlastan\/files\/2022\/09\/csoportkep-768x512.jpg 768w, https:\/\/semmelweis.hu\/fogpotlastan\/files\/2022\/09\/csoportkep-1536x1024.jpg 1536w, https:\/\/semmelweis.hu\/fogpotlastan\/files\/2022\/09\/csoportkep-753x502.jpg 753w, https:\/\/semmelweis.hu\/fogpotlastan\/files\/2022\/09\/csoportkep-203x135.jpg 203w, https:\/\/semmelweis.hu\/fogpotlastan\/files\/2022\/09\/csoportkep.jpg 2048w\" sizes=\"auto, (max-width: 400px) 100vw, 400px\" \/><br \/>\n1. Dr. V\u00e9gh D\u00e1niel Ph.D. \u2013 SE Fogp\u00f3tl\u00e1stani Klinika<br \/>\n2. Dr. B\u00e1nyai Dorottya \u2013 SE Gyermekfog\u00e1szati \u00e9s Fogszab\u00e1lyoz\u00e1si Klinika<br \/>\n3. Dr. V\u00e9gh \u00c1d\u00e1m J\u00e1nos \u2013 SE Arc-, \u00c1llcsont-, Sz\u00e1jseb\u00e9szeti- \u00e9s Fog\u00e1szati Klinika<br \/>\n4. Prof. Dr. Hermann P\u00e9ter \u2013 szakmai mentor \u2013 SE Fogp\u00f3tl\u00e1stani Klinika<br \/>\n5. Dr. Kammerhofer G\u00e1bor &#8211; SE Arc-, \u00c1llcsont-, Sz\u00e1jseb\u00e9szeti- \u00e9s Fog\u00e1szati Klinika<br \/>\n6. Dr. Bicz\u00f3 Zita &#8211; SE Arc-, \u00c1llcsont-, Sz\u00e1jseb\u00e9szeti- \u00e9s Fog\u00e1szati Klinika<br \/>\n7. Dr. Somogyi Kata S\u00e1ra \u2013 SE Fogp\u00f3tl\u00e1stani Klinika<br \/>\n8. Kov\u00e1csn\u00e9 Dr. Somogyi Andrea \u2013 SE Fogp\u00f3tl\u00e1stani Klinika<br \/>\n9. Dr. Bencze Bulcs\u00fa \u2013 SE Fogp\u00f3tl\u00e1stani Klinika<\/p>\n<p style=\"text-align: justify\">A t\u00e9m\u00e1ban 2015 \u00f3ta 1 befejezett, \u00e9s 4 folyamatban l\u00e9v\u0151 Ph.D. munka zajlik.<\/p>\n<p>A munkacsoportunk tudom\u00e1nyos el\u0151ad\u00e1sokat rendszeresen tart, ezek k\u00f6z\u00fcl a legfontosabbak:<br \/>\n\u2013 2015 World Diabetes Congress <br \/>\n\u2013 IDF -Vancouver, Kanada<br \/>\n\u2013 2017 World Diabetes Congress \u2013 IDF- Abu Dhabi, UAE<br \/>\n\u2013 2018 World Dental Congress \u2013 FDI \u2013 Buenos Aires, Argent\u00edna<br \/>\n\u2013 2019 World Diabetes Congress \u2013 IDF \u2013 Busan, D\u00e9l Korea<br \/>\n\u2013 2019 CED IADR Congress \u2013 Madrid, Spanyolorsz\u00e1g<\/p>\n<p style=\"text-align: justify\">2015 \u00f3ta 3 alkalommal Kari Kutat\u00e1si p\u00e1ly\u00e1zatot, Romics Alap\u00edtv\u00e1nyi \u00f6szt\u00f6nd\u00edjat, t\u00f6bb alkalommal MDT utaz\u00e1si p\u00e1ly\u00e1zatot, Dr. Kor\u00e1nyi Andr\u00e1s Alap\u00edtv\u00e1ny \u00f6szt\u00f6nd\u00edjat, Boehringer Ingelheim p\u00e1lyad\u00edjat illetve \u00daNKP posztdoktori \u00f6szt\u00f6nd\u00edjat elnyerni \u00f6sszesen t\u00f6bb mint 10 milli\u00f3 forint \u00e9rt\u00e9kben.<br \/>\nFogorvosi rendezv\u00e9nyek szervez\u00e9se:<br \/>\n1. Eg\u00e9szs\u00e9ges Sz\u00e1j Napja 2015 \u2013 Semmelweis Egyetem<br \/>\n2. Egy Csepp Figyelem Vil\u00e1gnap 2018 \u2013 Sz\u00e1j\u00fcregi sz\u0171r\u00e9s \u00e9s konzult\u00e1ci\u00f3<br \/>\n3. Egy Csepp Figyelem Vil\u00e1gnap 2019 &#8211; Sz\u00e1j\u00fcregi sz\u0171r\u00e9s \u00e9s konzult\u00e1ci\u00f3<br \/>\n4. Kutat\u00f3k \u00e9jszak\u00e1ja 2019 &#8211; Sz\u00e1j\u00fcregi sz\u0171r\u00e9s \u00e9s konzult\u00e1ci\u00f3<br \/>\n5. Egy Csepp Figyelem Vil\u00e1gnap 2021 &#8211; Sz\u00e1j\u00fcregi sz\u0171r\u00e9s \u00e9s konzult\u00e1ci\u00f3<\/p>\n<p style=\"text-align: justify\">Betegeduk\u00e1ci\u00f3s kiadv\u00e1ny: <br \/>\n1. V\u00e9gh , D Sz\u00e1jhigi\u00e9ne fejezet: L\u00e9p\u00e9sr\u0151l L\u00e9p\u00e9sre \u2013 Tudnival\u00f3k a cukorbetegs\u00e9gr\u0151l \u2013 CEOSZ betegeduk\u00e1ci\u00f3s k\u00f6nyv 2018<br \/>\nEgyetemi k\u00f6nyvfejezet:<br \/>\n1. V\u00e9gh, D Diab\u00e9tesszel \u00e9l\u0151 betegek fog\u00e1szati probl\u00e9m\u00e1i \u00e9s speci\u00e1lis kezel\u00e9si lehet\u0151s\u00e9gei In: Jo\u00f3b-Fancsaly, \u00c1 (eds.) Fog\u00e1szati p\u00e1ciensek ell\u00e1t\u00e1s\u00e1t befoly\u00e1sol\u00f3 \u00e1llapotok \u00e9s betegs\u00e9gek Bp, Hungary : Semmelweis Kiad\u00f3 \u00e9s Multim\u00e9dia St\u00fadi\u00f3 (2022) 184 p. pp. 169-178. , 10 p. Part of textbook for Higher Education (Chapter in Book) | Educational<\/p>\n<p style=\"text-align: justify\">Legfontosabb publik\u00e1ci\u00f3nk:<\/p>\n<p style=\"text-align: justify\">1. Vegh A, Vegh D, Banyai D, Kammerhofer G, Biczo Z, Voros B, Ujpal M, Pena Cardelles JF, Yonel Z, Joob-Fancsaly A, Hermann P, Nemeth Zs: Point-of-care HbA1c Measurements in Oral Cancer and Control Patients in Hungary, In Vivo Sep 2022, 36 (5) 2248-2254; DOI: 10.21873\/invivo.12952<br \/>\n2. Kammerhofer G, Somogyi KS, Bicz\u00f3 Z, V\u00e9gh D, Ujp\u00e1l M, Vaszilk\u00f3 MT, B\u00e1nyai D, F\u00fczes A, V\u00e9gh \u00c1, Jo\u00f3b-Fancsaly \u00c1, N\u00e9meth Z. A gy\u00f3gyszer okozta \u00e1llcsontnekr\u00f3zis \u00e9s a v\u00e9rcukorszint kapcsolata. Orv Hetil. 2022 Apr 10;163(15):599-605. doi: 10.1556\/650.2022.32445. PMID: 35398815.<br \/>\n3. Remschmidt B, Pau M, Gaessler J, Zemann W, Jakse N, Payer M, V\u00e9gh D. Diabetes Mellitus and Oral Cancer: A Retrospective Study from Austria. Anticancer Res. 2022 Apr;42(4):1899-1903. doi: 10.21873\/anticanres.15666. PMID: 35347008.<br \/>\n4. Banyai D, Vegh D, Vegh A, Ujpal M, Payer M, Biczo Z, Triebl Z, Mukaddam K, Herber V, Jakse N, Nemeth Z, Hermann P, R\u00f3zsa N. Oral Health Status of Children Living with Type 1 Diabetes Mellitus. Int J Environ Res Public Health. 2022 Jan 4;19(1):545. doi: 10.3390\/ijerph19010545. PMID: 35010805; PMCID: PMC8744624.<br \/>\n5. Vegh A, Banyai D, Ujpal M, Somogyi KS, Biczo Z, Kammerhofer G, Nemeth Z, Hermann P, Payer M, Vegh D. Prevalence of Diabetes and Impaired Fasting Glycemia in Patients With Oral Cancer: A Retrospective Study in Hungary. Anticancer Res. 2022 Jan;42(1):109-113. doi: 10.21873\/anticanres.15464. PMID: 34969716.<br \/>\n6. Banyai D, Vegh A, Biczo Z, Barone MTU, Hegedus T, Vegh D. Oral Health Knowledge and Habits of People With Type 1 and Type 2 Diabetes. Int Dent J. 2022 Jun;72(3):407-413. doi: 10.1016\/j.identj.2021.07.003. Epub 2021 Sep 8. PMID: 34509286; PMCID: PMC9275298.<br \/>\n7. Barone MTU, Ngongo B, Harnik SB, Oliveira LX, V\u00e9gh D, de Luca PV, Pedrosa HC, Giraudo F, Cardona-Hernandez R, Chaudhury N, Menna-Barreto L. COVID-19 associated with diabetes and other noncommunicable diseases led to a global health crisis. Diabetes Res Clin Pract. 2021 Jan;171:108587. doi: 10.1016\/j.diabres.2020.108587. Epub 2020 Dec 9. PMID: 33307134; PMCID: PMC7724978.<br \/>\n8. B\u00e1nyai D, V\u00e9gh D, Vaszilk\u00f3 M, V\u00e9gh \u00c1, \u00c1cs L, R\u00f3zsa N, Hermann P, N\u00e9meth Z, Ujp\u00e1l M. A 2-es t\u00edpus\u00fa diabetes mellitus prevalenci\u00e1j\u00e1nak v\u00e1ltoz\u00e1sa sz\u00e1j\u00fcregi carcinom\u00e1s betegek k\u00f6r\u00e9ben [Incidence of type 2 diabetes among oral cancer patients in Hungary]. Orv Hetil. 2018 May;159(20):803-807. Hungarian. doi: 10.1556\/650.2018.31076. PMID: 29754510.<br \/>\n9. Sanz M, Ceriello A, Buysschaert M, Chapple I, Demmer RT, Graziani F, Herrera D, Jepsen S, Lione L, Madianos P, Mathur M, Montanya E, Shapira L, Tonetti M, Vegh D. Scientific evidence on the links between periodontal diseases and diabetes: Consensus report and guidelines of the joint workshop on periodontal diseases and diabetes by the International Diabetes Federation and the European Federation of Periodontology. J Clin Periodontol. 2018 Feb;45(2):138-149. doi: 10.1111\/jcpe.12808. Epub 2017 Dec 26. PMID: 29280174.<br \/>\n10. Sanz M, Ceriello A, Buysschaert M, Chapple I, Demmer RT, Graziani F, Herrera D, Jepsen S, Lione L, Madianos P, Mathur M, Montanya E, Shapira L, Tonetti M, Vegh D. Scientific evidence on the links between periodontal diseases and diabetes: Consensus report and guidelines of the joint workshop on periodontal diseases and diabetes by the International diabetes Federation and the European Federation of Periodontology. Diabetes Res Clin Pract. 2018 Mar;137:231-241. doi: 10.1016\/j.diabres.2017.12.001. Epub 2017 Dec 5. PMID: 29208508.<br \/>\n11. V\u00e9gh D, Somogyi A, B\u00e1nyai D, Lakatos M, Balogh M, Al-Khrasani M, F\u00fcrst S, Vizi ES, Hermann P. Effects of articaine on [3H]noradrenaline release from cortical and spinal cord slices prepared from normal and streptozotocin-induced diabetic rats and compared to lidocaine. Brain Res Bull. 2017 Oct;135:157-162. doi: 10.1016\/j.brainresbull.2017.10.011. Epub 2017 Oct 18. PMID: 29054696.<br \/>\n12. V\u00e9gh D, B\u00e1nyai D, Hermann P, N\u00e9meth Z, Ujp\u00e1l M. Type-2 Diabetes Mellitus and Oral Tumors in Hungary: A Long-term Comparative Epidemiological Study. Anticancer Res. 2017 Apr;37(4):1853-1857. doi: 10.21873\/anticanres.11521. PMID: 28373451.<br \/>\n13. V\u00e9gh D, B\u00e1nyai D, Ujp\u00e1l M. A diabetes mellitus el\u0151fordul\u00e1si gyakoris\u00e1g\u00e1nak v\u00e1ltoz\u00e1sa a malignus sz\u00e1j\u00fcregi daganatos betegek k\u00f6r\u00e9ben hossz\u00fat\u00e1v\u00fa \u00f6sszehason\u00edt\u00f3 vizsg\u00e1lat alapj\u00e1n [Change in the incidence of diabetes mellitus in oral cancer patients based on a long-term comparative study]. Fogorv Sz. 2015 Mar;108(1):9-12. Hungarian. PMID: 26117953.<\/p>\n<p style=\"text-align: justify\">2022.09.13.<br \/>\nDr. V\u00e9gh D\u00e1niel Ph.D.<\/p>\n<p style=\"text-align: justify\">\u00a0<\/p>\n","protected":false},"excerpt":{"rendered":"<p>A diab\u00e9tesz vil\u00e1gszerte t\u00f6bb mint 300 milli\u00f3, m\u00edg Magyarorsz\u00e1gon 750.000 embert \u00e9rint a Nemzetk\u00f6zi Diab\u00e9tesz T\u00e1rsas\u00e1g (IDF) \u00e9s a Magyar Diabetes T\u00e1rsas\u00e1g (MDT) legfrissebb \u00f6sszes\u00edt\u00e9sei szerint. E statisztika szerint haz\u00e1nkban minden 10. p\u00e1ciens, aki fogorvosi rendel\u0151be l\u00e9p, cukorbeteg, vagy a cukorbetegs\u00e9g \u201eel\u0151szob\u00e1j\u00e1nak\u201d tekinthet\u0151 prediab\u00e9tesz \u00e1llapot\u00e1ban van, emelkedett az \u00e9hgyomri v\u00e9rcukorszintje. A diab\u00e9teszes betegek rizik\u00f3csoportnak tekinthet\u0151ek &hellip;<\/p>\n","protected":false},"author":101231,"featured_media":0,"parent":5099,"menu_order":0,"comment_status":"closed","ping_status":"closed","template":"","meta":{"_acf_changed":false,"footnotes":""},"categories":[],"tags":[],"class_list":["post-4344","page","type-page","status-publish","hentry"],"acf":[],"_links":{"self":[{"href":"https:\/\/semmelweis.hu\/fogpotlastan\/wp-json\/wp\/v2\/pages\/4344","targetHints":{"allow":["GET"]}}],"collection":[{"href":"https:\/\/semmelweis.hu\/fogpotlastan\/wp-json\/wp\/v2\/pages"}],"about":[{"href":"https:\/\/semmelweis.hu\/fogpotlastan\/wp-json\/wp\/v2\/types\/page"}],"author":[{"embeddable":true,"href":"https:\/\/semmelweis.hu\/fogpotlastan\/wp-json\/wp\/v2\/users\/101231"}],"replies":[{"embeddable":true,"href":"https:\/\/semmelweis.hu\/fogpotlastan\/wp-json\/wp\/v2\/comments?post=4344"}],"version-history":[{"count":10,"href":"https:\/\/semmelweis.hu\/fogpotlastan\/wp-json\/wp\/v2\/pages\/4344\/revisions"}],"predecessor-version":[{"id":8229,"href":"https:\/\/semmelweis.hu\/fogpotlastan\/wp-json\/wp\/v2\/pages\/4344\/revisions\/8229"}],"up":[{"embeddable":true,"href":"https:\/\/semmelweis.hu\/fogpotlastan\/wp-json\/wp\/v2\/pages\/5099"}],"wp:attachment":[{"href":"https:\/\/semmelweis.hu\/fogpotlastan\/wp-json\/wp\/v2\/media?parent=4344"}],"wp:term":[{"taxonomy":"category","embeddable":true,"href":"https:\/\/semmelweis.hu\/fogpotlastan\/wp-json\/wp\/v2\/categories?post=4344"},{"taxonomy":"post_tag","embeddable":true,"href":"https:\/\/semmelweis.hu\/fogpotlastan\/wp-json\/wp\/v2\/tags?post=4344"}],"curies":[{"name":"wp","href":"https:\/\/api.w.org\/{rel}","templated":true}]}}