{"id":4051,"date":"2018-10-05T14:09:15","date_gmt":"2018-10-05T12:09:15","guid":{"rendered":"http:\/\/semmelweis.hu\/fogpotlastan\/?page_id=4051"},"modified":"2025-03-26T10:39:19","modified_gmt":"2025-03-26T09:39:19","slug":"roth-ivett","status":"publish","type":"page","link":"https:\/\/semmelweis.hu\/fogpotlastan\/munkatarsak-terv\/roth-ivett\/","title":{"rendered":"Dr. R\u00f3th Ivett"},"content":{"rendered":"<p><strong><span style=\"font-size: 12pt\">Tanulm\u00e1nyok, szakk\u00e9pes\u00edt\u00e9s<a href=\"https:\/\/semmelweis.hu\/fogpotlastan\/files\/2024\/07\/Dr.-Roth-Ivett-scaled.jpg\"><img loading=\"lazy\" decoding=\"async\" class=\" wp-image-9150 alignright\" src=\"https:\/\/semmelweis.hu\/fogpotlastan\/files\/2024\/07\/Dr.-Roth-Ivett-267x400.jpg\" alt=\"\" width=\"209\" height=\"313\" srcset=\"https:\/\/semmelweis.hu\/fogpotlastan\/files\/2024\/07\/Dr.-Roth-Ivett-267x400.jpg 267w, https:\/\/semmelweis.hu\/fogpotlastan\/files\/2024\/07\/Dr.-Roth-Ivett-683x1024.jpg 683w, https:\/\/semmelweis.hu\/fogpotlastan\/files\/2024\/07\/Dr.-Roth-Ivett-768x1152.jpg 768w, https:\/\/semmelweis.hu\/fogpotlastan\/files\/2024\/07\/Dr.-Roth-Ivett-1024x1536.jpg 1024w, https:\/\/semmelweis.hu\/fogpotlastan\/files\/2024\/07\/Dr.-Roth-Ivett-1365x2048.jpg 1365w, https:\/\/semmelweis.hu\/fogpotlastan\/files\/2024\/07\/Dr.-Roth-Ivett-753x1130.jpg 753w, https:\/\/semmelweis.hu\/fogpotlastan\/files\/2024\/07\/Dr.-Roth-Ivett-scaled.jpg 1707w\" sizes=\"auto, (max-width: 209px) 100vw, 209px\" \/><\/a><\/span><\/strong><br \/>\n<span style=\"font-size: 12pt\">2022 PhD v\u00e9d\u00e9s<br \/>\n2021 Fogp\u00f3tl\u00e1stan szakvizsga<br \/>\n2018 Fogorvos diploma \u2013 Semmelweis Egyetem Fogorvostudom\u00e1nyi Kar<\/span><br \/>\n<span style=\"font-size: 12pt\"><br \/>\n<strong>Szakmai tapasztalat \/ klinikai el\u0151menetel<\/strong><\/span><br \/>\n<span style=\"font-size: 12pt\">2023- Fogp\u00f3tl\u00e1stan Klinika &#8211; egyetemi adjunktus<br \/>\n2021-2023. Fogp\u00f3tl\u00e1stan Klinika &#8211; klinikai szakorvos<br \/>\n2018-2021. Fogp\u00f3tl\u00e1stan Klinika \u2013 k\u00f6zponti gyakornok<\/span><\/p>\n<p><strong><span style=\"font-size: 12pt\">Tudom\u00e1nyos tev\u00e9kenys\u00e9g<\/span><\/strong><br \/>\n<span style=\"font-size: 12pt\">Rektori P\u00e1lyamunka: Intraor\u00e1lis szkenner rendszerek protetikai alkalmaz\u00e1sa (2017)<\/span><br \/>\n<span style=\"font-size: 12pt\">PhD: Intraor\u00e1lis szkennerek fogp\u00f3tl\u00e1stani alkalmaz\u00e1sa (2018- ) <\/span><br \/>\n<span style=\"font-size: 12pt\">T\u00e9mavezet\u0151k: Dr. Borb\u00e9ly Judit, Prof. Dr. Hermann P\u00e9ter<\/span><\/p>\n<p><span style=\"font-size: 12pt\"><strong>El\u0151ad\u00e1sok<\/strong><span style=\"font-weight: 400\"><br \/>\n<\/span><span style=\"font-weight: 400\">Semmelweis Egyetem TDK Konferencia 2016: <\/span><i><span style=\"font-weight: 400\">A CAD\/CAM virtu\u00e1lis minta pontoss\u00e1g\u00e1nak vizsg\u00e1lata<\/span><\/i><i><span style=\"font-weight: 400\"><br \/>\n<\/span><\/i><span style=\"font-weight: 400\">T\u00e9mavezet\u0151: Dr. Borb\u00e9ly Judit, Fogp\u00f3tl\u00e1stani Klinika<\/span><\/span><\/p>\n<p><span style=\"font-size: 12pt\"><span style=\"font-weight: 400\">Semmelweis Egyetem TDK Konferencia 2017: <\/span><i><span style=\"font-weight: 400\">Az intraor\u00e1lis szkennel\u00e9s idej\u00e9nek \u00e9s k\u00e9psz\u00e1m\u00e1nak v\u00e1ltoz\u00e1sa a gyakorl\u00e1ssal \u00f6sszef\u00fcgg\u00e9sben- in vivo vizsg\u00e1lat<\/span><\/i> <\/span><span style=\"font-size: 12pt\"><span style=\"font-weight: 400\">T\u00e9mavezet\u0151: Dr. Borb\u00e9ly Judit, Fogp\u00f3tl\u00e1stani Klinika<\/span><span style=\"font-weight: 400\"><br \/>\n<\/span><span style=\"font-weight: 400\"><br \/>\nSemmelweis Egyetem TDK Konferencia 2018: <\/span><i><span style=\"font-weight: 400\">Intraor\u00e1lis szkennerrel t\u00f6rt\u00e9n\u0151 digit\u00e1lis lenyomatv\u00e9tel \u00e9s fogsz\u00edn-meghat\u00e1roz\u00e1s in vivo vizsg\u00e1lata<\/span><\/i><span style=\"font-weight: 400\">T\u00e9mavezet\u0151: Dr. Borb\u00e9ly Judit, Prof. Dr. Hermann P\u00e9ter, Fogp\u00f3tl\u00e1stani Klinika<\/span><span style=\"font-weight: 400\"><br \/>\n<\/span><span style=\"font-weight: 400\"><br \/>\nMagyar Fogorvosok Egyes\u00fclete, Fogp\u00f3tl\u00e1stani T\u00e1rsas\u00e1g\u00e1nak XXII. Kongresszusa 2017: <\/span><i><span style=\"font-weight: 400\">Az intraor\u00e1lis szkennel\u00e9s idej\u00e9nek \u00e9s k\u00e9psz\u00e1m\u00e1nak v\u00e1ltoz\u00e1sa a gyakorl\u00e1ssal \u00f6sszef\u00fcgg\u00e9sben- in vivo vizsg\u00e1lat <\/span><\/i><span style=\"font-weight: 400\">CED-IADR Oral Health Research Kongresszus 2017: <\/span><i><span style=\"font-weight: 400\">Increasing Efficiency in Practical Digital Impression Taking <\/span><\/i><i><span style=\"font-weight: 400\"><br \/>\n<\/span><\/i><span style=\"font-weight: 400\">I. R\u00f3th, A. Czigola, Z. Kov\u00e1cs, G. Jo\u00f3s-Kov\u00e1cs, J. Borb\u00e9ly, P. Hermann<\/span><\/span><\/p>\n<p><strong><span style=\"font-size: 12pt\">Nyelvismeret<\/span><\/strong><br \/>\n<span style=\"font-size: 12pt\">magyar anyanyelv<\/span><br \/>\n<span style=\"font-size: 12pt\">angol k\u00f6z\u00e9pfok<\/span><\/p>\n<p><a href=\"https:\/\/m2.mtmt.hu\/gui2\/?type=authors&amp;mode=browse&amp;sel=10072453\"><span style=\"font-size: 12pt\">Tudom\u00e1nyos k\u00f6zlem\u00e9nyek<\/span><\/a><\/p>\n<p><span style=\"font-size: 12pt\"><em>Az el\u00e9rhet\u0151s\u00e9gi adatok nem haszn\u00e1lhat\u00f3k fel az 1995. \u00e9vi CXIX. t\u00f6rv\u00e9ny szerinti kutat\u00e1s \u00e9s k\u00f6zvetlen \u00fczletszerz\u00e9s c\u00e9lj\u00e1ra.<\/em><\/span><\/p>\n","protected":false},"excerpt":{"rendered":"<p>Tanulm\u00e1nyok, szakk\u00e9pes\u00edt\u00e9s <a href=\"https:\/\/semmelweis.hu\/fogpotlastan\/files\/2024\/07\/Dr.-Roth-Ivett-scaled.jpg\"><\/a> 2022 PhD v\u00e9d\u00e9s 2021 Fogp\u00f3tl\u00e1stan szakvizsga 2018 Fogorvos diploma \u2013 Semmelweis Egyetem Fogorvostudom\u00e1nyi Kar Szakmai tapasztalat \/ klinikai el\u0151menetel 2023- Fogp\u00f3tl\u00e1stan Klinika &#8211; egyetemi adjunktus 2021-2023. Fogp\u00f3tl\u00e1stan Klinika &#8211; klinikai szakorvos 2018-2021. Fogp\u00f3tl\u00e1stan Klinika \u2013 k\u00f6zponti gyakornok Tudom\u00e1nyos tev\u00e9kenys\u00e9g Rektori P\u00e1lyamunka: Intraor\u00e1lis szkenner rendszerek protetikai alkalmaz\u00e1sa (2017) PhD: Intraor\u00e1lis szkennerek fogp\u00f3tl\u00e1stani alkalmaz\u00e1sa (2018- &hellip;<\/p>\n","protected":false},"author":101231,"featured_media":0,"parent":9019,"menu_order":1,"comment_status":"closed","ping_status":"closed","template":"","meta":{"_acf_changed":false,"footnotes":""},"categories":[],"tags":[],"class_list":["post-4051","page","type-page","status-publish","hentry"],"acf":[],"_links":{"self":[{"href":"https:\/\/semmelweis.hu\/fogpotlastan\/wp-json\/wp\/v2\/pages\/4051","targetHints":{"allow":["GET"]}}],"collection":[{"href":"https:\/\/semmelweis.hu\/fogpotlastan\/wp-json\/wp\/v2\/pages"}],"about":[{"href":"https:\/\/semmelweis.hu\/fogpotlastan\/wp-json\/wp\/v2\/types\/page"}],"author":[{"embeddable":true,"href":"https:\/\/semmelweis.hu\/fogpotlastan\/wp-json\/wp\/v2\/users\/101231"}],"replies":[{"embeddable":true,"href":"https:\/\/semmelweis.hu\/fogpotlastan\/wp-json\/wp\/v2\/comments?post=4051"}],"version-history":[{"count":10,"href":"https:\/\/semmelweis.hu\/fogpotlastan\/wp-json\/wp\/v2\/pages\/4051\/revisions"}],"predecessor-version":[{"id":9561,"href":"https:\/\/semmelweis.hu\/fogpotlastan\/wp-json\/wp\/v2\/pages\/4051\/revisions\/9561"}],"up":[{"embeddable":true,"href":"https:\/\/semmelweis.hu\/fogpotlastan\/wp-json\/wp\/v2\/pages\/9019"}],"wp:attachment":[{"href":"https:\/\/semmelweis.hu\/fogpotlastan\/wp-json\/wp\/v2\/media?parent=4051"}],"wp:term":[{"taxonomy":"category","embeddable":true,"href":"https:\/\/semmelweis.hu\/fogpotlastan\/wp-json\/wp\/v2\/categories?post=4051"},{"taxonomy":"post_tag","embeddable":true,"href":"https:\/\/semmelweis.hu\/fogpotlastan\/wp-json\/wp\/v2\/tags?post=4051"}],"curies":[{"name":"wp","href":"https:\/\/api.w.org\/{rel}","templated":true}]}}