{"id":3204,"date":"2017-09-13T09:06:09","date_gmt":"2017-09-13T07:06:09","guid":{"rendered":"http:\/\/semmelweis.hu\/fogpotlastan\/?page_id=3204"},"modified":"2025-03-26T11:16:57","modified_gmt":"2025-03-26T10:16:57","slug":"toth-viktoria","status":"publish","type":"page","link":"https:\/\/semmelweis.hu\/fogpotlastan\/munkatarsak-terv\/toth-viktoria\/","title":{"rendered":"Dr. T\u00f3th Vikt\u00f3ria"},"content":{"rendered":"<p><span style=\"font-size: 12pt\"><strong>Tanulm\u00e1nyok, szakk\u00e9pes\u00edt\u00e9s<\/strong><img loading=\"lazy\" decoding=\"async\" class=\"size-medium wp-image-5592 alignright\" src=\"https:\/\/semmelweis.hu\/fogpotlastan\/files\/2019\/10\/Dr.-T\u00f3th-Vikt\u00f3ria-200x300.jpg\" alt=\"\" width=\"200\" height=\"300\" srcset=\"https:\/\/semmelweis.hu\/fogpotlastan\/files\/2019\/10\/Dr.-T\u00f3th-Vikt\u00f3ria-200x300.jpg 200w, https:\/\/semmelweis.hu\/fogpotlastan\/files\/2019\/10\/Dr.-T\u00f3th-Vikt\u00f3ria.jpg 500w\" sizes=\"auto, (max-width: 200px) 100vw, 200px\" \/><\/span><br \/>\n<span style=\"font-size: 12pt\">2018. nov. 1-t\u0151l Fogp\u00f3tl\u00e1stan szakk\u00e9pz\u00e9s<\/span><br \/>\n<span style=\"font-size: 12pt\">2017-2018. Konzerv\u00e1l\u00f3 fog\u00e1szat \u00e9s fogp\u00f3tl\u00e1stan szakk\u00e9pz\u00e9s<\/span><br \/>\n<span style=\"font-size: 12pt\">2017 Fogorvos diploma \u2013 Semmelweis Egyetem Fogorvostudom\u00e1nyi Kar<\/span><br \/>\n<span style=\"font-size: 12pt\"><br \/>\n<strong>Szakmai tapasztalat \/ klinikai el\u0151menetel<\/strong><\/span><br \/>\n<span style=\"font-size: 12pt\">2017- SE Fogp\u00f3tl\u00e1stani Klinika \u2013 klinikai gyakornok<\/span><\/p>\n<p><span style=\"font-size: 12pt\"><strong>Munkacsoportok<\/strong><br \/>\n2017- Polimer kutat\u00f3csoport<\/span><br \/>\n<span style=\"font-size: 12pt\">2018- Implant\u00e1ci\u00f3s protetikai munkacsoport<\/span><\/p>\n<p><strong><span style=\"font-size: 12pt\">Szakmai szervezeti tags\u00e1gok<\/span><\/strong><br \/>\n<span style=\"font-size: 12pt\">Magyar Fogp\u00f3tl\u00e1stani T\u00e1rsas\u00e1g<\/span><br \/>\n<span style=\"font-size: 12pt\"><br \/>\n<strong>Nyelvismeret<\/strong><\/span><br \/>\n<span style=\"font-size: 12pt\">magyar anyanyelv<\/span><br \/>\n<span style=\"font-size: 12pt\">angol fels\u0151fok<\/p>\n<p><a href=\"https:\/\/m2.mtmt.hu\/gui2\/?type=authors&amp;mode=browse&amp;sel=10084436\">Tudom\u00e1nyos k\u00f6zlem\u00e9nyek<\/a><\/span><\/p>\n<p><span style=\"font-size: 10pt\"><em>Az el\u00e9rhet\u0151s\u00e9gi adatok nem haszn\u00e1lhat\u00f3k fel az 1995. \u00e9vi CXIX. t\u00f6rv\u00e9ny szerinti kutat\u00e1s \u00e9s k\u00f6zvetlen \u00fczletszerz\u00e9s c\u00e9lj\u00e1ra.<\/em><\/span><\/p>\n","protected":false},"excerpt":{"rendered":"<p>Tanulm\u00e1nyok, szakk\u00e9pes\u00edt\u00e9s 2018. nov. 1-t\u0151l Fogp\u00f3tl\u00e1stan szakk\u00e9pz\u00e9s 2017-2018. Konzerv\u00e1l\u00f3 fog\u00e1szat \u00e9s fogp\u00f3tl\u00e1stan szakk\u00e9pz\u00e9s 2017 Fogorvos diploma \u2013 Semmelweis Egyetem Fogorvostudom\u00e1nyi Kar Szakmai tapasztalat \/ klinikai el\u0151menetel 2017- SE Fogp\u00f3tl\u00e1stani Klinika \u2013 klinikai gyakornok Munkacsoportok 2017- Polimer kutat\u00f3csoport 2018- Implant\u00e1ci\u00f3s protetikai munkacsoport Szakmai szervezeti tags\u00e1gok Magyar Fogp\u00f3tl\u00e1stani T\u00e1rsas\u00e1g Nyelvismeret magyar anyanyelv angol fels\u0151fok <a href=\"https:\/\/m2.mtmt.hu\/gui2\/?type=authors&amp;mode=browse&amp;sel=10084436\">Tudom\u00e1nyos k\u00f6zlem\u00e9nyek<\/a> Az el\u00e9rhet\u0151s\u00e9gi adatok &hellip;<\/p>\n","protected":false},"author":101231,"featured_media":0,"parent":9019,"menu_order":1,"comment_status":"closed","ping_status":"closed","template":"","meta":{"_acf_changed":false,"footnotes":""},"categories":[],"tags":[],"class_list":["post-3204","page","type-page","status-publish","hentry"],"acf":[],"_links":{"self":[{"href":"https:\/\/semmelweis.hu\/fogpotlastan\/wp-json\/wp\/v2\/pages\/3204","targetHints":{"allow":["GET"]}}],"collection":[{"href":"https:\/\/semmelweis.hu\/fogpotlastan\/wp-json\/wp\/v2\/pages"}],"about":[{"href":"https:\/\/semmelweis.hu\/fogpotlastan\/wp-json\/wp\/v2\/types\/page"}],"author":[{"embeddable":true,"href":"https:\/\/semmelweis.hu\/fogpotlastan\/wp-json\/wp\/v2\/users\/101231"}],"replies":[{"embeddable":true,"href":"https:\/\/semmelweis.hu\/fogpotlastan\/wp-json\/wp\/v2\/comments?post=3204"}],"version-history":[{"count":10,"href":"https:\/\/semmelweis.hu\/fogpotlastan\/wp-json\/wp\/v2\/pages\/3204\/revisions"}],"predecessor-version":[{"id":9568,"href":"https:\/\/semmelweis.hu\/fogpotlastan\/wp-json\/wp\/v2\/pages\/3204\/revisions\/9568"}],"up":[{"embeddable":true,"href":"https:\/\/semmelweis.hu\/fogpotlastan\/wp-json\/wp\/v2\/pages\/9019"}],"wp:attachment":[{"href":"https:\/\/semmelweis.hu\/fogpotlastan\/wp-json\/wp\/v2\/media?parent=3204"}],"wp:term":[{"taxonomy":"category","embeddable":true,"href":"https:\/\/semmelweis.hu\/fogpotlastan\/wp-json\/wp\/v2\/categories?post=3204"},{"taxonomy":"post_tag","embeddable":true,"href":"https:\/\/semmelweis.hu\/fogpotlastan\/wp-json\/wp\/v2\/tags?post=3204"}],"curies":[{"name":"wp","href":"https:\/\/api.w.org\/{rel}","templated":true}]}}