{"id":3193,"date":"2017-09-13T08:42:44","date_gmt":"2017-09-13T06:42:44","guid":{"rendered":"http:\/\/semmelweis.hu\/fogpotlastan\/?page_id=3193"},"modified":"2025-03-26T11:35:19","modified_gmt":"2025-03-26T10:35:19","slug":"dr-viszlai-kovacs-maria","status":"publish","type":"page","link":"https:\/\/semmelweis.hu\/fogpotlastan\/munkatarsak-terv\/dr-viszlai-kovacs-maria\/","title":{"rendered":"Dr. Viszlai &#8211; Kov\u00e1cs M\u00e1ria"},"content":{"rendered":"<p><span style=\"font-size: 12pt\"><strong>Tanulm\u00e1nyok, szakk\u00e9pes\u00edt\u00e9s<\/strong><a href=\"https:\/\/semmelweis.hu\/fogpotlastan\/files\/2019\/10\/Dr.-Viszlai-Kov\u00e1cs-M\u00e1ria.jpg\"><img loading=\"lazy\" decoding=\"async\" class=\"size-medium wp-image-5596 alignright\" src=\"https:\/\/semmelweis.hu\/fogpotlastan\/files\/2019\/10\/Dr.-Viszlai-Kov\u00e1cs-M\u00e1ria-200x300.jpg\" alt=\"\" width=\"200\" height=\"300\" srcset=\"https:\/\/semmelweis.hu\/fogpotlastan\/files\/2019\/10\/Dr.-Viszlai-Kov\u00e1cs-M\u00e1ria-200x300.jpg 200w, https:\/\/semmelweis.hu\/fogpotlastan\/files\/2019\/10\/Dr.-Viszlai-Kov\u00e1cs-M\u00e1ria.jpg 500w\" sizes=\"auto, (max-width: 200px) 100vw, 200px\" \/><\/a><\/span><br \/>\n<span style=\"font-size: 12pt\">2021 Fogp\u00f3tl\u00e1stan szakvizsga<br \/>\n2019 Konzerv\u00e1l\u00f3 fog\u00e1szat \u00e9s fogp\u00f3tl\u00e1stan szakvizsga<br \/>\n2014 Fogorvos diploma \u2013 Semmelweis Egyetem Fogorvostudom\u00e1nyi Kar<\/span><br \/>\n<span style=\"font-size: 12pt\"><br \/>\n<strong>Szakmai tapasztalat \/ klinikai el\u0151menetel<\/strong><\/span><br \/>\n<span style=\"font-size: 12pt\">2019- Fogp\u00f3tl\u00e1stani Klinika &#8211; klinikai szakorvos<br \/>\n2017-2019. Fogp\u00f3tl\u00e1stan Klinika \u2013 gyakornok<\/span><br \/>\n<span style=\"font-size: 12pt\">2014-2015 Konzerv\u00e1l\u00f3 Fog\u00e1szati Klinika \u2013 gyakornok<br \/>\n<\/span><span style=\"font-size: 12pt\">2019- Fogp\u00f3tl\u00e1stani Klinika &#8211; klinikai szakorvos<br \/>\n<\/span><br \/>\n<strong><span style=\"font-size: 12pt\">Tudom\u00e1nyos tev\u00e9kenys\u00e9g<\/span><\/strong><br \/>\n<span style=\"font-size: 12pt\">Munkacsoport: Digit\u00e1lis Fog\u00e1szat Munkacsport, Implant\u00e1ci\u00f3s-protetika Munkacsoport, \u00c1llkapocs\u00edz\u00fcleti Munkacsoport<br \/>\n<\/span><br \/>\n<strong><span style=\"font-size: 12pt\">Szakmai tov\u00e1bbk\u00e9pz\u00e9sek r\u00e9szvev\u0151k\u00e9nt<\/span><\/strong><br \/>\n<span style=\"font-size: 12pt\">2018 Dr. Gombos \u00c1d\u00e1m: From-Endo-To-Resto Part II.: Resto<\/span><br \/>\n<span style=\"font-size: 12pt\">2018 Dr. Grosz J\u00e1nos: Biomechanikai elveken alapul\u00f3 prepar\u00e1ci\u00f3s technik\u00e1k: anterior r\u00e9gi\u00f3<\/span><br \/>\n<span style=\"font-size: 12pt\">2017 Dr. Grosz J\u00e1nos: Biomechanikai elveken alapul\u00f3 prepar\u00e1ci\u00f3s technik\u00e1k: posterior r\u00e9gi\u00f3<\/span><br \/>\n<span style=\"font-size: 12pt\">2017 ICX &#8211; Alapoz\u00f3 implantol\u00f3giai kurzus kezd\u0151knek \u2013 elm\u00e9let<\/span><br \/>\n<span style=\"font-size: 12pt\">2017 ICX &#8211; Alapoz\u00f3 implantol\u00f3giai kurzus kezd\u0151knek \u2013 hands-on protetika<\/span><br \/>\n<span style=\"font-size: 12pt\">2014 Dr. Volom Dental: Direkt h\u00e9j k\u00e9sz\u00edt\u00e9se egyszer\u0171en, kiemelked\u0151 min\u0151s\u00e9gben \u2013 gyakorlati tanfolyam<\/span><br \/>\n<span style=\"font-size: 12pt\"><br \/>\n<strong>Szakmai szervezeti tags\u00e1gok<\/strong><\/span><br \/>\n<span style=\"font-size: 12pt\">MFE Fogp\u00f3tl\u00e1stani T\u00e1rsas\u00e1g<\/span><br \/>\n<span style=\"font-size: 12pt\"><br \/>\n<strong>Nyelvismeret<\/strong><\/span><br \/>\n<span style=\"font-size: 12pt\">magyar anyanyelv<\/span><br \/>\n<span style=\"font-size: 12pt\">angol k\u00f6z\u00e9pfok<\/span><br \/>\n<span style=\"font-size: 12pt\">francia egyetemi z\u00e1r\u00f3vizsga<br \/>\n<\/span><br \/>\n<strong><span style=\"font-size: 12pt\">Egy\u00e9b<\/span><\/strong><br \/>\n<span style=\"font-size: 12pt\">Gyermekkoromt\u00f3l f\u00e9ltem a fogorvosi kezel\u00e9sekt\u0151l, ez\u00e9rt olyan fogorvoss\u00e1 szerettem volna v\u00e1lni, aki eloszlatja a f\u00e9lelmeket. P\u00e1cienseimet nagy emp\u00e1ti\u00e1val kezelem, szeretem a gy\u00f3gy\u00edt\u00e1st \u00e9s egy igaz\u00e1n eleven kisfi\u00fa anyuk\u00e1jak\u00e9nt nem riadok vissza a kih\u00edv\u00e1sokt\u00f3l sem.<\/span><\/p>\n<p><a href=\"https:\/\/m2.mtmt.hu\/gui2\/?type=authors&amp;mode=browse&amp;sel=authors10084032\"><span style=\"font-size: 12pt\">Tudom\u00e1nyos k\u00f6zlem\u00e9nyek<\/span><\/a><\/p>\n<p><span style=\"font-size: 12pt\"><em>Az el\u00e9rhet\u0151s\u00e9gi adatok nem haszn\u00e1lhat\u00f3k fel az 1995. \u00e9vi CXIX. t\u00f6rv\u00e9ny szerinti kutat\u00e1s \u00e9s k\u00f6zvetlen \u00fczletszerz\u00e9s c\u00e9lj\u00e1ra.<\/em><\/span><\/p>\n","protected":false},"excerpt":{"rendered":"<p>Tanulm\u00e1nyok, szakk\u00e9pes\u00edt\u00e9s <a href=\"https:\/\/semmelweis.hu\/fogpotlastan\/files\/2019\/10\/Dr.-Viszlai-Kov\u00e1cs-M\u00e1ria.jpg\"><\/a> 2021 Fogp\u00f3tl\u00e1stan szakvizsga 2019 Konzerv\u00e1l\u00f3 fog\u00e1szat \u00e9s fogp\u00f3tl\u00e1stan szakvizsga 2014 Fogorvos diploma \u2013 Semmelweis Egyetem Fogorvostudom\u00e1nyi Kar Szakmai tapasztalat \/ klinikai el\u0151menetel 2019- Fogp\u00f3tl\u00e1stani Klinika &#8211; klinikai szakorvos 2017-2019. Fogp\u00f3tl\u00e1stan Klinika \u2013 gyakornok 2014-2015 Konzerv\u00e1l\u00f3 Fog\u00e1szati Klinika \u2013 gyakornok 2019- Fogp\u00f3tl\u00e1stani Klinika &#8211; klinikai szakorvos Tudom\u00e1nyos tev\u00e9kenys\u00e9g Munkacsoport: Digit\u00e1lis Fog\u00e1szat Munkacsport, Implant\u00e1ci\u00f3s-protetika Munkacsoport, &hellip;<\/p>\n","protected":false},"author":101231,"featured_media":0,"parent":9019,"menu_order":1,"comment_status":"closed","ping_status":"closed","template":"","meta":{"_acf_changed":false,"footnotes":""},"categories":[],"tags":[],"class_list":["post-3193","page","type-page","status-publish","hentry"],"acf":[],"_links":{"self":[{"href":"https:\/\/semmelweis.hu\/fogpotlastan\/wp-json\/wp\/v2\/pages\/3193","targetHints":{"allow":["GET"]}}],"collection":[{"href":"https:\/\/semmelweis.hu\/fogpotlastan\/wp-json\/wp\/v2\/pages"}],"about":[{"href":"https:\/\/semmelweis.hu\/fogpotlastan\/wp-json\/wp\/v2\/types\/page"}],"author":[{"embeddable":true,"href":"https:\/\/semmelweis.hu\/fogpotlastan\/wp-json\/wp\/v2\/users\/101231"}],"replies":[{"embeddable":true,"href":"https:\/\/semmelweis.hu\/fogpotlastan\/wp-json\/wp\/v2\/comments?post=3193"}],"version-history":[{"count":10,"href":"https:\/\/semmelweis.hu\/fogpotlastan\/wp-json\/wp\/v2\/pages\/3193\/revisions"}],"predecessor-version":[{"id":9572,"href":"https:\/\/semmelweis.hu\/fogpotlastan\/wp-json\/wp\/v2\/pages\/3193\/revisions\/9572"}],"up":[{"embeddable":true,"href":"https:\/\/semmelweis.hu\/fogpotlastan\/wp-json\/wp\/v2\/pages\/9019"}],"wp:attachment":[{"href":"https:\/\/semmelweis.hu\/fogpotlastan\/wp-json\/wp\/v2\/media?parent=3193"}],"wp:term":[{"taxonomy":"category","embeddable":true,"href":"https:\/\/semmelweis.hu\/fogpotlastan\/wp-json\/wp\/v2\/categories?post=3193"},{"taxonomy":"post_tag","embeddable":true,"href":"https:\/\/semmelweis.hu\/fogpotlastan\/wp-json\/wp\/v2\/tags?post=3193"}],"curies":[{"name":"wp","href":"https:\/\/api.w.org\/{rel}","templated":true}]}}