{"id":306,"date":"2012-05-09T07:40:38","date_gmt":"2012-05-09T07:40:38","guid":{"rendered":"http:\/\/semmelweis-egyetem.hu\/fogpotlastan\/?page_id=306"},"modified":"2026-01-12T15:02:24","modified_gmt":"2026-01-12T14:02:24","slug":"jogszabalyok-segedletek","status":"publish","type":"page","link":"https:\/\/semmelweis.hu\/fogpotlastan\/betegellatas\/jogszabalyok-segedletek\/","title":{"rendered":"Jogszab\u00e1lyok, seg\u00e9dletek"},"content":{"rendered":"<p><a href=\"http:\/\/www.neak.gov.hu\/pfile\/file?path=\/letoltheto\/altfin_dok\/altfin_virt_dok2\/Alapellatas\/Fogaszati_szabalykonyv&amp;inline=true\">Szab\u00e1lyk\u00f6nyv<\/a> <br \/>\n<a href=\"https:\/\/semmelweis.hu\/fogpotlastan\/files\/2026\/01\/fogkodlista-2026.01.01-tol.pdf\">Fog\u00e1szati szolg\u00e1ltat\u00e1sok elsz\u00e1mol\u00e1s\u00e1nak felt\u00e9telei<\/a> <br \/>\nGy\u00f3gy\u00e1szati seg\u00e9deszk\u00f6z (14\/2007. E\u00fcM rendelet 10. sz. mell\u00e9klet) <br \/>\nJelent\u00e9s- rekordk\u00e9p, hiba\u00fczenetek \u00a0<\/p>\n","protected":false},"excerpt":{"rendered":"<p><a href=\"http:\/\/www.neak.gov.hu\/pfile\/file?path=\/letoltheto\/altfin_dok\/altfin_virt_dok2\/Alapellatas\/Fogaszati_szabalykonyv&amp;inline=true\">Szab\u00e1lyk\u00f6nyv<\/a><br \/>\n<a href=\"https:\/\/semmelweis.hu\/fogpotlastan\/files\/2026\/01\/fogkodlista-2026.01.01-tol.pdf\">Fog\u00e1szati szolg\u00e1ltat\u00e1sok elsz\u00e1mol\u00e1s\u00e1nak felt\u00e9telei<\/a><br \/>\nGy\u00f3gy\u00e1szati seg\u00e9deszk\u00f6z (14\/2007. E\u00fcM rendelet 10. sz. mell\u00e9klet)<br \/>\nJelent\u00e9s- rekordk\u00e9p, hiba\u00fczenetek \u00a0<\/p>\n","protected":false},"author":38,"featured_media":0,"parent":7,"menu_order":4,"comment_status":"open","ping_status":"open","template":"","meta":{"_acf_changed":false,"footnotes":""},"categories":[],"tags":[],"class_list":["post-306","page","type-page","status-publish","hentry"],"acf":[],"_links":{"self":[{"href":"https:\/\/semmelweis.hu\/fogpotlastan\/wp-json\/wp\/v2\/pages\/306","targetHints":{"allow":["GET"]}}],"collection":[{"href":"https:\/\/semmelweis.hu\/fogpotlastan\/wp-json\/wp\/v2\/pages"}],"about":[{"href":"https:\/\/semmelweis.hu\/fogpotlastan\/wp-json\/wp\/v2\/types\/page"}],"author":[{"embeddable":true,"href":"https:\/\/semmelweis.hu\/fogpotlastan\/wp-json\/wp\/v2\/users\/38"}],"replies":[{"embeddable":true,"href":"https:\/\/semmelweis.hu\/fogpotlastan\/wp-json\/wp\/v2\/comments?post=306"}],"version-history":[{"count":10,"href":"https:\/\/semmelweis.hu\/fogpotlastan\/wp-json\/wp\/v2\/pages\/306\/revisions"}],"predecessor-version":[{"id":9857,"href":"https:\/\/semmelweis.hu\/fogpotlastan\/wp-json\/wp\/v2\/pages\/306\/revisions\/9857"}],"up":[{"embeddable":true,"href":"https:\/\/semmelweis.hu\/fogpotlastan\/wp-json\/wp\/v2\/pages\/7"}],"wp:attachment":[{"href":"https:\/\/semmelweis.hu\/fogpotlastan\/wp-json\/wp\/v2\/media?parent=306"}],"wp:term":[{"taxonomy":"category","embeddable":true,"href":"https:\/\/semmelweis.hu\/fogpotlastan\/wp-json\/wp\/v2\/categories?post=306"},{"taxonomy":"post_tag","embeddable":true,"href":"https:\/\/semmelweis.hu\/fogpotlastan\/wp-json\/wp\/v2\/tags?post=306"}],"curies":[{"name":"wp","href":"https:\/\/api.w.org\/{rel}","templated":true}]}}