{"id":2438,"date":"2016-06-16T08:13:48","date_gmt":"2016-06-16T06:13:48","guid":{"rendered":"http:\/\/semmelweis.hu\/fogpotlastan\/?page_id=2438"},"modified":"2024-05-28T14:20:49","modified_gmt":"2024-05-28T12:20:49","slug":"somogyi-andrea","status":"publish","type":"page","link":"https:\/\/semmelweis.hu\/fogpotlastan\/munkatarsak-terv\/somogyi-andrea\/","title":{"rendered":"Dr. Somogyi Andrea"},"content":{"rendered":"<p><strong><span style=\"font-size: 12pt\">Tanulm\u00e1nyok, szakk\u00e9pes\u00edt\u00e9s<img loading=\"lazy\" decoding=\"async\" class=\" wp-image-6982 alignright\" src=\"https:\/\/semmelweis.hu\/fogpotlastan\/files\/2021\/03\/Dr.-Somogyi-Andrea-267x400.jpg\" alt=\"\" width=\"200\" height=\"300\" srcset=\"https:\/\/semmelweis.hu\/fogpotlastan\/files\/2021\/03\/Dr.-Somogyi-Andrea-267x400.jpg 267w, https:\/\/semmelweis.hu\/fogpotlastan\/files\/2021\/03\/Dr.-Somogyi-Andrea-683x1024.jpg 683w, https:\/\/semmelweis.hu\/fogpotlastan\/files\/2021\/03\/Dr.-Somogyi-Andrea-768x1152.jpg 768w, https:\/\/semmelweis.hu\/fogpotlastan\/files\/2021\/03\/Dr.-Somogyi-Andrea-1024x1536.jpg 1024w, https:\/\/semmelweis.hu\/fogpotlastan\/files\/2021\/03\/Dr.-Somogyi-Andrea-1365x2048.jpg 1365w, https:\/\/semmelweis.hu\/fogpotlastan\/files\/2021\/03\/Dr.-Somogyi-Andrea-753x1129.jpg 753w, https:\/\/semmelweis.hu\/fogpotlastan\/files\/2021\/03\/Dr.-Somogyi-Andrea-scaled.jpg 1707w\" sizes=\"auto, (max-width: 200px) 100vw, 200px\" \/><\/span><\/strong><br \/>\n<span style=\"font-size: 12pt\">2018 Fogp\u00f3tl\u00e1stan \u00e9s konzerv\u00e1l\u00f3 fog\u00e1szat szakvizsga <\/span><br \/>\n<span style=\"font-size: 12pt\">2015 Fogorvos diploma \u2013 Semmelweis Egyetem Fogorvostudom\u00e1nyi Kar<\/span><br \/>\n<span style=\"font-size: 12pt\"><br \/>\n<strong>Szakmai tapasztalat \/ klinikai el\u0151menetel<\/strong><\/span><br \/>\n<span style=\"font-size: 12pt\">2017- Fogp\u00f3tl\u00e1stan Klinika \u2013 klinikai orvos, szakorvosjel\u00f6lt<\/span><br \/>\n<span style=\"font-size: 12pt\">2015- Fogp\u00f3tl\u00e1stan Klinika &#8211; klinikai gyakornok<\/span><br \/>\n<span style=\"font-size: 12pt\"><br \/>\n<strong>Tudom\u00e1nyos tev\u00e9kenys\u00e9g<\/strong><\/span><br \/>\n<span style=\"font-size: 12pt\">munkacsoport: \u00c1llkapocs\u00edz\u00fcleti (TMI) munkacsoport <\/span><br \/>\n<span style=\"font-size: 12pt\">Diab\u00e9tesz munkacsoport <\/span><\/p>\n<p><strong><span style=\"font-size: 12pt\">El\u0151ad\u00e1sok<\/span><\/strong><br \/>\n<span style=\"font-size: 12pt\">2018. 01. 31. Fogorvostudom\u00e1nyi Minikonferencia \u2013 A bruxizmus prevalenci\u00e1j\u00e1nak vizsg\u00e1lata fogorvostanhallgat\u00f3k k\u00f6r\u00e9ben Bruxcheker f\u00f3lia haszn\u00e1lat\u00e1val<\/span><br \/>\n<span style=\"font-size: 12pt\">Gnatol\u00f3gia egyetemi kurzus \u2013 tantermi el\u0151ad\u00e1s<\/span><br \/>\n<span style=\"font-size: 12pt\"><br \/>\n<strong>Szakmai tov\u00e1bbk\u00e9pz\u00e9sek r\u00e9szvev\u0151k\u00e9nt<\/strong><\/span><br \/>\n<span style=\"font-size: 12pt\">2016.07.04-08. Tanulm\u00e1nyi \u00fat \u2013 Universit\u00e4ts Zahnklinik Wien<\/span><br \/>\n<span style=\"font-size: 12pt\">2017.11.17-19. R\u00e9szv\u00e9tel a n\u00e9met gnatol\u00f3gia t\u00e1rsas\u00e1g (Deutsche Gesellschaft F\u00fcr Funktionsdiagnostik und Therapie \/DGFDT) 50. Jubileumi kongresszus\u00e1n Bad Homburgban.<\/span><br \/>\n<span style=\"font-size: 12pt\">2017.11.19. J.P.Okeson: The clinical managment of Temporomandibular Disorders &#8211; Szemin\u00e1rium<\/span><\/p>\n<p><strong><span style=\"font-size: 12pt\">Szakmai szervezeti tags\u00e1gok<\/span><\/strong><br \/>\n<span style=\"font-size: 12pt\">2015 \u2013 Magyar Orvosi Kamara \u2013 Fogorvosi tagozata<\/span><br \/>\n<span style=\"font-size: 12pt\">2018 \u2013 Magyar Fogorvosok Egyes\u00fclete<\/span><br \/>\n<span style=\"font-size: 12pt\"><br \/>\n<strong>Nyelvismeret<\/strong><\/span><br \/>\n<span style=\"font-size: 12pt\">magyar anyanyelv<\/span><br \/>\n<span style=\"font-size: 12pt\">n\u00e9met fels\u0151fok<\/span><br \/>\n<span style=\"font-size: 12pt\">angol k\u00f6z\u00e9pfok<\/span><br \/>\n<span style=\"font-size: 12pt\"><br \/>\n<strong>Egy\u00e9b<\/strong><\/span><br \/>\n<span style=\"font-size: 12pt\">\u00c9rdekl\u0151d\u00e9si ter\u00fcletem az \u00e1llkapocs\u00edz\u00fclet megbeteged\u00e9seinek diagnosztik\u00e1ja, kezel\u00e9si lehet\u0151s\u00e9gei, k\u00fcl\u00f6n\u00f6s tekintettel a protetikai rehabilit\u00e1ci\u00f3s lehet\u0151s\u00e9gekre. P\u00e1cienseimet t\u00fcrelemmel \u00e9s a lehet\u0151 legmagasabb sz\u00ednvonalon igyekszem gy\u00f3gy\u00edtani. Szeretek sportolni, \u00e9s hiszek a pozit\u00edv hozz\u00e1\u00e1ll\u00e1s \u00e9s a kedvess\u00e9g erej\u00e9ben.<\/p>\n<p><a href=\"https:\/\/m2.mtmt.hu\/gui2\/?type=authors&amp;mode=browse&amp;sel=10083123\">Tudom\u00e1nyos k\u00f6zlem\u00e9nyek<\/a><\/span><\/p>\n<p><span style=\"font-size: 12pt\"><em>Az el\u00e9rhet\u0151s\u00e9gi adatok nem haszn\u00e1lhat\u00f3k fel az 1995. \u00e9vi CXIX. t\u00f6rv\u00e9ny szerinti kutat\u00e1s \u00e9s k\u00f6zvetlen \u00fczletszerz\u00e9s c\u00e9lj\u00e1ra.<\/em><\/span><\/p>\n","protected":false},"excerpt":{"rendered":"<p>Tanulm\u00e1nyok, szakk\u00e9pes\u00edt\u00e9s 2018 Fogp\u00f3tl\u00e1stan \u00e9s konzerv\u00e1l\u00f3 fog\u00e1szat szakvizsga 2015 Fogorvos diploma \u2013 Semmelweis Egyetem Fogorvostudom\u00e1nyi Kar Szakmai tapasztalat \/ klinikai el\u0151menetel 2017- Fogp\u00f3tl\u00e1stan Klinika \u2013 klinikai orvos, szakorvosjel\u00f6lt 2015- Fogp\u00f3tl\u00e1stan Klinika &#8211; klinikai gyakornok Tudom\u00e1nyos tev\u00e9kenys\u00e9g munkacsoport: \u00c1llkapocs\u00edz\u00fcleti (TMI) munkacsoport Diab\u00e9tesz munkacsoport El\u0151ad\u00e1sok 2018. 01. 31. Fogorvostudom\u00e1nyi Minikonferencia \u2013 A bruxizmus prevalenci\u00e1j\u00e1nak vizsg\u00e1lata fogorvostanhallgat\u00f3k k\u00f6r\u00e9ben &hellip;<\/p>\n","protected":false},"author":38,"featured_media":0,"parent":9019,"menu_order":1,"comment_status":"closed","ping_status":"closed","template":"","meta":{"_acf_changed":false,"footnotes":""},"categories":[],"tags":[],"class_list":["post-2438","page","type-page","status-publish","hentry"],"acf":[],"_links":{"self":[{"href":"https:\/\/semmelweis.hu\/fogpotlastan\/wp-json\/wp\/v2\/pages\/2438","targetHints":{"allow":["GET"]}}],"collection":[{"href":"https:\/\/semmelweis.hu\/fogpotlastan\/wp-json\/wp\/v2\/pages"}],"about":[{"href":"https:\/\/semmelweis.hu\/fogpotlastan\/wp-json\/wp\/v2\/types\/page"}],"author":[{"embeddable":true,"href":"https:\/\/semmelweis.hu\/fogpotlastan\/wp-json\/wp\/v2\/users\/38"}],"replies":[{"embeddable":true,"href":"https:\/\/semmelweis.hu\/fogpotlastan\/wp-json\/wp\/v2\/comments?post=2438"}],"version-history":[{"count":10,"href":"https:\/\/semmelweis.hu\/fogpotlastan\/wp-json\/wp\/v2\/pages\/2438\/revisions"}],"predecessor-version":[{"id":8537,"href":"https:\/\/semmelweis.hu\/fogpotlastan\/wp-json\/wp\/v2\/pages\/2438\/revisions\/8537"}],"up":[{"embeddable":true,"href":"https:\/\/semmelweis.hu\/fogpotlastan\/wp-json\/wp\/v2\/pages\/9019"}],"wp:attachment":[{"href":"https:\/\/semmelweis.hu\/fogpotlastan\/wp-json\/wp\/v2\/media?parent=2438"}],"wp:term":[{"taxonomy":"category","embeddable":true,"href":"https:\/\/semmelweis.hu\/fogpotlastan\/wp-json\/wp\/v2\/categories?post=2438"},{"taxonomy":"post_tag","embeddable":true,"href":"https:\/\/semmelweis.hu\/fogpotlastan\/wp-json\/wp\/v2\/tags?post=2438"}],"curies":[{"name":"wp","href":"https:\/\/api.w.org\/{rel}","templated":true}]}}