{"id":2291,"date":"2016-06-13T10:58:55","date_gmt":"2016-06-13T08:58:55","guid":{"rendered":"http:\/\/semmelweis.hu\/fogpotlastan\/?page_id=2291"},"modified":"2025-04-04T09:00:41","modified_gmt":"2025-04-04T07:00:41","slug":"geczi-zoltan","status":"publish","type":"page","link":"https:\/\/semmelweis.hu\/fogpotlastan\/munkatarsak-terv\/geczi-zoltan\/","title":{"rendered":"Dr. G\u00e9czi Zolt\u00e1n Ph.D."},"content":{"rendered":"<p><strong><span style=\"font-size: 12pt\">Tanulm\u00e1nyo<a href=\"https:\/\/semmelweis.hu\/fogpotlastan\/files\/2019\/10\/Dr.-G\u00e9czi-Zolt\u00e1n.jpg\"><img loading=\"lazy\" decoding=\"async\" class=\"size-medium wp-image-5565 alignright\" src=\"https:\/\/semmelweis.hu\/fogpotlastan\/files\/2019\/10\/Dr.-G\u00e9czi-Zolt\u00e1n-200x300.jpg\" alt=\"\" width=\"200\" height=\"300\" srcset=\"https:\/\/semmelweis.hu\/fogpotlastan\/files\/2019\/10\/Dr.-G\u00e9czi-Zolt\u00e1n-200x300.jpg 200w, https:\/\/semmelweis.hu\/fogpotlastan\/files\/2019\/10\/Dr.-G\u00e9czi-Zolt\u00e1n.jpg 500w\" sizes=\"auto, (max-width: 200px) 100vw, 200px\" \/><\/a>k, szakk\u00e9pes\u00edt\u00e9s<\/span><\/strong><br \/>\n<span style=\"font-size: 12pt\">2020 PhD v\u00e9d\u00e9s<br \/>\n2019 Fogp\u00f3tl\u00e1stan szakvizsga<br \/>\n2016 &#8211; SE Doktori Iskola<\/span><br \/>\n<span style=\"font-size: 12pt\">2015 Konzerv\u00e1l\u00f3 fog\u00e1szat \u00e9s fogp\u00f3tl\u00e1stan szakvizsga<\/span><br \/>\n<span style=\"font-size: 12pt\">2012 Fogorvos diploma \u2013 Semmelweis Egyetem Fogorvostudom\u00e1nyi Kar<\/span><br \/>\n<span style=\"font-size: 12pt\"><br \/>\n<strong>Szakmai tapasztalat \/ klinikai el\u0151menetel<\/strong><\/span><br \/>\n<span style=\"font-size: 12pt\">2025- Fogp\u00f3tl\u00e1stan Klinika \u2013 egyetemi docens<br \/>\n2021-2025. Fogp\u00f3tl\u00e1stan Klinika \u2013 egyetemi adjunktus<br \/>\n2018-2021. Fogp\u00f3tl\u00e1stan Klinika \u2013 egyetemi tan\u00e1rseg\u00e9d<\/span><br \/>\n<span style=\"font-size: 12pt\">2015-2015. Fogp\u00f3tl\u00e1stan Klinika \u2013 klinikai szakorvos<\/span><br \/>\n<span style=\"font-size: 12pt\">2012-2015. Fogp\u00f3tl\u00e1stan Klinika \u2013 klinikai orvos<\/span><br \/>\n<span style=\"font-size: 12pt\"><br \/>\n<strong>Tudom\u00e1nyos tev\u00e9kenys\u00e9g<\/strong><\/span><br \/>\n<span style=\"font-size: 12pt\">Munkacsoport: <br \/>\nPolimerkutat\u00f3 munkacsoport<br \/>\nDiab\u00e9tesz munkacsoport \/ TMI munkacsoport<\/span><br \/>\n<span style=\"font-size: 12pt\">PhD: \u00daj kitoz\u00e1n tartalm\u00fa antimikrobi\u00e1lis polimerkomplex szint\u00e9zise, karakteriz\u00e1l\u00e1sa \u00e9s fogorvosi alkalmazhat\u00f3s\u00e1g\u00e1nak vizsg\u00e1lata<\/span><\/p>\n<p style=\"text-align: justify\"><strong><span style=\"font-size: 12pt\">El\u0151ad\u00e1sok<br \/>\n<\/span><\/strong><span style=\"font-size: 12pt\">Colloquium Dental, Italy 2024: Science in Digital Dentistry based on university research and clinical practice\u201d<\/span><\/p>\n<p style=\"text-align: justify\"><span style=\"font-size: 12pt\">FDI World Congress 2018 (C\u00edm: Novel nanocomposite for the treatment of denture stomatitis)<\/span><\/p>\n<p style=\"text-align: justify\"><span style=\"font-size: 12pt\">Magyar Arc-, \u00c1llcsont- \u00e9s Sz\u00e1jseb\u00e9szeti T\u00e1rsas\u00e1g XXII. Kongresszusa (C\u00edm: Navig\u00e1lt seb\u00e9szeti m\u00f3dszer haszn\u00e1lata teljesen fogatlan p\u00e1ciens dent\u00e1lis rehabilit\u00e1ci\u00f3j\u00e1ban, esetbemutat\u00e1s)<\/span><\/p>\n<p style=\"text-align: justify\"><span style=\"font-size: 12pt\">IDF World Congress 2017 Abu Dhabi (C\u00edm: <\/span><br \/>\n<span style=\"font-size: 12pt\">1. Novel polycationic polymer based oral therapies, for people with diabetes<\/span><br \/>\n<span style=\"font-size: 12pt\">2. Diabetes management in the dental office: a Hungarian educational initiative for general dentists)<\/span><\/p>\n<p style=\"text-align: justify\"><span style=\"font-size: 12pt\">Eurolife Summer School 2017 Antimicrobial drug resistance \u2013 Research and Innovation (c\u00edm: Synthesis and characterisation antimicrobial polymer-complexes for dental application)<\/span><\/p>\n<p style=\"text-align: justify\"><span style=\"font-size: 12pt\">XVII. Debreceni Fog\u00e1szati Napokon 2016 \u00e1prilis\u00e1ban (c\u00edm: Polietil\u00e9nimin(PEI) \u2013 Ez\u00fcst(Ag) &#8211; Polilakt\u00e1t(PLA) \u00f6sszet\u00e9tel\u0171 antibakteri\u00e1lis\/antifung\u00e1lis kopolimer vizsg\u00e1latai)<\/p>\n<p><\/span><strong><span style=\"font-size: 12pt\">Szakmai szervezeti tags\u00e1gok<\/span><\/strong><br \/>\n<span style=\"font-size: 12pt\">Magyar Orvosi Kamara Fogorvosi ter\u00fcleti szervezet, Budapesti eln\u00f6k<br \/>\nMagyar Fogp\u00f3tl\u00e1stani T\u00e1rsas\u00e1g<\/span><br \/>\n<span style=\"font-size: 12pt\">Magyar Diab\u00e9tesz T\u00e1rsas\u00e1g<\/span><br \/>\n<span style=\"font-size: 12pt\"><br \/>\n<strong>Nyelvismeret<\/strong><\/span><br \/>\n<span style=\"font-size: 12pt\">magyar anyanyelv<\/span><br \/>\n<span style=\"font-size: 12pt\">angol k\u00f6z\u00e9pfok<br \/>\nn\u00e9met k\u00f6z\u00e9pfok<br \/>\n<\/span><\/p>\n<p><span style=\"font-size: 12pt\"><a href=\"https:\/\/vm.mtmt.hu\/\/search\/slist.php?nwi=1&amp;inited=1&amp;ty_on=1&amp;url_on=1&amp;cite_type=2&amp;orderby=3D1a&amp;location=mtmt&amp;stn=1&amp;AuthorID=10054773\">Tudom\u00e1nyos k\u00f6zlem\u00e9nyek<\/a><\/span><\/p>\n<p><span style=\"font-size: 12pt\"><em>Az el\u00e9rhet\u0151s\u00e9gi adatok nem haszn\u00e1lhat\u00f3k fel az 1995. \u00e9vi CXIX. t\u00f6rv\u00e9ny szerinti kutat\u00e1s \u00e9s k\u00f6zvetlen \u00fczletszerz\u00e9s c\u00e9lj\u00e1ra.<\/em><\/span><\/p>\n<p>&nbsp;<\/p>\n","protected":false},"excerpt":{"rendered":"<p>Tanulm\u00e1nyo <a href=\"https:\/\/semmelweis.hu\/fogpotlastan\/files\/2019\/10\/Dr.-G\u00e9czi-Zolt\u00e1n.jpg\"><\/a> k, szakk\u00e9pes\u00edt\u00e9s 2020 PhD v\u00e9d\u00e9s 2019 Fogp\u00f3tl\u00e1stan szakvizsga 2016 &#8211; SE Doktori Iskola 2015 Konzerv\u00e1l\u00f3 fog\u00e1szat \u00e9s fogp\u00f3tl\u00e1stan szakvizsga 2012 Fogorvos diploma \u2013 Semmelweis Egyetem Fogorvostudom\u00e1nyi Kar Szakmai tapasztalat \/ klinikai el\u0151menetel 2025- Fogp\u00f3tl\u00e1stan Klinika \u2013 egyetemi docens 2021-2025. Fogp\u00f3tl\u00e1stan Klinika \u2013 egyetemi adjunktus 2018-2021. Fogp\u00f3tl\u00e1stan Klinika \u2013 egyetemi tan\u00e1rseg\u00e9d 2015-2015. Fogp\u00f3tl\u00e1stan Klinika \u2013 &hellip;<\/p>\n","protected":false},"author":38,"featured_media":0,"parent":9019,"menu_order":1,"comment_status":"closed","ping_status":"closed","template":"","meta":{"_acf_changed":false,"footnotes":""},"categories":[],"tags":[],"class_list":["post-2291","page","type-page","status-publish","hentry"],"acf":[],"_links":{"self":[{"href":"https:\/\/semmelweis.hu\/fogpotlastan\/wp-json\/wp\/v2\/pages\/2291","targetHints":{"allow":["GET"]}}],"collection":[{"href":"https:\/\/semmelweis.hu\/fogpotlastan\/wp-json\/wp\/v2\/pages"}],"about":[{"href":"https:\/\/semmelweis.hu\/fogpotlastan\/wp-json\/wp\/v2\/types\/page"}],"author":[{"embeddable":true,"href":"https:\/\/semmelweis.hu\/fogpotlastan\/wp-json\/wp\/v2\/users\/38"}],"replies":[{"embeddable":true,"href":"https:\/\/semmelweis.hu\/fogpotlastan\/wp-json\/wp\/v2\/comments?post=2291"}],"version-history":[{"count":10,"href":"https:\/\/semmelweis.hu\/fogpotlastan\/wp-json\/wp\/v2\/pages\/2291\/revisions"}],"predecessor-version":[{"id":9596,"href":"https:\/\/semmelweis.hu\/fogpotlastan\/wp-json\/wp\/v2\/pages\/2291\/revisions\/9596"}],"up":[{"embeddable":true,"href":"https:\/\/semmelweis.hu\/fogpotlastan\/wp-json\/wp\/v2\/pages\/9019"}],"wp:attachment":[{"href":"https:\/\/semmelweis.hu\/fogpotlastan\/wp-json\/wp\/v2\/media?parent=2291"}],"wp:term":[{"taxonomy":"category","embeddable":true,"href":"https:\/\/semmelweis.hu\/fogpotlastan\/wp-json\/wp\/v2\/categories?post=2291"},{"taxonomy":"post_tag","embeddable":true,"href":"https:\/\/semmelweis.hu\/fogpotlastan\/wp-json\/wp\/v2\/tags?post=2291"}],"curies":[{"name":"wp","href":"https:\/\/api.w.org\/{rel}","templated":true}]}}