{"id":2158,"date":"2016-04-07T12:03:25","date_gmt":"2016-04-07T10:03:25","guid":{"rendered":"http:\/\/semmelweis.hu\/fogpotlastan\/?page_id=2158"},"modified":"2025-03-26T09:41:17","modified_gmt":"2025-03-26T08:41:17","slug":"mikola-eva-2","status":"publish","type":"page","link":"https:\/\/semmelweis.hu\/fogpotlastan\/munkatarsak-terv\/mikola-eva-2\/","title":{"rendered":"Dr. Mikola \u00c9va"},"content":{"rendered":"<p><strong><span style=\"font-size: 12pt\">Tanulm\u00e1nyok, szakk\u00e9pes\u00edt\u00e9s<a href=\"https:\/\/semmelweis.hu\/fogpotlastan\/files\/2019\/10\/Dr.-Mikola-\u00c9va.jpg\"><img loading=\"lazy\" decoding=\"async\" class=\"size-medium wp-image-5580 alignright\" src=\"https:\/\/semmelweis.hu\/fogpotlastan\/files\/2019\/10\/Dr.-Mikola-\u00c9va-200x300.jpg\" alt=\"\" width=\"200\" height=\"300\" srcset=\"https:\/\/semmelweis.hu\/fogpotlastan\/files\/2019\/10\/Dr.-Mikola-\u00c9va-200x300.jpg 200w, https:\/\/semmelweis.hu\/fogpotlastan\/files\/2019\/10\/Dr.-Mikola-\u00c9va.jpg 500w\" sizes=\"auto, (max-width: 200px) 100vw, 200px\" \/><\/a><\/span><\/strong><br \/>\n<span style=\"font-size: 12pt\">2018 Konzerv\u00e1l\u00f3 fog\u00e1szat \u00e9s fogp\u00f3tl\u00e1stan szakvizsga <\/span><span style=\"font-size: 12pt\">kiv\u00e1l\u00f3an megfelelt eredm\u00e9nnyel<\/span><br \/>\n<span style=\"font-size: 12pt\">2015 Fogorvos diploma summa cum laude min\u0151s\u00edt\u00e9ssel &#8211; <\/span><span style=\"font-size: 12pt\">Semmelweis Egyetem, Fogorvostudom\u00e1nyi Kar<\/span><br \/>\n<span style=\"font-size: 12pt\">2014 &#8211; 2015 Ludwig-Maximilians Universit\u00e4t M\u00fcnchen hallgat\u00f3ja tanulm\u00e1nyi \u00f6szt\u00f6nd\u00edjjal<br \/>\n<\/span><br \/>\n<strong><span style=\"font-size: 12pt\">Szakmai tapasztalat \/ klinikai el\u0151menetel<\/span><\/strong><br \/>\n<span style=\"font-size: 12pt\">2018- Fogp\u00f3tl\u00e1stan Klinika \u2013 klinikai szakorvos<\/span><br \/>\n<span style=\"font-size: 12pt\">2015-2018. Fogp\u00f3tl\u00e1stan Klinika \u2013 klinikai orvos<br \/>\n<\/span><br \/>\n<strong><span style=\"font-size: 12pt\">Tudom\u00e1nyos tev\u00e9kenys\u00e9g<\/span><\/strong><br \/>\n<span style=\"font-size: 12pt\">Implant\u00e1tum-protetikai munkacsoport<\/span><br \/>\n<span style=\"font-size: 12pt\">Maxillofaci\u00e1lis protetikai helyre\u00e1ll\u00edt\u00f3 munkacsoport<\/span><br \/>\n<span style=\"font-size: 12pt\"><br \/>\n<strong>El\u0151ad\u00e1sok<\/strong><\/span><br \/>\n<span style=\"font-size: 12pt\">Klinikai tehets\u00e9ggondoz\u00f3 Program el\u0151ad\u00e1s \u2013 Fog\u00e1szati cementek (2017)<\/span><br \/>\n<span style=\"font-size: 12pt\"><br \/>\n<strong>Szakmai tov\u00e1bbk\u00e9pz\u00e9sek r\u00e9szvev\u0151k\u00e9nt<\/strong><\/span><br \/>\n<span style=\"font-size: 12pt\">Eszt\u00e9tikai fog\u00e1szat \u00e9s fogp\u00f3tl\u00e1stan <\/span><br \/>\n<span style=\"font-size: 12pt\">2018 \/ 07 <\/span><span style=\"font-size: 12pt\">\u201eDirekt anterior helyre\u00e1ll\u00edt\u00e1sok leegyszer\u0171s\u00edtve\u201d kurzus <\/span><span style=\"font-size: 12pt\">(GC, Dr. Forster Andr\u00e1s)<\/span><br \/>\n<span style=\"font-size: 12pt\">2017 \/ 08 <\/span><span style=\"font-size: 12pt\">\u201eAz \u00e1llkapocs\u00edz\u00fclet m\u0171k\u00f6d\u00e9se, diagnosztik\u00e1ja \u00e9s ter\u00e1pi\u00e1ja\u201d \u2013 egyhetes tov\u00e1bbk\u00e9pz\u0151 kurzus (SE \u2013 dr. J\u00e1sz M\u00e1t\u00e9, dr. Schmidt P\u00e9ter)<\/span><br \/>\n<span style=\"font-size: 12pt\">2017 \/ 06 <\/span><span style=\"font-size: 12pt\">\u201eDirekt adhez\u00edv fel\u00e9p\u00edt\u00e9s r\u00e9tegtechnik\u00e1val\u201d workshop <\/span><span style=\"font-size: 12pt\">(GC Belgium, Bob Elst fogtechnikusmester)<\/span><br \/>\n<span style=\"font-size: 12pt\">2017 \/ 05 <\/span><span style=\"font-size: 12pt\">\u201eDirekt h\u00e9jk\u00e9sz\u00edt\u00e9s diagnosztikus \u00e9s klinikai l\u00e9p\u00e9sei\u201d kurzus <\/span><span style=\"font-size: 12pt\">(Semmelweis Egyetem, dr. Vincenzo Mussella dt.)<br \/>\n<\/span><span style=\"font-size: 12pt\">2016 \/ 10 <\/span><span style=\"font-size: 12pt\">\u201eAdhez\u00edv restaur\u00e1ci\u00f3k a posterior r\u00e9gi\u00f3ban\u201d workshop <\/span><span style=\"font-size: 12pt\">(GC, dr. Gianfranco Politano)<\/span><br \/>\n<span style=\"font-size: 12pt\">2014 \/ 03 <\/span><span style=\"font-size: 12pt\">\u201eAz \u0151rl\u0151fogak anat\u00f3mi\u00e1ja \u00e9s funkci\u00f3ja\u201d \u2013 h\u00e1romnapos elm\u00e9leti \u00e9s gyakorlati kurzus (Mak\u00f3 J\u00e1nos fogtechnikusmester)<\/span><br \/>\n<span style=\"font-size: 12pt\">2014 \/ 03 <\/span><span style=\"font-size: 12pt\">\u201eBiomechanikai elveken alapul\u00f3 prepar\u00e1ci\u00f3s technik\u00e1k II. \u2013 posterior r\u00e9gi\u00f3\u201d hands-on kurzus (Ivoclar Vivadent, dr. Grosz J\u00e1nos)<\/span><br \/>\n<span style=\"font-size: 12pt\">2013 \/ 09-12 <\/span><span style=\"font-size: 12pt\">Klinikai Tehets\u00e9ggondoz\u00f3 Program (KTP) r\u00e9szv\u00e9tel a SE Konzerv\u00e1l\u00f3 Fog\u00e1szati Klinik\u00e1n<\/span><br \/>\n<span style=\"font-size: 12pt\">2012 \u2013 2014 <\/span><span style=\"font-size: 12pt\">szakmai gyakorlat Dr. Grosz J\u00e1nos (GC, Ivoclar Vivadent referens, StyleItaliano tag) mag\u00e1nrendel\u00e9s\u00e9n (eszt\u00e9tikai fog\u00e1szat)<\/span><br \/>\n<span style=\"font-size: 12pt\"><br \/>\nKonfereci\u00e1k:<\/span><br \/>\n<span style=\"font-size: 12pt\">Competence in Esthetics (Budapest 2018, B\u00e9cs 2017)<\/span><br \/>\n<span style=\"font-size: 12pt\">Dental World (Budapest, 2013-)<\/span><br \/>\n<span style=\"font-size: 12pt\">BudaBond (Budapest, 2016)<\/span><br \/>\n<span style=\"font-size: 12pt\">Fokesz (Budapest, 2016-)<\/span><br \/>\n<span style=\"font-size: 12pt\">Deutscher Zahn\u00e4rztetag (Frankfurt, N\u00e9metorsz\u00e1g 2015)<\/span><br \/>\n<span style=\"font-size: 12pt\">Dent-Art Budapest (2013)<\/span><br \/>\n<span style=\"font-size: 12pt\"><br \/>\nEndodoncia<\/span><br \/>\n<span style=\"font-size: 12pt\">2018 \/ 10 <\/span><span style=\"font-size: 12pt\">\u201eA VDW egyszer\u0171 \u00e9s hat\u00e9kony endodonciai koncepci\u00f3ja\u201d hands-on kurzus <\/span><span style=\"font-size: 12pt\">(Dental World konferencia, dr. Ghassan Yared)<\/span><br \/>\n<span style=\"font-size: 12pt\">2016 \/ 07 <\/span><span style=\"font-size: 12pt\">\u201eMikroszk\u00f3pos endodontia\u201d egyhetes klinikai gyakorlati k\u00e9pz\u00e9s <\/span><span style=\"font-size: 12pt\">(PTE KK Fog\u00e1szati \u00e9s Sz\u00e1jseb\u00e9szeti Klinika, dr. Krajcz\u00e1r K\u00e1roly)<\/span><br \/>\n<span style=\"font-size: 12pt\">2017 \/ 05 <\/span><span style=\"font-size: 12pt\">\u201eEndodoncia napjainkban. Diagnosztikai \u00e9s kezel\u00e9si neh\u00e9zs\u00e9geken \u00e1t a gy\u00f3gyul\u00e1sig.\u201d <\/span><span style=\"font-size: 12pt\">(Semmelweis Egyetem, dr. Komora P\u00e9ter, dr. T\u00f3th Zsuzsanna)<\/span><br \/>\n<span style=\"font-size: 12pt\">2013 \/ 10-11 <\/span><span style=\"font-size: 12pt\">\u201eAlapokon t\u00fal, fogorvostanhallgat\u00f3i tr\u00e9ning az oktat\u00f3i ut\u00e1np\u00f3tl\u00e1s kinevez\u00e9s\u00e9re\u201d tehets\u00e9ggondoz\u00f3 tanfolyam (endodontia t\u00e9m\u00e1ban) <\/span><span style=\"font-size: 12pt\">(SE Konzerv\u00e1l\u00f3 Fog\u00e1szati Klinika)<\/span><br \/>\n<span style=\"font-size: 12pt\">2012 \/ 11 <\/span><span style=\"font-size: 12pt\">\u201eGC Endodoncia\u201d elm\u00e9leti \u00e9s gyakorlati kurzus <\/span><span style=\"font-size: 12pt\">(GC, dr. Forster Andr\u00e1s \u00e9s dr. Fr\u00e1ter M\u00e1rk)<\/span><br \/>\n<span style=\"font-size: 12pt\">2013 \/ 07 <\/span><span style=\"font-size: 12pt\">szakmai gyakorlat Dr. Csik\u00e1ny Csilla mag\u00e1nrendel\u00e9s\u00e9n (endodoncia)<\/span><br \/>\n<span style=\"font-size: 12pt\"><br \/>\nKonfereci\u00e1k:<\/span><br \/>\n<span style=\"font-size: 12pt\">Dental World (2015-)<\/span><br \/>\n<span style=\"font-size: 12pt\">Parodontol\u00f3gia \u00e9s Implantol\u00f3gia<\/span><br \/>\n<span style=\"font-size: 12pt\">2018\/ 01 <\/span><span style=\"font-size: 12pt\">\u201eParodontol\u00f3giai \u00e9s implantol\u00f3giai kem\u00e9ny- \u00e9s l\u00e1gysz\u00f6vet seb\u00e9szeti technik\u00e1k elm\u00e9lete \u00e9s gyakorlata\u201d \u2013 egyhetes tov\u00e1bbk\u00e9pz\u0151 kurzus <\/span><span style=\"font-size: 12pt\">(SE, Magyar Parodontol\u00f3giai T\u00e1rsas\u00e1g, dr. Windisch P\u00e9ter)<\/span><br \/>\n<span style=\"font-size: 12pt\">2017 \/ 09 <\/span><span style=\"font-size: 12pt\">\u201eSeb\u00e9szeti varrattechnik\u00e1k a dento-alveol\u00e1ris \u00e9s parodont\u00e1lis seb\u00e9szetben \u2013 hands-on kurzus <\/span><br \/>\n<span style=\"font-size: 12pt\">(SE, Magyar Parodontol\u00f3giai T\u00e1rsas\u00e1g, dr. Windisch P)<\/span><br \/>\n<span style=\"font-size: 12pt\">2015 \/ 09-12 <\/span><span style=\"font-size: 12pt\">szakmai gyakorlat sz\u00e1jseb\u00e9szet \u00e9s implantol\u00f3gia t\u00e9m\u00e1ban <\/span><span style=\"font-size: 12pt\">(Praxis Dres. M\u00fcller-Hotop, Back &amp; Blume; M\u00fcnchen,N\u00e9metorsz\u00e1g)<\/span><br \/>\n<span style=\"font-size: 12pt\">2014 \/ 07 <\/span><span style=\"font-size: 12pt\">iTOP Basic k\u00e9pz\u00e9s (Curaprox Camp, Portug\u00e1lia) <\/span><br \/>\n<span style=\"font-size: 12pt\">2015 \/ 02-06 <\/span><span style=\"font-size: 12pt\">Klinikai Tehets\u00e9ggondoz\u00f3 Program (KTP) r\u00e9szv\u00e9tel a SE Sz\u00e1jseb\u00e9szeti Klinik\u00e1n<\/span><br \/>\n<span style=\"font-size: 12pt\">2014 \/ 02-06 <\/span><span style=\"font-size: 12pt\">Klinikai Tehets\u00e9ggondoz\u00f3 Program (KTP) r\u00e9szv\u00e9tel a SE Parodontol\u00f3giai Klinik\u00e1n<\/span><br \/>\n<span style=\"font-size: 12pt\">2012 \/ 07 <\/span><span style=\"font-size: 12pt\">szakmai gyakorlat a Fej\u00e9r megyei Szent Gy\u00f6rgy Egyetemi Oktat\u00f3k\u00f3rh\u00e1z Sz\u00e1jseb\u00e9szet oszt\u00e1ly\u00e1n <\/span><br \/>\n<span style=\"font-size: 12pt\"><br \/>\nKonfereci\u00e1k: <\/span><br \/>\n<span style=\"font-size: 12pt\">Symposium Szeged (2013-)<\/span><br \/>\n<span style=\"font-size: 12pt\">ITI Study Club (2017-)<\/span><br \/>\n<span style=\"font-size: 12pt\">XIII. Denti Szimp\u00f3zium (2018)<\/span><br \/>\n<span style=\"font-size: 12pt\">SIdP Congress \u2013 konferencia, Torino, Olaszorsz\u00e1g (2016)<\/span><br \/>\n<span style=\"font-size: 12pt\">Bredent napok (2016)<\/span><\/p>\n<p><strong><span style=\"font-size: 12pt\">Nyelvismeret<\/span><\/strong><br \/>\n<span style=\"font-size: 12pt\">magyar anyanyelv<\/span><br \/>\n<span style=\"font-size: 12pt\">angol fels\u0151fok<\/span><br \/>\n<span style=\"font-size: 12pt\">n\u00e9met fels\u0151fok<\/span><\/p>\n<p><a href=\"https:\/\/m2.mtmt.hu\/gui2\/?type=authors&amp;mode=browse&amp;sel=authors10083984\"><span style=\"font-size: 12pt\">Tudom\u00e1nyos k\u00f6zlem\u00e9nyek<\/span><\/a><\/p>\n<p><span style=\"font-size: 12pt\"><em>Az el\u00e9rhet\u0151s\u00e9gi adatok nem haszn\u00e1lhat\u00f3k fel az 1995. \u00e9vi CXIX. t\u00f6rv\u00e9ny szerinti kutat\u00e1s \u00e9s k\u00f6zvetlen \u00fczletszerz\u00e9s c\u00e9lj\u00e1ra.<\/em><\/span><\/p>\n","protected":false},"excerpt":{"rendered":"<p>Tanulm\u00e1nyok, szakk\u00e9pes\u00edt\u00e9s <a href=\"https:\/\/semmelweis.hu\/fogpotlastan\/files\/2019\/10\/Dr.-Mikola-\u00c9va.jpg\"><\/a> 2018 Konzerv\u00e1l\u00f3 fog\u00e1szat \u00e9s fogp\u00f3tl\u00e1stan szakvizsga kiv\u00e1l\u00f3an megfelelt eredm\u00e9nnyel 2015 Fogorvos diploma summa cum laude min\u0151s\u00edt\u00e9ssel &#8211; Semmelweis Egyetem, Fogorvostudom\u00e1nyi Kar 2014 &#8211; 2015 Ludwig-Maximilians Universit\u00e4t M\u00fcnchen hallgat\u00f3ja tanulm\u00e1nyi \u00f6szt\u00f6nd\u00edjjal Szakmai tapasztalat \/ klinikai el\u0151menetel 2018- Fogp\u00f3tl\u00e1stan Klinika \u2013 klinikai szakorvos 2015-2018. Fogp\u00f3tl\u00e1stan Klinika \u2013 klinikai orvos Tudom\u00e1nyos tev\u00e9kenys\u00e9g Implant\u00e1tum-protetikai munkacsoport Maxillofaci\u00e1lis protetikai &hellip;<\/p>\n","protected":false},"author":38,"featured_media":0,"parent":9019,"menu_order":1,"comment_status":"closed","ping_status":"closed","template":"","meta":{"_acf_changed":false,"footnotes":""},"categories":[],"tags":[],"class_list":["post-2158","page","type-page","status-publish","hentry"],"acf":[],"_links":{"self":[{"href":"https:\/\/semmelweis.hu\/fogpotlastan\/wp-json\/wp\/v2\/pages\/2158","targetHints":{"allow":["GET"]}}],"collection":[{"href":"https:\/\/semmelweis.hu\/fogpotlastan\/wp-json\/wp\/v2\/pages"}],"about":[{"href":"https:\/\/semmelweis.hu\/fogpotlastan\/wp-json\/wp\/v2\/types\/page"}],"author":[{"embeddable":true,"href":"https:\/\/semmelweis.hu\/fogpotlastan\/wp-json\/wp\/v2\/users\/38"}],"replies":[{"embeddable":true,"href":"https:\/\/semmelweis.hu\/fogpotlastan\/wp-json\/wp\/v2\/comments?post=2158"}],"version-history":[{"count":10,"href":"https:\/\/semmelweis.hu\/fogpotlastan\/wp-json\/wp\/v2\/pages\/2158\/revisions"}],"predecessor-version":[{"id":9554,"href":"https:\/\/semmelweis.hu\/fogpotlastan\/wp-json\/wp\/v2\/pages\/2158\/revisions\/9554"}],"up":[{"embeddable":true,"href":"https:\/\/semmelweis.hu\/fogpotlastan\/wp-json\/wp\/v2\/pages\/9019"}],"wp:attachment":[{"href":"https:\/\/semmelweis.hu\/fogpotlastan\/wp-json\/wp\/v2\/media?parent=2158"}],"wp:term":[{"taxonomy":"category","embeddable":true,"href":"https:\/\/semmelweis.hu\/fogpotlastan\/wp-json\/wp\/v2\/categories?post=2158"},{"taxonomy":"post_tag","embeddable":true,"href":"https:\/\/semmelweis.hu\/fogpotlastan\/wp-json\/wp\/v2\/tags?post=2158"}],"curies":[{"name":"wp","href":"https:\/\/api.w.org\/{rel}","templated":true}]}}