{"id":191,"date":"2012-03-13T11:07:35","date_gmt":"2012-03-13T10:07:35","guid":{"rendered":"http:\/\/semmelweis-egyetem.hu\/fogpotlastan\/?page_id=191"},"modified":"2024-05-28T14:26:34","modified_gmt":"2024-05-28T12:26:34","slug":"berze-ildiko","status":"publish","type":"page","link":"https:\/\/semmelweis.hu\/fogpotlastan\/munkatarsak-terv\/berze-ildiko\/","title":{"rendered":"Dr. Berze Ildik\u00f3"},"content":{"rendered":"<p><span style=\"font-size: 12pt\"><strong>Tanulm\u00e1nyok:<br \/>\n<\/strong>2019 Fogp\u00f3tl\u00e1stan szakvizsga<strong><img loading=\"lazy\" decoding=\"async\" class=\" wp-image-6974 alignright\" src=\"https:\/\/semmelweis.hu\/fogpotlastan\/files\/2021\/03\/Dr.-Berze-Ildik\u00f3-267x400.jpg\" alt=\"\" width=\"219\" height=\"328\" srcset=\"https:\/\/semmelweis.hu\/fogpotlastan\/files\/2021\/03\/Dr.-Berze-Ildik\u00f3-267x400.jpg 267w, https:\/\/semmelweis.hu\/fogpotlastan\/files\/2021\/03\/Dr.-Berze-Ildik\u00f3-683x1024.jpg 683w, https:\/\/semmelweis.hu\/fogpotlastan\/files\/2021\/03\/Dr.-Berze-Ildik\u00f3-768x1152.jpg 768w, https:\/\/semmelweis.hu\/fogpotlastan\/files\/2021\/03\/Dr.-Berze-Ildik\u00f3-1024x1536.jpg 1024w, https:\/\/semmelweis.hu\/fogpotlastan\/files\/2021\/03\/Dr.-Berze-Ildik\u00f3-1365x2048.jpg 1365w, https:\/\/semmelweis.hu\/fogpotlastan\/files\/2021\/03\/Dr.-Berze-Ildik\u00f3-753x1130.jpg 753w, https:\/\/semmelweis.hu\/fogpotlastan\/files\/2021\/03\/Dr.-Berze-Ildik\u00f3-scaled.jpg 1707w\" sizes=\"auto, (max-width: 219px) 100vw, 219px\" \/><\/strong><\/span><br \/>\n<span style=\"font-size: 12pt\">2011 Fogorvosi diploma- Semmelweis Egyetem, Fogorvostudom\u00e1nyi Kar<\/span><br \/>\n<span style=\"font-size: 12pt\">2014 Konzerv\u00e1l\u00f3 fog\u00e1szat \u00e9s fogp\u00f3tl\u00e1stan szakvizsga &#8211; Semmelweis Egyetem, Fogp\u00f3tl\u00e1stani Klinika<\/span><br \/>\n<span style=\"font-size: 12pt\">2014- Ph.D. hallgat\u00f3 &#8211; Semmelweis Egyetem, Klinikai Orvostudom\u00e1nyok Doktori Iskola<\/span><\/p>\n<p><span style=\"font-size: 12pt\"><strong>Tudom\u00e1nyos munka, konferenci\u00e1n tartott el\u0151ad\u00e1sok:<\/strong><\/span><br \/>\n<span style=\"font-size: 12pt\">2009-t\u0151l tudom\u00e1nyos di\u00e1kk\u00f6ri munka &#8222;A dent\u00e1lis er\u00f3zi\u00f3 in vitro vizsg\u00e1lata&#8221; c\u00edmmel<\/span><br \/>\n<span style=\"font-size: 12pt\">2009. Semmelweis Egyetem TDK Konferencia, I. hely, t\u00e1rsszerz\u0151<\/span><br \/>\n<span style=\"font-size: 12pt\">2009. Orsz\u00e1gos TDK Konferencia, t\u00e1rsszerz\u0151<\/span><br \/>\n<span style=\"font-size: 12pt\">2010. Semmelweis Egyetem TDK Konferencia<\/span><br \/>\n<span style=\"font-size: 12pt\">2010. Kor\u00e1nyi Frigyes Tudom\u00e1nyos F\u00f3rum, K\u00fcl\u00f6nd\u00edj<\/span><br \/>\n<span style=\"font-size: 12pt\">2010. YES-Young European Scientist Meeting, Portug\u00e1lia, K\u00fcl\u00f6nd\u00edj<\/span><br \/>\n<span style=\"font-size: 12pt\">2011. Semmelweis Egyetem TDK Konferencia, II. hely<\/span><br \/>\n<span style=\"font-size: 12pt\">2011. Kor\u00e1nyi Frigyes Tudom\u00e1nyos F\u00f3rum, III. hely<\/span><br \/>\n<span style=\"font-size: 12pt\">2011. IADR-CED Konferencia, poszter prezent\u00e1ci\u00f3, t\u00e1rsszerz\u0151<\/span><br \/>\n<span style=\"font-size: 12pt\">2011. Magyar Fogp\u00f3tl\u00e1stani T\u00e1rsas\u00e1g XIX. Kongresszusa, H\u00e9v\u00edz<\/span><br \/>\n<span style=\"font-size: 12pt\">2011. Espertise Talent Award for Dental Scientists, N\u00e9metorsz\u00e1g<\/span><br \/>\n<span style=\"font-size: 12pt\">2012. IADR-CED Konferencia, Finnorsz\u00e1g<\/span><br \/>\n<span style=\"font-size: 12pt\">2012. \u00c1rk\u00f6vy V\u00e1ndorgy\u0171l\u00e9s, P\u00e9cs<\/span><br \/>\n<span style=\"font-size: 12pt\">2013. M\u00e1sodszerz\u0151s cikk a Magyar Fogorvos c\u00edm\u0171 foly\u00f3iratban (XXII; 2013\/3.)<\/span><br \/>\n<span style=\"font-size: 12pt\">2015. Casos cl\u00ednicos para el M\u00e1ster en Pr\u00f3tesis, UEM Spanyolorsz\u00e1g<\/span><br \/>\n<span style=\"font-size: 12pt\">2015. Clasificaci\u00f3n F\u00e1bi\u00e1n y Fej\u00e9rdy, UEM Spanyolorsz\u00e1g<\/span><br \/>\n<span style=\"font-size: 12pt\">2015. Magyar Fogp\u00f3tl\u00e1stani T\u00e1rsas\u00e1g XXI. Kongresszusa, P\u00e9cs<\/span><br \/>\n<span style=\"font-size: 12pt\">2018. Magyar Belgy\u00f3gy\u00e1sz T\u00e1rsas\u00e1g 47. Nagygy\u0171l\u00e9se, poszter prezent\u00e1ci\u00f3<\/span><br \/>\n<span style=\"font-size: 12pt\">2018. EFOP Conference-Oral Cavity Symposium, Budapest<\/span><\/p>\n<p><span style=\"font-size: 12pt\"><strong>D\u00edjak, elnyert p\u00e1ly\u00e1zatok:<\/strong><\/span><br \/>\n<span style=\"font-size: 12pt\">2009 N\u00e9metorsz\u00e1gi tanulm\u00e1ny\u00fat (Ludwig Maximilians Universitaet M\u00fcnchen)<\/span><br \/>\n<span style=\"font-size: 12pt\">2009, 2010 K\u00f6zt\u00e1rsas\u00e1gi \u00d6szt\u00f6nd\u00edj<\/span><br \/>\n<span style=\"font-size: 12pt\">2011 M\u00e1th\u00e9 Gyula Alap\u00edtv\u00e1ny \u00d6szt\u00f6nd\u00edja<\/span><br \/>\n<span style=\"font-size: 12pt\">2014 Erasmus+ mobilit\u00e1si \u00d6szt\u00f6nd\u00edj (Universidad Europea de Madrid)<\/span><br \/>\n<span style=\"font-size: 12pt\">2015, 2018 SE FOK Kari Kutat\u00e1si P\u00e1ly\u00e1zat (dr. Zs\u00e9dely Anik\u00f3val k\u00f6z\u00f6s p\u00e1ly\u00e1zat)<\/span><\/p>\n<p><span style=\"font-size: 12pt\"><strong>Nyelvtud\u00e1s:<\/strong><\/span><br \/>\n<span style=\"font-size: 12pt\">Angol nyelv: \u201eC\u201d t\u00edpus\u00fa k\u00f6z\u00e9pfok\u00fa nyelvvizsga (ITK ORIGO)<\/span><br \/>\n<span style=\"font-size: 12pt\">Spanyol nyelv: D.E.L.E Superior \u201eC2\u201d (Nemzetk\u00f6zi Spanyol Nyelvvizsga, fels\u0151fok)<\/span><br \/>\n<span style=\"font-size: 12pt\">N\u00e9met nyelv: alapfok\u00fa ismeretek<\/span><\/p>\n<p><span style=\"font-size: 12pt\"><a href=\"https:\/\/vm.mtmt.hu\/\/search\/slist.php?nwi=1&amp;inited=1&amp;ty_on=1&amp;url_on=1&amp;cite_type=2&amp;orderby=3D1a&amp;location=mtmt&amp;stn=1&amp;AuthorID=10038986\">Tudom\u00e1nyos k\u00f6zlem\u00e9nyek<\/a><\/span><\/p>\n<p><span style=\"font-size: 12pt\"><em>Az el\u00e9rhet\u0151s\u00e9gi adatok nem haszn\u00e1lhat\u00f3k fel az 1995. \u00e9vi CXIX. t\u00f6rv\u00e9ny szerinti kutat\u00e1s \u00e9s k\u00f6zvetlen \u00fczletszerz\u00e9s c\u00e9lj\u00e1ra.<\/em><\/span><\/p>\n","protected":false},"excerpt":{"rendered":"<p>Tanulm\u00e1nyok: 2019 Fogp\u00f3tl\u00e1stan szakvizsga 2011 Fogorvosi diploma- Semmelweis Egyetem, Fogorvostudom\u00e1nyi Kar 2014 Konzerv\u00e1l\u00f3 fog\u00e1szat \u00e9s fogp\u00f3tl\u00e1stan szakvizsga &#8211; Semmelweis Egyetem, Fogp\u00f3tl\u00e1stani Klinika 2014- Ph.D. hallgat\u00f3 &#8211; Semmelweis Egyetem, Klinikai Orvostudom\u00e1nyok Doktori Iskola Tudom\u00e1nyos munka, konferenci\u00e1n tartott el\u0151ad\u00e1sok: 2009-t\u0151l tudom\u00e1nyos di\u00e1kk\u00f6ri munka &#8222;A dent\u00e1lis er\u00f3zi\u00f3 in vitro vizsg\u00e1lata&#8221; c\u00edmmel 2009. Semmelweis Egyetem TDK Konferencia, I. hely, &hellip;<\/p>\n","protected":false},"author":38,"featured_media":0,"parent":9019,"menu_order":1,"comment_status":"closed","ping_status":"closed","template":"","meta":{"_acf_changed":false,"footnotes":""},"categories":[],"tags":[],"class_list":["post-191","page","type-page","status-publish","hentry"],"acf":[],"_links":{"self":[{"href":"https:\/\/semmelweis.hu\/fogpotlastan\/wp-json\/wp\/v2\/pages\/191","targetHints":{"allow":["GET"]}}],"collection":[{"href":"https:\/\/semmelweis.hu\/fogpotlastan\/wp-json\/wp\/v2\/pages"}],"about":[{"href":"https:\/\/semmelweis.hu\/fogpotlastan\/wp-json\/wp\/v2\/types\/page"}],"author":[{"embeddable":true,"href":"https:\/\/semmelweis.hu\/fogpotlastan\/wp-json\/wp\/v2\/users\/38"}],"replies":[{"embeddable":true,"href":"https:\/\/semmelweis.hu\/fogpotlastan\/wp-json\/wp\/v2\/comments?post=191"}],"version-history":[{"count":10,"href":"https:\/\/semmelweis.hu\/fogpotlastan\/wp-json\/wp\/v2\/pages\/191\/revisions"}],"predecessor-version":[{"id":7451,"href":"https:\/\/semmelweis.hu\/fogpotlastan\/wp-json\/wp\/v2\/pages\/191\/revisions\/7451"}],"up":[{"embeddable":true,"href":"https:\/\/semmelweis.hu\/fogpotlastan\/wp-json\/wp\/v2\/pages\/9019"}],"wp:attachment":[{"href":"https:\/\/semmelweis.hu\/fogpotlastan\/wp-json\/wp\/v2\/media?parent=191"}],"wp:term":[{"taxonomy":"category","embeddable":true,"href":"https:\/\/semmelweis.hu\/fogpotlastan\/wp-json\/wp\/v2\/categories?post=191"},{"taxonomy":"post_tag","embeddable":true,"href":"https:\/\/semmelweis.hu\/fogpotlastan\/wp-json\/wp\/v2\/tags?post=191"}],"curies":[{"name":"wp","href":"https:\/\/api.w.org\/{rel}","templated":true}]}}