{"id":144,"date":"2012-03-05T13:46:12","date_gmt":"2012-03-05T12:46:12","guid":{"rendered":"http:\/\/semmelweis-egyetem.hu\/fogpotlastan\/?page_id=144"},"modified":"2024-05-28T14:22:29","modified_gmt":"2024-05-28T12:22:29","slug":"nagy-zsanett","status":"publish","type":"page","link":"https:\/\/semmelweis.hu\/fogpotlastan\/munkatarsak-terv\/nagy-zsanett\/","title":{"rendered":"Dr. Nagy Zsanett"},"content":{"rendered":"<p><span style=\"font-size: 12pt\"><img loading=\"lazy\" decoding=\"async\" class=\" wp-image-7850 alignright\" src=\"https:\/\/semmelweis.hu\/fogpotlastan\/files\/2022\/02\/Dr.-Nagy-Zsanett-320x400.jpg\" alt=\"\" width=\"196\" height=\"245\" srcset=\"https:\/\/semmelweis.hu\/fogpotlastan\/files\/2022\/02\/Dr.-Nagy-Zsanett-320x400.jpg 320w, https:\/\/semmelweis.hu\/fogpotlastan\/files\/2022\/02\/Dr.-Nagy-Zsanett-819x1024.jpg 819w, https:\/\/semmelweis.hu\/fogpotlastan\/files\/2022\/02\/Dr.-Nagy-Zsanett-768x960.jpg 768w, https:\/\/semmelweis.hu\/fogpotlastan\/files\/2022\/02\/Dr.-Nagy-Zsanett-1229x1536.jpg 1229w, https:\/\/semmelweis.hu\/fogpotlastan\/files\/2022\/02\/Dr.-Nagy-Zsanett-1638x2048.jpg 1638w, https:\/\/semmelweis.hu\/fogpotlastan\/files\/2022\/02\/Dr.-Nagy-Zsanett-753x941.jpg 753w, https:\/\/semmelweis.hu\/fogpotlastan\/files\/2022\/02\/Dr.-Nagy-Zsanett-scaled.jpg 2048w\" sizes=\"auto, (max-width: 196px) 100vw, 196px\" \/><strong>Tanulm\u00e1nyok, szakk\u00e9pes\u00edt\u00e9s<\/strong><\/span><br \/>\n<span style=\"font-size: 12pt\">2019 Fogp\u00f3tl\u00e1stan szakvizsga<br \/>\n2010 Konzerv\u00e1l\u00f3 fog\u00e1szat \u00e9s fogp\u00f3tl\u00e1stan szakvizsga<\/span><br \/>\n<span style=\"font-size: 12pt\">2007 Fogorvos diploma \u2013 Semmelweis Egyetem Fogorvostudom\u00e1nyi Kar<\/span><br \/>\n<span style=\"font-size: 12pt\"><br \/>\n<strong>Szakmai tapasztalat \/ klinikai el\u0151menetel<\/strong><br \/>\n<\/span><span style=\"font-size: 12pt\">2010- Fogp\u00f3tl\u00e1stan Klinika \u2013 klinikai szakorvos<\/span><br \/>\n<span style=\"font-size: 12pt\">2007-2010 Fogp\u00f3tl\u00e1stan Klinika \u2013 k\u00f6zponti gyakornok<\/span><br \/>\n<span style=\"font-size: 12pt\"><br \/>\n<strong>Tudom\u00e1nyos tev\u00e9kenys\u00e9g<\/strong><\/span><br \/>\n<span style=\"font-size: 12pt\">munkacsoport: \u00c1llkapocs\u00edz\u00fcleti munkacsoport<\/span><br \/>\n<span style=\"font-size: 12pt\">munkacsoport: Implant\u00e1ci\u00f3s protetikai munkacsoport<\/span><\/p>\n<p><strong><span style=\"font-size: 12pt\">Szakmai tov\u00e1bbk\u00e9pz\u00e9sek r\u00e9sztvev\u0151k\u00e9nt<\/span><\/strong><br \/>\n<span style=\"font-size: 12pt\">2010 Stoskport Dental Seminars,Indroducion to Occlusion, Wakefield, United Kingdom<\/span><br \/>\n<span style=\"font-size: 12pt\">2012 Europerio, Vienna<\/span><br \/>\n<span style=\"font-size: 12pt\">2012 G\u00e9pi gy\u00f6k\u00e9rcsatorna t\u00e1g\u00edt\u00f3k haszn\u00e1lata az endodonci\u00e1ban, Budapest<\/span><br \/>\n<span style=\"font-size: 12pt\">2013 Competence in Esthetics, Vienna<\/span><br \/>\n<span style=\"font-size: 12pt\">2013 Perspekt\u00edv\u00e1k a Paro-Implantol\u00f3gi\u00e1ban, Szeged<\/span><br \/>\n<span style=\"font-size: 12pt\"><br \/>\n<strong>Nyelvismeret<\/strong><\/span><br \/>\n<span style=\"font-size: 12pt\">magyar anyanyelv<\/span><br \/>\n<span style=\"font-size: 12pt\">angol k\u00f6z\u00e9pfok<\/span><br \/>\n<span style=\"font-size: 12pt\">n\u00e9met szakmai alapfok<\/span><\/p>\n<p><span style=\"font-size: 12pt\"><a href=\"https:\/\/vm.mtmt.hu\/\/search\/slist.php?nwi=1&amp;inited=1&amp;ty_on=1&amp;url_on=1&amp;cite_type=2&amp;orderby=3D1a&amp;location=mtmt&amp;stn=1&amp;AuthorID=10045571\">Tudom\u00e1nyos k\u00f6zlem\u00e9nyek<\/a><\/span><\/p>\n<p><span style=\"font-size: 12pt\"><em>Az el\u00e9rhet\u0151s\u00e9gi adatok nem haszn\u00e1lhat\u00f3k fel az 1995. \u00e9vi CXIX. t\u00f6rv\u00e9ny szerinti kutat\u00e1s \u00e9s k\u00f6zvetlen \u00fczletszerz\u00e9s c\u00e9lj\u00e1ra.<\/em><\/span><\/p>\n<p>&nbsp;<\/p>\n","protected":false},"excerpt":{"rendered":"<p>Tanulm\u00e1nyok, szakk\u00e9pes\u00edt\u00e9s 2019 Fogp\u00f3tl\u00e1stan szakvizsga 2010 Konzerv\u00e1l\u00f3 fog\u00e1szat \u00e9s fogp\u00f3tl\u00e1stan szakvizsga 2007 Fogorvos diploma \u2013 Semmelweis Egyetem Fogorvostudom\u00e1nyi Kar Szakmai tapasztalat \/ klinikai el\u0151menetel 2010- Fogp\u00f3tl\u00e1stan Klinika \u2013 klinikai szakorvos 2007-2010 Fogp\u00f3tl\u00e1stan Klinika \u2013 k\u00f6zponti gyakornok Tudom\u00e1nyos tev\u00e9kenys\u00e9g munkacsoport: \u00c1llkapocs\u00edz\u00fcleti munkacsoport munkacsoport: Implant\u00e1ci\u00f3s protetikai munkacsoport Szakmai tov\u00e1bbk\u00e9pz\u00e9sek r\u00e9sztvev\u0151k\u00e9nt 2010 Stoskport Dental Seminars,Indroducion to Occlusion, Wakefield, &hellip;<\/p>\n","protected":false},"author":38,"featured_media":0,"parent":9019,"menu_order":1,"comment_status":"closed","ping_status":"closed","template":"","meta":{"_acf_changed":false,"footnotes":""},"categories":[],"tags":[],"class_list":["post-144","page","type-page","status-publish","hentry"],"acf":[],"_links":{"self":[{"href":"https:\/\/semmelweis.hu\/fogpotlastan\/wp-json\/wp\/v2\/pages\/144","targetHints":{"allow":["GET"]}}],"collection":[{"href":"https:\/\/semmelweis.hu\/fogpotlastan\/wp-json\/wp\/v2\/pages"}],"about":[{"href":"https:\/\/semmelweis.hu\/fogpotlastan\/wp-json\/wp\/v2\/types\/page"}],"author":[{"embeddable":true,"href":"https:\/\/semmelweis.hu\/fogpotlastan\/wp-json\/wp\/v2\/users\/38"}],"replies":[{"embeddable":true,"href":"https:\/\/semmelweis.hu\/fogpotlastan\/wp-json\/wp\/v2\/comments?post=144"}],"version-history":[{"count":10,"href":"https:\/\/semmelweis.hu\/fogpotlastan\/wp-json\/wp\/v2\/pages\/144\/revisions"}],"predecessor-version":[{"id":7879,"href":"https:\/\/semmelweis.hu\/fogpotlastan\/wp-json\/wp\/v2\/pages\/144\/revisions\/7879"}],"up":[{"embeddable":true,"href":"https:\/\/semmelweis.hu\/fogpotlastan\/wp-json\/wp\/v2\/pages\/9019"}],"wp:attachment":[{"href":"https:\/\/semmelweis.hu\/fogpotlastan\/wp-json\/wp\/v2\/media?parent=144"}],"wp:term":[{"taxonomy":"category","embeddable":true,"href":"https:\/\/semmelweis.hu\/fogpotlastan\/wp-json\/wp\/v2\/categories?post=144"},{"taxonomy":"post_tag","embeddable":true,"href":"https:\/\/semmelweis.hu\/fogpotlastan\/wp-json\/wp\/v2\/tags?post=144"}],"curies":[{"name":"wp","href":"https:\/\/api.w.org\/{rel}","templated":true}]}}