{"id":135,"date":"2012-03-05T13:06:56","date_gmt":"2012-03-05T12:06:56","guid":{"rendered":"http:\/\/semmelweis-egyetem.hu\/fogpotlastan\/?page_id=135"},"modified":"2025-03-14T13:37:18","modified_gmt":"2025-03-14T12:37:18","slug":"abram-emese","status":"publish","type":"page","link":"https:\/\/semmelweis.hu\/fogpotlastan\/munkatarsak-terv\/abram-emese\/","title":{"rendered":"Dr. \u00c1br\u00e1m Emese"},"content":{"rendered":"<p><span style=\"font-size: 12pt\"><strong>Tanulm\u00e1nyok, szakk\u00e9pes\u00edt\u00e9s<\/strong><a href=\"https:\/\/semmelweis.hu\/fogpotlastan\/files\/2019\/10\/Dr.-\u00c1br\u00e1m-Emese.jpg\"><img loading=\"lazy\" decoding=\"async\" class=\"size-medium wp-image-5556 alignright\" src=\"https:\/\/semmelweis.hu\/fogpotlastan\/files\/2019\/10\/Dr.-\u00c1br\u00e1m-Emese-200x300.jpg\" alt=\"\" width=\"200\" height=\"300\" srcset=\"https:\/\/semmelweis.hu\/fogpotlastan\/files\/2019\/10\/Dr.-\u00c1br\u00e1m-Emese-200x300.jpg 200w, https:\/\/semmelweis.hu\/fogpotlastan\/files\/2019\/10\/Dr.-\u00c1br\u00e1m-Emese.jpg 500w\" sizes=\"auto, (max-width: 200px) 100vw, 200px\" \/><\/a><br \/>\n<\/span><span style=\"font-size: 12pt\">2019 Fogp\u00f3tl\u00e1stan szakvizsga<br \/>\n2007 Konzerv\u00e1l\u00f3 fog\u00e1szat \u00e9s fogp\u00f3tl\u00e1stan szakvizsga<\/span><br \/>\n<span style=\"font-size: 12pt\">2005 Fog-\u00e9s sz\u00e1jbetegs\u00e9gek szakvizsga<\/span><br \/>\n<span style=\"font-size: 12pt\">2003 Fogorvos diploma \u2013 Semmelweis Egyetem Fogorvostudom\u00e1nyi Kar<\/span><br \/>\n<span style=\"font-size: 12pt\"><br \/>\n<strong>Szakmai tapasztalat \/ klinikai el\u0151menetel<\/strong><br \/>\n<\/span><span style=\"font-size: 12pt\">2023- Fogp\u00f3tl\u00e1stan Klinika \u2013 egyetemi adjunktus<br \/>\n2009- Fogp\u00f3tl\u00e1stan Klinika \u2013 egyetemi tan\u00e1rseg\u00e9d<\/span><br \/>\n<span style=\"font-size: 12pt\">2005- Fogp\u00f3tl\u00e1stan Klinika \u2013 klinikai szakorvos<\/span><br \/>\n<span style=\"font-size: 12pt\">2003- Fogp\u00f3tl\u00e1stan Klinika \u2013 k\u00f6zponti gyakornok<\/span><br \/>\n<span style=\"font-size: 12pt\">Tudom\u00e1nyos tev\u00e9kenys\u00e9g<\/span><br \/>\n<span style=\"font-size: 12pt\">munkacsoporokt: Digit\u00e1lis Fog\u00e1szati Munkacsoport<\/span><br \/>\n<span style=\"font-size: 12pt\">Implantol\u00f3giai Protetikai Munkacsoport<\/span><\/p>\n<p style=\"text-align: justify\"><strong><span style=\"font-size: 12pt\">El\u0151ad\u00e1sok<\/span><\/strong><br \/>\n<span style=\"font-size: 12pt\">1. \u00c1BR\u00c1M E, KOZ\u00c1K L., KIVOVICS P.: K\u00e9rd\u0151\u00edv haszn\u00e1lata rizik\u00f3faktorok kisz\u0171r\u00e9se c\u00e9lj\u00e1b\u00f3l id\u0151skor\u00fa p\u00e1ciensek gondoz\u00e1sa eset\u00e9n &#8211; <\/span><span style=\"font-size: 12pt\">Magyar Fogp\u00f3tl\u00e1stani T\u00e1rsas\u00e1g XV., Magyar Fogorvosok Implantol\u00f3giai T\u00e1rsas\u00e1ga V., Magyar Parodontol\u00f3giai T\u00e1rsas\u00e1g XIII. Kongresszusa<\/span><br \/>\n<span style=\"font-size: 12pt\">Budapest, 2003. augusztus 28-30.<br \/>\n<\/span><span style=\"font-size: 12pt\">2. \u00c1BR\u00c1M E., V\u00c9GH A.: Septumnasi deformit\u00e1sok \u00e9s a malocclusi\u00f3k kapcsolat\u00e1nak tematikus irodalom elemz\u00e9se &#8211; <\/span><span style=\"font-size: 12pt\">MFE Fogp\u00f3tl\u00e1stani T\u00e1rsas\u00e1g XVII., Magyar Fogorvosok Implantol\u00f3giai T\u00e1rsas\u00e1ga VII., Magyar Parodontol\u00f3giai T\u00e1rsas\u00e1g XV. Kongresszusa<\/span><br \/>\n<span style=\"font-size: 12pt\">Szeged, 2007. okt\u00f3ber 13-15.<br \/>\n<\/span><span style=\"font-size: 12pt\">3. E.\u00c1BR\u00c1M, P. HERMANN, A. VEGH: Nasalseptum deformations and malocclusions<\/span><br \/>\n<span style=\"font-size: 12pt\">IADR 87th General Session &#8211; <\/span><span style=\"font-size: 12pt\">Miami, Florida April. 1-4, 2009<br \/>\n<\/span><span style=\"font-size: 12pt\">4. E.\u00c1BR\u00c1M, P. HERMANN, A. VEGH: Thematic Analysis of the Interaction of Nasal Septum Deformations and Malocclusion &#8211; <\/span><span style=\"font-size: 12pt\">7th International OrthodonticCongress, Sydney, Australia, February 6\u20139, 2010<br \/>\n<\/span><span style=\"font-size: 12pt\">5. E.\u00c1BR\u00c1M, P. HERMANN, A. VEGH: Correlation between malocclusion and nasalseptum deformities<\/span><br \/>\n<span style=\"font-size: 12pt\">IADR 88th General Session, Barcelona, Spain, July 14-17, 2010<br \/>\n<\/span><span style=\"font-size: 12pt\">6. E.\u00c1BR\u00c1M, P. HERMANN, A. VEGH: Correlation Between Malocclusion and Nasal Septum Deformities &#8211;<\/span><br \/>\n<span style=\"font-size: 12pt\">FDI Annual World Dental Congress, Salvador da Bahia, Brazil, September 2-5, 2010 <\/span><span style=\"font-size: 12pt\">Invitedposter<br \/>\n<\/span><span style=\"font-size: 12pt\">7. T. Ruszin, E. \u00c1br\u00e1m, \u00c1. L\u0151rincz : Management of Severly Resorbed Alveolar Crest and Dental Rehabilitation in a Demanding Implant Case &#8211; 14th DENTSPLY Friadent World Symposium, March 19\/20 , Barcelona, 2010<br \/>\n<\/span><span style=\"font-size: 12pt\">8. ABRAM, J. BORBELY,: A. CZIGOLA, F. UJHELYI, G. GAJTATSY, P. HERMANN Determining the Color of Glass-Ceramic Restorations with Spectrophotometric &#8211; <\/span><span style=\"font-size: 12pt\">CED-IADR\/NOF Oral Health Research Congress, Vienna\/Austria, September 20-23, 2017<br \/>\n<\/span><span style=\"font-size: 12pt\">9. Dr. \u00c1br\u00e1m Emese, Feh\u00e9r D\u00f3ra, Sal\u00e1ta J\u00f3zsef, Dr. Ujhelyi Ferenc, Dr. Gajd\u00e1tsy G\u00e1bor, Dr. Borb\u00e9ly Judit, Prof. Dr. Hermann P\u00e9ter: \u00dcvegker\u00e1mi\u00e1k transzmisszi\u00f3s \u00e9s reflexi\u00f3s vizsg\u00e1lata &#8211; <\/span><span style=\"font-size: 12pt\">MA\u00c1SZT-MFE-Kongresszus, Debrecen, szeptember 28-30, 2017<br \/>\n<\/span><span style=\"font-size: 12pt\">10. Dr. Emese Abram: Determining the Colour of Dental Materials with Spectrophotometric Examination &#8211; XVI. Lux et Color Vesprimiensis, Veszpr\u00e9m, Hungary, October 11,12, 2018<\/span><\/p>\n<p><strong><span style=\"font-size: 12pt\">Szakmai szervezeti tags\u00e1gok<\/span><\/strong><br \/>\n<span style=\"font-size: 12pt\">Magyar Fogp\u00f3tl\u00e1stani T\u00e1rsas\u00e1g<\/span><br \/>\n<span style=\"font-size: 12pt\">IADR- International Association of Dental Research<\/span><br \/>\n<span style=\"font-size: 12pt\">ESCD- European Society of Cosmetic Dentistry<\/span><\/p>\n<p><strong><span style=\"font-size: 12pt\">Nyelvismeret<\/span><\/strong><br \/>\n<span style=\"font-size: 12pt\">angol k\u00f6z\u00e9pfok<\/span><br \/>\n<span style=\"font-size: 12pt\">n\u00e9met alapfok<\/span><\/p>\n<p><span style=\"font-size: 12pt\"><a href=\"https:\/\/vm.mtmt.hu\/\/search\/slist.php?lang=0&amp;AuthorID=10018881\">Tudom\u00e1nyos k\u00f6zlem\u00e9nyek<\/a><\/span><\/p>\n<div id=\"GroupWiseSection_1543497465000_sagi.zenina@semmelweis-univ.hu_08797E0218BF0000B518000000000000_\" class=\"GroupWiseMessageBody active\">\n<div><span style=\"font-size: 12pt\"><em>Az el\u00e9rhet\u0151s\u00e9gi adatok nem haszn\u00e1lhat\u00f3k fel az 1995. \u00e9vi CXIX. t\u00f6rv\u00e9ny szerinti kutat\u00e1s \u00e9s k\u00f6zvetlen \u00fczletszerz\u00e9s c\u00e9lj\u00e1ra.<\/em><\/span><\/div>\n<\/div>\n","protected":false},"excerpt":{"rendered":"<p>Tanulm\u00e1nyok, szakk\u00e9pes\u00edt\u00e9s <a href=\"https:\/\/semmelweis.hu\/fogpotlastan\/files\/2019\/10\/Dr.-\u00c1br\u00e1m-Emese.jpg\"><\/a> 2019 Fogp\u00f3tl\u00e1stan szakvizsga 2007 Konzerv\u00e1l\u00f3 fog\u00e1szat \u00e9s fogp\u00f3tl\u00e1stan szakvizsga 2005 Fog-\u00e9s sz\u00e1jbetegs\u00e9gek szakvizsga 2003 Fogorvos diploma \u2013 Semmelweis Egyetem Fogorvostudom\u00e1nyi Kar Szakmai tapasztalat \/ klinikai el\u0151menetel 2023- Fogp\u00f3tl\u00e1stan Klinika \u2013 egyetemi adjunktus 2009- Fogp\u00f3tl\u00e1stan Klinika \u2013 egyetemi tan\u00e1rseg\u00e9d 2005- Fogp\u00f3tl\u00e1stan Klinika \u2013 klinikai szakorvos 2003- Fogp\u00f3tl\u00e1stan Klinika \u2013 k\u00f6zponti gyakornok Tudom\u00e1nyos tev\u00e9kenys\u00e9g munkacsoporokt: &hellip;<\/p>\n","protected":false},"author":38,"featured_media":0,"parent":9019,"menu_order":1,"comment_status":"closed","ping_status":"closed","template":"","meta":{"_acf_changed":false,"footnotes":""},"categories":[],"tags":[],"class_list":["post-135","page","type-page","status-publish","hentry"],"acf":[],"_links":{"self":[{"href":"https:\/\/semmelweis.hu\/fogpotlastan\/wp-json\/wp\/v2\/pages\/135","targetHints":{"allow":["GET"]}}],"collection":[{"href":"https:\/\/semmelweis.hu\/fogpotlastan\/wp-json\/wp\/v2\/pages"}],"about":[{"href":"https:\/\/semmelweis.hu\/fogpotlastan\/wp-json\/wp\/v2\/types\/page"}],"author":[{"embeddable":true,"href":"https:\/\/semmelweis.hu\/fogpotlastan\/wp-json\/wp\/v2\/users\/38"}],"replies":[{"embeddable":true,"href":"https:\/\/semmelweis.hu\/fogpotlastan\/wp-json\/wp\/v2\/comments?post=135"}],"version-history":[{"count":10,"href":"https:\/\/semmelweis.hu\/fogpotlastan\/wp-json\/wp\/v2\/pages\/135\/revisions"}],"predecessor-version":[{"id":9493,"href":"https:\/\/semmelweis.hu\/fogpotlastan\/wp-json\/wp\/v2\/pages\/135\/revisions\/9493"}],"up":[{"embeddable":true,"href":"https:\/\/semmelweis.hu\/fogpotlastan\/wp-json\/wp\/v2\/pages\/9019"}],"wp:attachment":[{"href":"https:\/\/semmelweis.hu\/fogpotlastan\/wp-json\/wp\/v2\/media?parent=135"}],"wp:term":[{"taxonomy":"category","embeddable":true,"href":"https:\/\/semmelweis.hu\/fogpotlastan\/wp-json\/wp\/v2\/categories?post=135"},{"taxonomy":"post_tag","embeddable":true,"href":"https:\/\/semmelweis.hu\/fogpotlastan\/wp-json\/wp\/v2\/tags?post=135"}],"curies":[{"name":"wp","href":"https:\/\/api.w.org\/{rel}","templated":true}]}}