{"id":133,"date":"2012-03-02T12:37:08","date_gmt":"2012-03-02T11:37:08","guid":{"rendered":"http:\/\/semmelweis-egyetem.hu\/fogpotlastan\/?page_id=133"},"modified":"2024-05-28T14:20:41","modified_gmt":"2024-05-28T12:20:41","slug":"somogyi-endre","status":"publish","type":"page","link":"https:\/\/semmelweis.hu\/fogpotlastan\/munkatarsak-terv\/somogyi-endre\/","title":{"rendered":"Dr. Somogyi Endre"},"content":{"rendered":"<p style=\"text-align: justify\"><span style=\"font-size: 12pt\"><strong>Tanulm\u00e1nyok, szakk\u00e9pes\u00edt\u00e9s<\/strong><strong><img loading=\"lazy\" decoding=\"async\" class=\"size-medium wp-image-5589 alignright\" src=\"https:\/\/semmelweis.hu\/fogpotlastan\/files\/2019\/10\/Dr.-Somogyi-Endre-200x300.jpg\" alt=\"\" width=\"200\" height=\"300\" srcset=\"https:\/\/semmelweis.hu\/fogpotlastan\/files\/2019\/10\/Dr.-Somogyi-Endre-200x300.jpg 200w, https:\/\/semmelweis.hu\/fogpotlastan\/files\/2019\/10\/Dr.-Somogyi-Endre.jpg 500w\" sizes=\"auto, (max-width: 200px) 100vw, 200px\" \/><\/strong><\/span><br \/>\n<span style=\"font-size: 12pt\">1969 Fogorvosi diploma (Summa cum laude) Budapesti Orvostudom\u00e1nyi Egyetem Fogorvostudom\u00e1nyi Kar<\/span><br \/>\n<span style=\"font-size: 12pt\">1971 Fog \u00e9s sz\u00e1jbetegs\u00e9gek szakvizsga<\/span><br \/>\n<span style=\"font-size: 12pt\">2004 Konzerv\u00e1l\u00f3 fog\u00e1szat \u00e9s fogp\u00f3tl\u00e1stan szakvizsga<\/span><br \/>\n<span style=\"font-size: 12pt\">2019 Fogp\u00f3tl\u00e1stan szakvizsga<\/span><\/p>\n<p><span style=\"font-size: 12pt\"><strong>Szakmai tapasztalat \/ klinikai el\u0151menetel<\/strong><\/span><br \/>\n<span style=\"font-size: 12pt\">Semmelweis Egyetem Fogp\u00f3tl\u00e1stani Klinika<\/span><br \/>\n<span style=\"font-size: 12pt\">1969-1972 K\u00f6zponti gyakornok<\/span><br \/>\n<span style=\"font-size: 12pt\">1972-1985 Egyetemi tan\u00e1rseg\u00e9d<\/span><br \/>\n<span style=\"font-size: 12pt\">1985-2011 Egyetemi adjunktus<\/span><br \/>\n<span style=\"font-size: 12pt\">2011- Klinikai f\u0151orvos<\/span><br \/>\n<span style=\"font-size: 12pt\">1985-2005 Oszt\u00e1lyvezet\u0151<\/span><\/p>\n<p><span style=\"font-size: 12pt\"><strong>Kapcsol\u00f3d\u00f3 oktat\u00f3i tev\u00e9kenys\u00e9g:<\/strong><\/span><br \/>\n<span style=\"font-size: 12pt\">1985-2011 \u00c1ltal\u00e1nos magyar tanulm\u00e1nyi felel\u0151s<\/span><br \/>\n<span style=\"font-size: 12pt\">1985-2011 N\u00e9met tanulm\u00e1nyi felel\u0151s<\/span><br \/>\n<span style=\"font-size: 12pt\">Rezidensek tutora \u00e9s konzulense<\/span><br \/>\n<span style=\"font-size: 12pt\">2001 \u2013 20015 Vezet\u0151s\u00e9gi tag \u2013 Magyar Fogorvosok Egyes\u00fclete, Fogp\u00f3tl\u00e1stani T\u00e1rsas\u00e1g<\/span><\/p>\n<p><span style=\"font-size: 12pt\"><strong>Nyelvismeret<\/strong><\/span><br \/>\n<span style=\"font-size: 12pt\">magyar &#8211; anyanyelv<\/span><br \/>\n<span style=\"font-size: 12pt\">n\u00e9met &#8211; szakmailag b\u0151v\u00edtett k\u00f6z\u00e9pfok\u00fa nyelvvizsga<\/span><\/p>\n<p style=\"text-align: justify\"><span style=\"font-size: 12pt\"><a href=\"https:\/\/vm.mtmt.hu\/\/search\/slist.php?lang=0&amp;AuthorID=10018903\">Tudom\u00e1nyos k\u00f6zlem\u00e9nyek<\/a><\/span><\/p>\n<p style=\"text-align: justify\"><span style=\"font-size: 10pt\"><em>Az el\u00e9rhet\u0151s\u00e9gi adatok nem haszn\u00e1lhat\u00f3k fel az 1995. \u00e9vi CXIX. t\u00f6rv\u00e9ny szerinti kutat\u00e1s \u00e9s k\u00f6zvetlen \u00fczletszerz\u00e9s c\u00e9lj\u00e1ra.<\/em><\/span><\/p>\n","protected":false},"excerpt":{"rendered":"<p>Tanulm\u00e1nyok, szakk\u00e9pes\u00edt\u00e9s 1969 Fogorvosi diploma (Summa cum laude) Budapesti Orvostudom\u00e1nyi Egyetem Fogorvostudom\u00e1nyi Kar 1971 Fog \u00e9s sz\u00e1jbetegs\u00e9gek szakvizsga 2004 Konzerv\u00e1l\u00f3 fog\u00e1szat \u00e9s fogp\u00f3tl\u00e1stan szakvizsga 2019 Fogp\u00f3tl\u00e1stan szakvizsga Szakmai tapasztalat \/ klinikai el\u0151menetel Semmelweis Egyetem Fogp\u00f3tl\u00e1stani Klinika 1969-1972 K\u00f6zponti gyakornok 1972-1985 Egyetemi tan\u00e1rseg\u00e9d 1985-2011 Egyetemi adjunktus 2011- Klinikai f\u0151orvos 1985-2005 Oszt\u00e1lyvezet\u0151 Kapcsol\u00f3d\u00f3 oktat\u00f3i tev\u00e9kenys\u00e9g: 1985-2011 \u00c1ltal\u00e1nos &hellip;<\/p>\n","protected":false},"author":38,"featured_media":0,"parent":9019,"menu_order":1,"comment_status":"closed","ping_status":"closed","template":"","meta":{"_acf_changed":false,"footnotes":""},"categories":[],"tags":[],"class_list":["post-133","page","type-page","status-publish","hentry"],"acf":[],"_links":{"self":[{"href":"https:\/\/semmelweis.hu\/fogpotlastan\/wp-json\/wp\/v2\/pages\/133","targetHints":{"allow":["GET"]}}],"collection":[{"href":"https:\/\/semmelweis.hu\/fogpotlastan\/wp-json\/wp\/v2\/pages"}],"about":[{"href":"https:\/\/semmelweis.hu\/fogpotlastan\/wp-json\/wp\/v2\/types\/page"}],"author":[{"embeddable":true,"href":"https:\/\/semmelweis.hu\/fogpotlastan\/wp-json\/wp\/v2\/users\/38"}],"replies":[{"embeddable":true,"href":"https:\/\/semmelweis.hu\/fogpotlastan\/wp-json\/wp\/v2\/comments?post=133"}],"version-history":[{"count":11,"href":"https:\/\/semmelweis.hu\/fogpotlastan\/wp-json\/wp\/v2\/pages\/133\/revisions"}],"predecessor-version":[{"id":7459,"href":"https:\/\/semmelweis.hu\/fogpotlastan\/wp-json\/wp\/v2\/pages\/133\/revisions\/7459"}],"up":[{"embeddable":true,"href":"https:\/\/semmelweis.hu\/fogpotlastan\/wp-json\/wp\/v2\/pages\/9019"}],"wp:attachment":[{"href":"https:\/\/semmelweis.hu\/fogpotlastan\/wp-json\/wp\/v2\/media?parent=133"}],"wp:term":[{"taxonomy":"category","embeddable":true,"href":"https:\/\/semmelweis.hu\/fogpotlastan\/wp-json\/wp\/v2\/categories?post=133"},{"taxonomy":"post_tag","embeddable":true,"href":"https:\/\/semmelweis.hu\/fogpotlastan\/wp-json\/wp\/v2\/tags?post=133"}],"curies":[{"name":"wp","href":"https:\/\/api.w.org\/{rel}","templated":true}]}}