{"id":122,"date":"2012-03-02T11:57:18","date_gmt":"2012-03-02T10:57:18","guid":{"rendered":"http:\/\/semmelweis-egyetem.hu\/fogpotlastan\/?page_id=122"},"modified":"2026-01-09T08:51:48","modified_gmt":"2026-01-09T07:51:48","slug":"borbely-judit","status":"publish","type":"page","link":"https:\/\/semmelweis.hu\/fogpotlastan\/munkatarsak-terv\/borbely-judit\/","title":{"rendered":"Prof. Dr. Borb\u00e9ly Judit"},"content":{"rendered":"<p><strong><span style=\"font-size: 12pt\">Tanulm\u00e1nyok, szakk\u00e9pes\u00edt\u00e9s<a href=\"https:\/\/semmelweis.hu\/fogpotlastan\/files\/2019\/10\/Dr.-Borb\u00e9ly-Judit.jpg\"><img loading=\"lazy\" decoding=\"async\" class=\"size-medium wp-image-5558 alignright\" src=\"https:\/\/semmelweis.hu\/fogpotlastan\/files\/2019\/10\/Dr.-Borb\u00e9ly-Judit-200x300.jpg\" alt=\"\" width=\"200\" height=\"300\" srcset=\"https:\/\/semmelweis.hu\/fogpotlastan\/files\/2019\/10\/Dr.-Borb\u00e9ly-Judit-200x300.jpg 200w, https:\/\/semmelweis.hu\/fogpotlastan\/files\/2019\/10\/Dr.-Borb\u00e9ly-Judit.jpg 500w\" sizes=\"auto, (max-width: 200px) 100vw, 200px\" \/><\/a><\/span><\/strong><br \/>\n<span style=\"font-size: 12pt\">2024 Habilit\u00e1ci\u00f3<br \/>\n2019 Or\u00e1lis Implantol\u00f3gia r\u00e1\u00e9p\u00edtett szakvizsga<br \/>\n2019 Fogp\u00f3tl\u00e1stan szakvizsga <\/span><br \/>\n<span style=\"font-size: 12pt\">2011 PhD fokozatszerz\u00e9s: A vizu\u00e1lis \u00e9s digit\u00e1lis fogsz\u00ednmeghat\u00e1roz\u00e1s lehet\u0151s\u00e9gei \u00e9s befoly\u00e1sol\u00f3 t\u00e9nyez\u0151i <\/span><br \/>\n<span style=\"font-size: 12pt\">2006 Konzerv\u00e1l\u00f3 fog\u00e1szat \u00e9s fogp\u00f3tl\u00e1stan szakvizsga<\/span><br \/>\n<span style=\"font-size: 12pt\">2003 Fog \u00e9s sz\u00e1jbetegs\u00e9gek szakvizsga<\/span><br \/>\n<span style=\"font-size: 12pt\">2001 Fogorvos diploma \u2013 Semmelweis Egyetem, Fogorvostudom\u00e1nyi Kar<br \/>\n<\/span><br \/>\n<strong><span style=\"font-size: 12pt\">Szakmai tapasztalat \/ klinikai el\u0151menetel<\/span><\/strong><br \/>\n<span style=\"font-size: 12pt\">2013- Fogp\u00f3tl\u00e1stan Klinika \u2013 egyetemi docens<\/span><br \/>\n<span style=\"font-size: 12pt\">2011-2013. Fogp\u00f3tl\u00e1stan Klinika \u2013 egyetemi adjunktus<\/span><br \/>\n<span style=\"font-size: 12pt\">2006-2011. Fogp\u00f3tl\u00e1stan Klinika \u2013 egyetemi tan\u00e1rseg\u00e9d<\/span><br \/>\n<span style=\"font-size: 12pt\">2001-2003. Fogp\u00f3tl\u00e1stan Klinika \u2013 klinikai orvos<\/span><br \/>\n<span style=\"font-size: 12pt\"><br \/>\n<strong>Tudom\u00e1nyos tev\u00e9kenys\u00e9g<\/strong><\/span><br \/>\n<span style=\"font-size: 12pt\">Munkacsoport: Digit\u00e1lis Fog\u00e1szati Munkacsoport vezet\u0151<\/span><br \/>\n<span style=\"font-size: 12pt\">PhD: Klinikai Fogorvostudom\u00e1nyok Doktori Iskola, 2011: A vizu\u00e1lis \u00e9s digit\u00e1lis fogsz\u00ednmeghat\u00e1roz\u00e1s lehet\u0151s\u00e9gei \u00e9s befoly\u00e1sol\u00f3 t\u00e9nyez\u0151i (t\u00e9mavezet\u0151: Prof. Dr. Hermann P\u00e9ter)<\/span><\/p>\n<p><strong><span style=\"font-size: 12pt\">El\u0151ad\u00e1sok<\/span><\/strong><br \/>\n<span style=\"font-size: 12pt\">Szakmai tov\u00e1bbk\u00e9pz\u00e9sek el\u0151ad\u00f3k\u00e9nt<\/span><br \/>\n<span style=\"font-size: 12pt\">Szakmai tov\u00e1bbk\u00e9pz\u00e9sek r\u00e9szvev\u0151k\u00e9nt<br \/>\n<\/span><br \/>\n<strong><span style=\"font-size: 12pt\">Szakmai szervezeti tags\u00e1gok<\/span><\/strong><span style=\"font-size: 12pt\"><br \/>\nMFE vezet\u0151s\u00e9gi tag<\/span><br \/>\n<span style=\"font-size: 12pt\">MFE Fogp\u00f3tl\u00e1stani T\u00e1rsas\u00e1g vezet\u0151s\u00e9gi tag<br \/>\n<\/span><span style=\"font-size: 12pt\">MDFE Magyar Digit\u00e1lis Fog\u00e1szati Egyes\u00fclet vezet\u0151s\u00e9gi ag<\/span><br \/>\n<span style=\"font-size: 12pt\">Magyar Dento-Maxillo-Faci\u00e1lis Radiol\u00f3giai T\u00e1rsas\u00e1g tag<\/span><br \/>\n<span style=\"font-size: 12pt\">Society for Color and Appearance in Dentistry active member<\/span><br \/>\n<span style=\"font-size: 12pt\">Magyar Eszt\u00e9tikai Fog\u00e1szati Akad\u00e9mia tag<\/span><br \/>\n<span style=\"font-size: 12pt\">European Society of Cosmetic Dentistry tag<\/span><\/p>\n<p><strong><span style=\"font-size: 12pt\">Nyelvismeret<\/span><\/strong><br \/>\n<span style=\"font-size: 12pt\">magyar anyanyelv<\/span><br \/>\n<span style=\"font-size: 12pt\">angol fels\u0151fok<\/span><br \/>\n<span style=\"font-size: 12pt\">n\u00e9met k\u00f6z\u00e9pfok<\/span><\/p>\n<p><span style=\"font-size: 12pt\"><a href=\"https:\/\/vm.mtmt.hu\/\/search\/slist.php?lang=0&amp;AuthorID=10018882\">Tudom\u00e1nyos k\u00f6zlem\u00e9nyek<\/a><\/span><\/p>\n<p><span style=\"font-size: 12pt\"><em>Az el\u00e9rhet\u0151s\u00e9gi adatok nem haszn\u00e1lhat\u00f3k fel az 1995. \u00e9vi CXIX. t\u00f6rv\u00e9ny szerinti kutat\u00e1s \u00e9s k\u00f6zvetlen \u00fczletszerz\u00e9s c\u00e9lj\u00e1ra.<\/em><\/span><\/p>\n","protected":false},"excerpt":{"rendered":"<p>Tanulm\u00e1nyok, szakk\u00e9pes\u00edt\u00e9s <a href=\"https:\/\/semmelweis.hu\/fogpotlastan\/files\/2019\/10\/Dr.-Borb\u00e9ly-Judit.jpg\"><\/a> 2024 Habilit\u00e1ci\u00f3 2019 Or\u00e1lis Implantol\u00f3gia r\u00e1\u00e9p\u00edtett szakvizsga 2019 Fogp\u00f3tl\u00e1stan szakvizsga 2011 PhD fokozatszerz\u00e9s: A vizu\u00e1lis \u00e9s digit\u00e1lis fogsz\u00ednmeghat\u00e1roz\u00e1s lehet\u0151s\u00e9gei \u00e9s befoly\u00e1sol\u00f3 t\u00e9nyez\u0151i 2006 Konzerv\u00e1l\u00f3 fog\u00e1szat \u00e9s fogp\u00f3tl\u00e1stan szakvizsga 2003 Fog \u00e9s sz\u00e1jbetegs\u00e9gek szakvizsga 2001 Fogorvos diploma \u2013 Semmelweis Egyetem, Fogorvostudom\u00e1nyi Kar Szakmai tapasztalat \/ klinikai el\u0151menetel 2013- Fogp\u00f3tl\u00e1stan Klinika \u2013 egyetemi docens 2011-2013. &hellip;<\/p>\n","protected":false},"author":38,"featured_media":0,"parent":9019,"menu_order":1,"comment_status":"open","ping_status":"closed","template":"","meta":{"_acf_changed":false,"footnotes":""},"categories":[],"tags":[],"class_list":["post-122","page","type-page","status-publish","hentry"],"acf":[],"_links":{"self":[{"href":"https:\/\/semmelweis.hu\/fogpotlastan\/wp-json\/wp\/v2\/pages\/122","targetHints":{"allow":["GET"]}}],"collection":[{"href":"https:\/\/semmelweis.hu\/fogpotlastan\/wp-json\/wp\/v2\/pages"}],"about":[{"href":"https:\/\/semmelweis.hu\/fogpotlastan\/wp-json\/wp\/v2\/types\/page"}],"author":[{"embeddable":true,"href":"https:\/\/semmelweis.hu\/fogpotlastan\/wp-json\/wp\/v2\/users\/38"}],"replies":[{"embeddable":true,"href":"https:\/\/semmelweis.hu\/fogpotlastan\/wp-json\/wp\/v2\/comments?post=122"}],"version-history":[{"count":10,"href":"https:\/\/semmelweis.hu\/fogpotlastan\/wp-json\/wp\/v2\/pages\/122\/revisions"}],"predecessor-version":[{"id":9854,"href":"https:\/\/semmelweis.hu\/fogpotlastan\/wp-json\/wp\/v2\/pages\/122\/revisions\/9854"}],"up":[{"embeddable":true,"href":"https:\/\/semmelweis.hu\/fogpotlastan\/wp-json\/wp\/v2\/pages\/9019"}],"wp:attachment":[{"href":"https:\/\/semmelweis.hu\/fogpotlastan\/wp-json\/wp\/v2\/media?parent=122"}],"wp:term":[{"taxonomy":"category","embeddable":true,"href":"https:\/\/semmelweis.hu\/fogpotlastan\/wp-json\/wp\/v2\/categories?post=122"},{"taxonomy":"post_tag","embeddable":true,"href":"https:\/\/semmelweis.hu\/fogpotlastan\/wp-json\/wp\/v2\/tags?post=122"}],"curies":[{"name":"wp","href":"https:\/\/api.w.org\/{rel}","templated":true}]}}