{"id":167,"date":"2025-08-04T10:46:34","date_gmt":"2025-08-04T08:46:34","guid":{"rendered":"https:\/\/semmelweis.hu\/foglalkozasegeszsegugy\/?page_id=167"},"modified":"2025-10-20T12:05:05","modified_gmt":"2025-10-20T10:05:05","slug":"gyakran-ismetelt-kerdesek","status":"publish","type":"page","link":"https:\/\/semmelweis.hu\/foglalkozasegeszsegugy\/hallgatoknak\/gyakran-ismetelt-kerdesek\/","title":{"rendered":"Gyakran Ism\u00e9telt K\u00e9rd\u00e9sek"},"content":{"rendered":"<h2 style=\"text-align: center\">SEMMELWEIS EGYETEM FOGLALKOZ\u00c1S-EG\u00c9SZS\u00c9G\u00dcGYI SZOLG\u00c1LAT\u00a0<br \/>\nGYAKRAN ISM\u00c9TELT K\u00c9RD\u00c9SEK (GYIK)<\/h2>\n<h4 style=\"text-align: center\"><strong>Alkalmass\u00e1gi vizsg\u00e1lat minden hallgat\u00f3 r\u00e9sz\u00e9re<\/strong><\/h4>\n<p><span style=\"color: #000000\"><strong>1. Mi a vizsg\u00e1lat c\u00e9lja?<\/strong> <\/span><br \/>\n<span style=\"color: #000000\">Meg\u00e1llap\u00edtani, hogy a hallgat\u00f3 eg\u00e9szs\u00e9gileg, fizikailag \u00e9s ment\u00e1lisan alkalmas-e eg\u00e9szs\u00e9g\u00fcgyi tev\u00e9kenys\u00e9g v\u00e9gz\u00e9s\u00e9re.<\/span><\/p>\n<p><span style=\"color: #000000\"><strong>2. Hol t\u00f6rt\u00e9nik a vizsg\u00e1lat?<\/strong> <\/span><br \/>\n<span style=\"color: #000000\">A Semmelweis Egyetem Foglalkoz\u00e1s-eg\u00e9szs\u00e9g\u00fcgyi Szolg\u00e1lat\u00e1n, karonk\u00e9nt k\u00fcl\u00f6nb\u00f6z\u0151 helysz\u00edneken, ez az \u00e9rtes\u00edt\u00e9sben, amit kapsz pontosan benne van.<\/span><\/p>\n<p><span style=\"color: #000000\"><strong>3. Kell-e fizetni?<\/strong> <\/span><br \/>\n<span style=\"color: #000000\">Nem, az alkalmass\u00e1gi vizsg\u00e1lat t\u00e9r\u00edt\u00e9smentes.<\/span><\/p>\n<p><span style=\"color: #000000\"><strong>4. Hogyan lehet id\u0151pontot foglalni?<\/strong> <\/span><br \/>\n<span style=\"color: #000000\">Az <strong><a href=\"https:\/\/aptitude.semmelweis.hu\/login\">APTITUDE<\/a><\/strong> rendszerben. A helyek korl\u00e1tozottak, <strong>soron k\u00edv\u00fcli vizsg\u00e1lat nincs<\/strong>, \u00e9rdemes id\u0151ben foglalni.<\/span><\/p>\n<p><span style=\"color: #000000\"><strong>5. Meddig \u00e9rv\u00e9nyes az igazol\u00e1s?<\/strong> <\/span><br \/>\n<span style=\"color: #000000\">\u00c1ltal\u00e1ban 365 napig, korl\u00e1toz\u00e1s eset\u00e9n r\u00f6videbb ideig.<\/span><\/p>\n<p><span style=\"color: #000000\"><strong>6. Mi t\u00f6rt\u00e9nik a vizsg\u00e1laton?<\/strong> <\/span><br \/>\n<span style=\"color: #000000\">Igazolv\u00e1nyok \u00e9s eg\u00e9szs\u00e9g\u00fcgyi kisk\u00f6nyv bemutat\u00e1sa, leletek ellen\u0151rz\u00e9se, sz\u00fcks\u00e9g eset\u00e9n alapvizsg\u00e1lat.<\/span><\/p>\n<p><span style=\"color: #000000\"><strong>7. Milyen leletek sz\u00fcks\u00e9gesek?<\/strong> <\/span><br \/>\n<span style=\"color: #000000\">Mellkasr\u00f6ntgen (1 \u00e9ven bel\u00fcli), labor, olt\u00e1si igazol\u00e1sok<\/span><\/p>\n<p><span style=\"color: #000000\"><strong>8. Hol v\u00e9gezhet\u0151k el ezek a vizsg\u00e1latok?<\/strong> <\/span><br \/>\n<span style=\"color: #000000\">Az Egyetem \u00e1ltal biztos\u00edtott rendszerben vagy k\u00fcls\u0151 szolg\u00e1ltat\u00f3n\u00e1l, de csak hiteles (pecs\u00e9tes, al\u00e1\u00edrt) leletekkel. Az <a href=\"https:\/\/aptitude.semmelweis.hu\/login\"><strong>APTITUDE<\/strong><\/a> r\u00e9szletesen elnavig\u00e1l, felesleges vizsg\u00e1latot nem k\u00e9r\u00fcnk, csak amit az egyetemi szab\u00e1lyzat el\u0151\u00edr.<\/span><\/p>\n<p><span style=\"color: #000000\"><strong>9. Milyen dokumentumokat kell hozni?<\/strong> <\/span><br \/>\n<span style=\"color: #000000\">Fels\u0151bb \u00e9ves hallgat\u00f3k eset\u00e9ben csak az aktu\u00e1lis orvosi dokument\u00e1ci\u00f3 sz\u00fcks\u00e9ges, ha eg\u00e9szs\u00e9gi \u00e1llapotukban v\u00e1ltoz\u00e1s t\u00f6rt\u00e9nt. \u00daj hallgat\u00f3kn\u00e1l az al\u00e1bbiakat kell vinni:<\/span><\/p>\n<ul>\n<li><span style=\"color: #000000\">Gyermekkori olt\u00e1si k\u00f6nyv, amely tartalmazza az MMR \u00e9s Hepatitis B olt\u00e1sok id\u0151pontj\u00e1t. Ha nincs, akkor igazol\u00e1s sz\u00fcks\u00e9ges a v\u00e9d\u0151n\u0151t\u0151l, gyermekorvost\u00f3l.<\/span><\/li>\n<li><span style=\"color: #000000\"><a href=\"https:\/\/semmelweis.hu\/etk\/files\/2025\/07\/Orvosi-nyilatkozatok-beiratkozashoz.pdf\">Kit\u00f6lt\u00f6tt anamn\u00e9zis lap (saj\u00e1t al\u00e1\u00edr\u00e1ssal),\u00a0H\u00e1ziorvosi nyilatkozat (orvosi al\u00e1\u00edr\u00e1ssal \u00e9s pecs\u00e9ttel),\u00a0Nyilatkozat a Semmelweis Egyetem Munkav\u00e9delmi Szab\u00e1lyzat\u00e1r\u00f3l \u2013 5. mell\u00e9klet.<\/a><\/span><\/li>\n<li><span style=\"color: #000000\">Eg\u00e9szs\u00e9g\u00fcgyi kisk\u00f6nyv \u2013 nyomtatv\u00e1nyboltban kaphat\u00f3, ki kell t\u00f6lteni.<\/span><\/li>\n<li><span style=\"color: #000000\">Szakorvosi dokument\u00e1ci\u00f3 \u2013 ha kr\u00f3nikus betegs\u00e9ged van (ambul\u00e1ns lap, z\u00e1r\u00f3jelent\u00e9s, szakorvosi v\u00e9lem\u00e9ny m\u00e1solata).<\/span><\/li>\n<\/ul>\n<p><span style=\"color: #000000\">Fontos: A dokumentumokat magyar, angol vagy n\u00e9met nyelven kell beny\u00fajtani, hiteles\u00edtett form\u00e1ban (al\u00e1\u00edr\u00e1s, pecs\u00e9t, d\u00e1tum).<\/span><\/p>\n<p><span style=\"color: #000000\"><strong>10. Seg\u00edtenek a dokumentumok kit\u00f6lt\u00e9s\u00e9ben?<\/strong><\/span><br \/>\n<span style=\"font-size: 1rem;color: #000000\">Igen, el\u00e9rhet\u0151k magyar, angol \u00e9s n\u00e9met nyelven az <a href=\"https:\/\/aptitude.semmelweis.hu\/login\"><strong>APTITUDE-<\/strong>ben<\/a> vagy a kari honlapon. K\u00fclf\u00f6ld\u00f6n is kit\u00f6lthet\u0151k, ha megfelelnek a felt\u00e9teleknek.<\/span><\/p>\n<p><span style=\"color: #000000\"><strong>11. Kell-e Hepatitis B vizsg\u00e1lat?<\/strong><\/span><br \/>\nIgen, az Anti-HBs \u00e9s HBsAg vizsg\u00e1lat egyes hallgat\u00f3kn\u00e1l k\u00f6telez\u0151,\u00a0<a href=\"https:\/\/semmelweis.hu\/biztonsag\/files\/2012\/01\/plakat_v_1.14_A3.pdf\">t\u0171sz\u00far\u00e1sos<\/a>\u00a0balesetn\u00e9l \u00fajra kell vizsg\u00e1lni.<\/p>\n<p><span style=\"color: #000000\"><strong>12. Mi a teend\u0151, ha olt\u00e1s sz\u00fcks\u00e9ges?<\/strong> <\/span><br \/>\n<span style=\"color: #000000\">A foglalkoz\u00e1s-eg\u00e9szs\u00e9g\u00fcgyi orvos ad t\u00e1j\u00e9koztat\u00e1st \u00e9s int\u00e9zkedik.<\/span><\/p>\n<p><span style=\"color: #000000\"><strong>13. Milyen gyakran kell HCV sz\u0171r\u00e9s? Invaz\u00edv beavatkoz\u00e1s eset\u00e9n:<\/strong><\/span><br \/>\n<span style=\"color: #000000\">5 \u00e9vente, nem invaz\u00edvn\u00e1l: 10 \u00e9vente.<\/span><\/p>\n<p><span style=\"color: #000000\"><strong>14. Sz\u00fcks\u00e9ges-e sz\u00e9kletvizsg\u00e1lat?<\/strong> <\/span><br \/>\n<span style=\"color: #000000\">Igen, ha gyermekgy\u00f3gy\u00e1szati, n\u0151gy\u00f3gy\u00e1szati vagy konyhai gyakorlatra m\u00e9sz . Egyes szakok, \u00e9vfolyamok eset\u00e9ben a hallgat\u00f3k tudnak \u00f6n\u00e1ll\u00f3an id\u0151pontot foglalni a vizsg\u00e1ltra az <a href=\"https:\/\/aptitude.semmelweis.hu\/login\"><strong>APTITUDE<\/strong><\/a> rendszeren kereszt\u00fcl<\/span><\/p>\n<p><span style=\"color: #000000\"><strong>15. Hogyan kapom meg a leleteket?<\/strong> <\/span><br \/>\n<span style=\"color: #000000\"><a href=\"https:\/\/aptitude.semmelweis.hu\/login\"><strong>APTITUDE<\/strong><\/a> csak id\u0151pontfoglal\u00f3. A leleteket EESZT-ben kapod meg, ha minden adatod helyesen van r\u00f6gz\u00edtve.<\/span><\/p>\n<p><span style=\"color: #000000\"><strong>16. Erasmus hallgat\u00f3k\u00e9nt kell vizsg\u00e1lat?<\/strong> <\/span><br \/>\n<span style=\"color: #000000\">Igen, <a href=\"https:\/\/aptitude.semmelweis.hu\/login\"><strong>APTITUDE-<\/strong>ben<\/a> kell id\u0151pontot foglalni, \u00e9s hozni kell a sz\u00fcks\u00e9ges leleteket.<\/span><\/p>\n<p><span style=\"color: #000000\"><strong>17. Stipendium Hungaricum \/ Diaszp\u00f3ra hallgat\u00f3knak mi a teend\u0151?<\/strong> <\/span><br \/>\n<span style=\"color: #000000\">Ugyan\u00fagy kell jelentkezni a vizsg\u00e1latra, az els\u0151 \u00e9vben b\u0151v\u00edtett vizsg\u00e1lat van, de v\u00e1rd meg az \u00e9rtes\u00edt\u00e9st.<\/span><\/p>\n<p><span style=\"color: #000000\"><strong>18. Hol lehet eg\u00e9szs\u00e9g\u00fcgyi kisk\u00f6nyvet beszerezni?<\/strong> <\/span><br \/>\n<span style=\"color: #000000\">Nyomtatv\u00e1nyboltban. A tanulm\u00e1nyok v\u00e9g\u00e9ig meg kell \u0151rizni, minden gyakorlatra vinni kell.<\/span><\/p>\n<p><span style=\"color: #000000\"><strong>19. Ki kezeli az igazol\u00e1st?<\/strong> <\/span><br \/>\n<span style=\"color: #000000\">A kisk\u00f6nyvben szerepl\u0151 alkalmass\u00e1gi bejegyz\u00e9st a D\u00e9k\u00e1ni Hivatalnak \u00e9s gyakorlati helynek kell bemutatni.<\/span><\/p>\n<p><span style=\"color: #000000\"><strong>20. Ki \u00edrja meg a sz\u00fcks\u00e9ges beutal\u00f3kat?<\/strong><\/span><br \/>\n<span style=\"color: #000000\">Ezt az <a href=\"https:\/\/aptitude.semmelweis.hu\/login\"><strong>APTITUDE<\/strong><\/a> alkalmaz\u00e1son kereszt\u00fcl fogod tudni k\u00e9rni, egy rendszeren kereszt\u00fcl megy \u00e9s m\u00e1snap m\u00e1r ott van beutal\u00f3d a felh\u0151ben.<\/span><\/p>\n<p><span style=\"color: #000000\"><strong>21. Nekem kell ezt k\u00e9rni emailban, telefonon?<\/strong><\/span><br \/>\n<span style=\"color: #000000\">Nem<\/span><\/p>\n","protected":false},"excerpt":{"rendered":"<p>SEMMELWEIS EGYETEM FOGLALKOZ\u00c1S-EG\u00c9SZS\u00c9G\u00dcGYI SZOLG\u00c1LAT\u00a0 GYAKRAN ISM\u00c9TELT K\u00c9RD\u00c9SEK (GYIK) Alkalmass\u00e1gi vizsg\u00e1lat minden hallgat\u00f3 r\u00e9sz\u00e9re 1. Mi a vizsg\u00e1lat c\u00e9lja? Meg\u00e1llap\u00edtani, hogy a hallgat\u00f3 eg\u00e9szs\u00e9gileg, fizikailag \u00e9s ment\u00e1lisan alkalmas-e eg\u00e9szs\u00e9g\u00fcgyi tev\u00e9kenys\u00e9g v\u00e9gz\u00e9s\u00e9re. 2. Hol t\u00f6rt\u00e9nik a vizsg\u00e1lat? A Semmelweis Egyetem Foglalkoz\u00e1s-eg\u00e9szs\u00e9g\u00fcgyi Szolg\u00e1lat\u00e1n, karonk\u00e9nt k\u00fcl\u00f6nb\u00f6z\u0151 helysz\u00edneken, ez az \u00e9rtes\u00edt\u00e9sben, amit kapsz pontosan benne van. 3. Kell-e fizetni? Nem, &hellip;<\/p>\n","protected":false},"author":102515,"featured_media":0,"parent":33,"menu_order":4,"comment_status":"closed","ping_status":"closed","template":"template-fullwidth.php","meta":{"_acf_changed":false,"footnotes":""},"categories":[],"tags":[],"class_list":["post-167","page","type-page","status-publish","hentry"],"acf":[],"_links":{"self":[{"href":"https:\/\/semmelweis.hu\/foglalkozasegeszsegugy\/wp-json\/wp\/v2\/pages\/167","targetHints":{"allow":["GET"]}}],"collection":[{"href":"https:\/\/semmelweis.hu\/foglalkozasegeszsegugy\/wp-json\/wp\/v2\/pages"}],"about":[{"href":"https:\/\/semmelweis.hu\/foglalkozasegeszsegugy\/wp-json\/wp\/v2\/types\/page"}],"author":[{"embeddable":true,"href":"https:\/\/semmelweis.hu\/foglalkozasegeszsegugy\/wp-json\/wp\/v2\/users\/102515"}],"replies":[{"embeddable":true,"href":"https:\/\/semmelweis.hu\/foglalkozasegeszsegugy\/wp-json\/wp\/v2\/comments?post=167"}],"version-history":[{"count":11,"href":"https:\/\/semmelweis.hu\/foglalkozasegeszsegugy\/wp-json\/wp\/v2\/pages\/167\/revisions"}],"predecessor-version":[{"id":437,"href":"https:\/\/semmelweis.hu\/foglalkozasegeszsegugy\/wp-json\/wp\/v2\/pages\/167\/revisions\/437"}],"up":[{"embeddable":true,"href":"https:\/\/semmelweis.hu\/foglalkozasegeszsegugy\/wp-json\/wp\/v2\/pages\/33"}],"wp:attachment":[{"href":"https:\/\/semmelweis.hu\/foglalkozasegeszsegugy\/wp-json\/wp\/v2\/media?parent=167"}],"wp:term":[{"taxonomy":"category","embeddable":true,"href":"https:\/\/semmelweis.hu\/foglalkozasegeszsegugy\/wp-json\/wp\/v2\/categories?post=167"},{"taxonomy":"post_tag","embeddable":true,"href":"https:\/\/semmelweis.hu\/foglalkozasegeszsegugy\/wp-json\/wp\/v2\/tags?post=167"}],"curies":[{"name":"wp","href":"https:\/\/api.w.org\/{rel}","templated":true}]}}