{"id":3835,"date":"2025-02-20T14:51:15","date_gmt":"2025-02-20T13:51:15","guid":{"rendered":"https:\/\/semmelweis.hu\/farmakognozia\/?page_id=3835"},"modified":"2025-02-20T14:56:28","modified_gmt":"2025-02-20T13:56:28","slug":"ph-d-kepzes","status":"publish","type":"page","link":"https:\/\/semmelweis.hu\/farmakognozia\/ph-d-kepzes\/","title":{"rendered":"Posztgradu\u00e1lis k\u00e9pz\u00e9s: Ph.D. K\u00e9pz\u00e9s"},"content":{"rendered":"<p><strong>Ph. D. K\u00e9pz\u00e9s<\/strong><\/p>\n<p>Egyetemi doktori fokozat (Ph.D.) megszerz\u00e9s\u00e9re szervezett k\u00e9pz\u00e9s, illetve egy\u00e9ni felk\u00e9sz\u00fcl\u00e9s form\u00e1j\u00e1ban az al\u00e1bbi t\u00e9mak\u00f6r\u00f6kben lehet az Int\u00e9zetbe jelentkezni.<\/p>\n<p>Doktori Iskola: GY\u00d3GYSZERTUDOM\u00c1NYOK DOKTORI ISKOLA<br \/>\n(Vezet\u0151: Dr. Zelk\u00f3 Rom\u00e1na)<br \/>\n(Doktori iskola tanulm\u00e1nyi adminisztr\u00e1tora: Sz\u00e9kely Ilona)<\/p>\n<p>Program:<br \/>\nA gy\u00f3gyszer\u00e9szeti tudom\u00e1nyok korszer\u0171 kutat\u00e1s ir\u00e1nyai. (3.1. program)<br \/>\n(Programvezet\u0151: Dr. Antal Istv\u00e1n)<\/p>\n<p>Alprogramok\/t\u00e9m\u00e1k:<br \/>\nBiol\u00f3giailag akt\u00edv vegy\u00fcletek termeltet\u00e9se biotechnol\u00f3giai m\u00f3dszerekkel<br \/>\n&#8211; Hat\u00f3anyagk\u00e9pz\u0151d\u00e9s optimaliz\u00e1l\u00e1sa biotechnol\u00f3giai m\u00f3dszerekkel gy\u00f3gyn\u00f6v\u00e9ny sz\u00f6vet- \u00e9s sejtteny\u00e9szetekben (ferment\u00e1ci\u00f3, bioregul\u00e1ci\u00f3, g\u00e9ntranszform\u00e1ci\u00f3).<\/p>\n<p>Gy\u00f3gyn\u00f6v\u00e9nyek biol\u00f3giailag akt\u00edv anyagainak fitok\u00e9miai \u00e9s biol\u00f3giai \u00e9rt\u00e9kel\u00e9se<br \/>\n&#8211; Bioakt\u00edv term\u00e9szetes vegy\u00fcletek fitoanalitikai jellemz\u00e9se<br \/>\n&#8211; Gy\u00f3gyn\u00f6v\u00e9nyek, drogok \u00e9s \u00f6sszetett n\u00f6v\u00e9nyi k\u00e9sz\u00edtm\u00e9nyek tartalmi anyagainak vizsg\u00e1lata<br \/>\n&#8211; Gy\u00f3gyn\u00f6v\u00e9nyek biol\u00f3giailag akt\u00edv anyagainak k\u00e9pz\u0151d\u00e9se<br \/>\n&#8211; N\u00f6v\u00e9nyi eredet\u0171 hat\u00f3anyagok kutat\u00e1sa fitoter\u00e1pi\u00e1s c\u00e9llal<\/p>\n<p>Jelentkez\u00e9s ir\u00e1nt \u00e9rdekl\u0151dni a Doktori Titk\u00e1rs\u00e1gon, vagy a Tudom\u00e1ny\u00e1gi Doktori Iskola vezet\u0151j\u00e9n\u00e9l lehet.<\/p>\n<p>Az Int\u00e9zet Kiemelt Kutat\u00e1si Ter\u00fcletei<\/p>\n<p>Tudom\u00e1nyter\u00fclet\u00fcnk interdiszciplin\u00e1ris jelleg\u00e9t t\u00fckr\u00f6zik a legfontosabb kutat\u00e1si t\u00e9m\u00e1ink.<br \/>\nA gy\u00f3gyn\u00f6v\u00e9nyek \u00fajra\u00e9rt\u00e9kel\u00e9s\u00e9t korszer\u0171 in vitro \u00e9s in vivo m\u00f3dszerek, valamint fitoanalitikai elj\u00e1r\u00e1sok komplex alkalmaz\u00e1s\u00e1val val\u00f3s\u00edtjuk meg. N\u00e9h\u00e1ny, a tradicion\u00e1lis gy\u00f3gy\u00e1szatban sz\u00e9lesk\u00f6r\u0171en alkalmazott gy\u00f3gyn\u00f6v\u00e9ny ter\u00e1pi\u00e1s alkalmazhat\u00f3s\u00e1g\u00e1nak megalapoz\u00e1s\u00e1ra in vitro \u00e9s in vivo vizsg\u00e1lati rendszereket, pl. az antioxid\u00e1ns hat\u00e1st ellen\u0151rz\u0151 rendszert dolgoztunk ki. A hat\u00e1s-szerkezet \u00f6sszef\u00fcgg\u00e9sek tanulm\u00e1nyoz\u00e1s\u00e1ban bioassay ir\u00e1ny\u00edtott elv\u00e1laszt\u00e1stechnikai m\u00f3dszerek alkalmaz\u00e1s\u00e1val \u00f6sszef\u00fcgg\u00e9seket t\u00e1runk fel egyes n\u00f6v\u00e9nyi hat\u00f3anyagcsoportok vonatkoz\u00e1s\u00e1ban. Tanulm\u00e1nyozzuk a gy\u00f3gyn\u00f6v\u00e9nyek korszer\u0171, bizony\u00edt\u00e9kokon alapul\u00f3 fitoter\u00e1pi\u00e1s alkalmaz\u00e1s\u00e1nak lehet\u0151s\u00e9geit (in vivo). Kutatjuk az ill\u00f3olajok \u00f6sszet\u00e9tel\u00e9t befoly\u00e1sol\u00f3 k\u00fcl\u00f6nb\u00f6z\u0151 extrakci\u00f3s \u00e9s egy\u00e9b t\u00e9nyez\u0151k hat\u00e1s\u00e1t. \u00d6sszehasonl\u00edt\u00f3 vizsg\u00e1latok alapj\u00e1n elvi meg\u00e1llap\u00edt\u00e1sokat fogalmazunk meg a hagyom\u00e1nyos \u00e9s szuperkritikus extrakci\u00f3 alkalmazhat\u00f3s\u00e1g\u00e1r\u00f3l, k\u00fcl\u00f6n\u00f6s tekintettel a gy\u00f3gyszer- \u00e9s \u00e9lelmiszeripari felhaszn\u00e1lhat\u00f3s\u00e1gra. Elemezz\u00fck a gy\u00f3gy- \u00e9s f\u0171szern\u00f6v\u00e9nyek esszenci\u00e1lis \u00e9s toxikus f\u00e9mion tartalm\u00e1t ter\u00e1pi\u00e1s c\u00e9lb\u00f3l vagy \u00e9trendkieg\u00e9sz\u00edt\u0151k\u00e9nt val\u00f3 alkalmaz\u00e1suk sor\u00e1n.<br \/>\nBiotechnol\u00f3giai laborat\u00f3riumainkban a g\u00e9nm\u0171k\u00f6d\u00e9st befoly\u00e1sol\u00f3 hormon\u00e1lis regul\u00e1ci\u00f3val \u00e9s prekurzorok alkalmaz\u00e1s\u00e1val optimaliz\u00e1ljuk a k\u00fcl\u00f6nb\u00f6z\u0151 organiz\u00e1l\u00f3d\u00e1si szint\u0171 in vitro gy\u00f3gyn\u00f6v\u00e9nykult\u00far\u00e1k hat\u00f3anyag k\u00e9pz\u00e9s\u00e9t. G\u00e9ntranszform\u00e1ci\u00f3s m\u00f3dszer alkalmaz\u00e1s\u00e1val, szelekci\u00f3s munk\u00e1t v\u00e9gezve tudjuk kiv\u00e1lasztani a legmagasabb hat\u00f3anyagprodukci\u00f3val rendelkez\u0151 kl\u00f3nokat.<\/p>\n<p>Kutat\u00e1sainkat hazai \u00e9s nemzetk\u00f6zi egy\u00fcttm\u0171k\u00f6d\u00e9sek keret\u00e9ben valamint, hazai \u00e9s k\u00fclf\u00f6ldi kutat\u00e1si t\u00e1mogat\u00e1sokkal v\u00e9gezz\u00fck. Eredm\u00e9nyeinket hazai \u00e9s nemzetk\u00f6zi konferenci\u00e1kon \u00e9s a szakter\u00fclet legrangosabb foly\u00f3irataiban, szakk\u00f6nyveiben publik\u00e1ljuk.<\/p>\n<p>Az oktat\u00e1si feladatokra szorosan \u00e9p\u00fcl\u0151 kutat\u00e1si aktivit\u00e1s biztos\u00edtja, hogy a term\u00e9szetes eredet\u0171 anyagok ir\u00e1nt megnyilv\u00e1nul\u00f3 fokozott elv\u00e1r\u00e1sokhoz igazodva oktassuk a j\u00f6v\u0151 gy\u00f3gyszer\u00e9szeit, \u00e9s nevelj\u00fck \u0151ket a n\u00f6v\u00e9nyi gy\u00f3gyszerek kiemelt szak\u00e9rt\u0151iv\u00e9.<\/p>\n","protected":false},"excerpt":{"rendered":"<p>Ph. D. K\u00e9pz\u00e9s Egyetemi doktori fokozat (Ph.D.) megszerz\u00e9s\u00e9re szervezett k\u00e9pz\u00e9s, illetve egy\u00e9ni felk\u00e9sz\u00fcl\u00e9s form\u00e1j\u00e1ban az al\u00e1bbi t\u00e9mak\u00f6r\u00f6kben lehet az Int\u00e9zetbe jelentkezni. Doktori Iskola: GY\u00d3GYSZERTUDOM\u00c1NYOK DOKTORI ISKOLA (Vezet\u0151: Dr. Zelk\u00f3 Rom\u00e1na) (Doktori iskola tanulm\u00e1nyi adminisztr\u00e1tora: Sz\u00e9kely Ilona) Program: A gy\u00f3gyszer\u00e9szeti tudom\u00e1nyok korszer\u0171 kutat\u00e1s ir\u00e1nyai. (3.1. program) (Programvezet\u0151: Dr. Antal Istv\u00e1n) Alprogramok\/t\u00e9m\u00e1k: Biol\u00f3giailag akt\u00edv vegy\u00fcletek termeltet\u00e9se biotechnol\u00f3giai &hellip;<\/p>\n","protected":false},"author":102208,"featured_media":0,"parent":0,"menu_order":0,"comment_status":"closed","ping_status":"closed","template":"","meta":{"_acf_changed":false,"footnotes":""},"categories":[],"tags":[],"class_list":["post-3835","page","type-page","status-publish","hentry"],"acf":[],"_links":{"self":[{"href":"https:\/\/semmelweis.hu\/farmakognozia\/wp-json\/wp\/v2\/pages\/3835","targetHints":{"allow":["GET"]}}],"collection":[{"href":"https:\/\/semmelweis.hu\/farmakognozia\/wp-json\/wp\/v2\/pages"}],"about":[{"href":"https:\/\/semmelweis.hu\/farmakognozia\/wp-json\/wp\/v2\/types\/page"}],"author":[{"embeddable":true,"href":"https:\/\/semmelweis.hu\/farmakognozia\/wp-json\/wp\/v2\/users\/102208"}],"replies":[{"embeddable":true,"href":"https:\/\/semmelweis.hu\/farmakognozia\/wp-json\/wp\/v2\/comments?post=3835"}],"version-history":[{"count":3,"href":"https:\/\/semmelweis.hu\/farmakognozia\/wp-json\/wp\/v2\/pages\/3835\/revisions"}],"predecessor-version":[{"id":3839,"href":"https:\/\/semmelweis.hu\/farmakognozia\/wp-json\/wp\/v2\/pages\/3835\/revisions\/3839"}],"wp:attachment":[{"href":"https:\/\/semmelweis.hu\/farmakognozia\/wp-json\/wp\/v2\/media?parent=3835"}],"wp:term":[{"taxonomy":"category","embeddable":true,"href":"https:\/\/semmelweis.hu\/farmakognozia\/wp-json\/wp\/v2\/categories?post=3835"},{"taxonomy":"post_tag","embeddable":true,"href":"https:\/\/semmelweis.hu\/farmakognozia\/wp-json\/wp\/v2\/tags?post=3835"}],"curies":[{"name":"wp","href":"https:\/\/api.w.org\/{rel}","templated":true}]}}

Posztgraduális képzés: Ph.D. Képzés

<p><strong>Ph. D. Képzés</strong></p>
<p>Egyetemi doktori fokozat (Ph.D.) megszerzésére szervezett képzés, illetve egyéni felkészülés formájában az alábbi témakörökben lehet az Intézetbe jelentkezni.</p>
<p>Doktori Iskola: GYÓGYSZERTUDOMÁNYOK DOKTORI ISKOLA<br />
(Vezető: Dr. Zelkó Romána)<br />
(Doktori iskola tanulmányi adminisztrátora: Székely Ilona)</p>
<p>Program:<br />
A gyógyszerészeti tudományok korszerű kutatás irányai. (3.1. program)<br />
(Programvezető: Dr. Antal István)</p>
<p>Alprogramok/témák:<br />
Biológiailag aktív vegyületek termeltetése biotechnológiai módszerekkel<br />
&#8211; Hatóanyagképződés optimalizálása biotechnológiai módszerekkel gyógynövény szövet- és sejttenyészetekben (fermentáció, bioreguláció, géntranszformáció).</p>
<p>Gyógynövények biológiailag aktív anyagainak fitokémiai és biológiai értékelése<br />
&#8211; Bioaktív természetes vegyületek fitoanalitikai jellemzése<br />
&#8211; Gyógynövények, drogok és összetett növényi készítmények tartalmi anyagainak vizsgálata<br />
&#8211; Gyógynövények biológiailag aktív anyagainak képződése<br />
&#8211; Növényi eredetű hatóanyagok kutatása fitoterápiás céllal</p>
<p>Jelentkezés iránt érdeklődni a Doktori Titkárságon, vagy a Tudományági Doktori Iskola vezetőjénél lehet.</p>
<p>Az Intézet Kiemelt Kutatási Területei</p>
<p>Tudományterületünk interdiszciplináris jellegét tükrözik a legfontosabb kutatási témáink.<br />
A gyógynövények újraértékelését korszerű in vitro és in vivo módszerek, valamint fitoanalitikai eljárások komplex alkalmazásával valósítjuk meg. Néhány, a tradicionális gyógyászatban széleskörűen alkalmazott gyógynövény terápiás alkalmazhatóságának megalapozására in vitro és in vivo vizsgálati rendszereket, pl. az antioxidáns hatást ellenőrző rendszert dolgoztunk ki. A hatás-szerkezet összefüggések tanulmányozásában bioassay irányított elválasztástechnikai módszerek alkalmazásával összefüggéseket tárunk fel egyes növényi hatóanyagcsoportok vonatkozásában. Tanulmányozzuk a gyógynövények korszerű, bizonyítékokon alapuló fitoterápiás alkalmazásának lehetőségeit (in vivo). Kutatjuk az illóolajok összetételét befolyásoló különböző extrakciós és egyéb tényezők hatását. Összehasonlító vizsgálatok alapján elvi megállapításokat fogalmazunk meg a hagyományos és szuperkritikus extrakció alkalmazhatóságáról, különös tekintettel a gyógyszer- és élelmiszeripari felhasználhatóságra. Elemezzük a gyógy- és fűszernövények esszenciális és toxikus fémion tartalmát terápiás célból vagy étrendkiegészítőként való alkalmazásuk során.<br />
Biotechnológiai laboratóriumainkban a génműködést befolyásoló hormonális regulációval és prekurzorok alkalmazásával optimalizáljuk a különböző organizálódási szintű in vitro gyógynövénykultúrák hatóanyag képzését. Géntranszformációs módszer alkalmazásával, szelekciós munkát végezve tudjuk kiválasztani a legmagasabb hatóanyagprodukcióval rendelkező klónokat.</p>
<p>Kutatásainkat hazai és nemzetközi együttműködések keretében valamint, hazai és külföldi kutatási támogatásokkal végezzük. Eredményeinket hazai és nemzetközi konferenciákon és a szakterület legrangosabb folyóirataiban, szakkönyveiben publikáljuk.</p>
<p>Az oktatási feladatokra szorosan épülő kutatási aktivitás biztosítja, hogy a természetes eredetű anyagok iránt megnyilvánuló fokozott elvárásokhoz igazodva oktassuk a jövő gyógyszerészeit, és neveljük őket a növényi gyógyszerek kiemelt szakértőivé.</p>

<p>Ph. D. Képzés Egyetemi doktori fokozat (Ph.D.) megszerzésére szervezett képzés, illetve egyéni felkészülés formájában az alábbi témakörökben lehet az Intézetbe jelentkezni. Doktori Iskola: GYÓGYSZERTUDOMÁNYOK DOKTORI ISKOLA (Vezető: Dr. Zelkó Romána) (Doktori iskola tanulmányi adminisztrátora: Székely Ilona) Program: A gyógyszerészeti tudományok korszerű kutatás irányai. (3.1. program) (Programvezető: Dr. Antal István) Alprogramok/témák: Biológiailag aktív vegyületek termeltetése biotechnológiai &hellip;</p>
